{"id":10302,"date":"2022-08-05T16:29:20","date_gmt":"2022-08-05T13:29:20","guid":{"rendered":"https:\/\/aura-istanbul.com\/?page_id=10302"},"modified":"2025-09-23T20:39:16","modified_gmt":"2025-09-23T17:39:16","slug":"aura-alumni-ayca-atay","status":"publish","type":"page","link":"https:\/\/aura-istanbul.com\/index.php\/aura-alumni-ayca-atay\/","title":{"rendered":"AURA Alumni: Ay\u00e7a Atay"},"content":{"rendered":"<div class=\"wpb-content-wrapper\"><p>[vc_section][vc_row][vc_column width=&#8221;1\/6&#8243;][vc_single_image image=&#8221;10275&#8243; img_size=&#8221;large&#8221; alignment=&#8221;center&#8221;][vc_empty_space][vc_column_text]<strong>Ay\u00e7a Atay<\/strong>[\/vc_column_text][vc_empty_space height=&#8221;16px&#8221;][vc_column_text]Mimar<br \/>\nTED \u00dcniversitesi<\/p>\n<p>Bahar 2022<br \/>\nDan\u0131\u015fman: Arman Akdo\u011fan &#8211; \u00d6mer Devrim Aksoyak[\/vc_column_text][vc_empty_space][\/vc_column][vc_column width=&#8221;2\/3&#8243;][vc_column_text]<\/p>\n<p style=\"text-align: left;\"><strong>Kentsel Distopyalar i\u00e7in Oyun Mekanlar\u0131: Kanal \u0130stanbul<\/strong><\/p>\n<p>[\/vc_column_text][vc_column_text]\u201cVideo-oyun mekanizmalar\u0131 kent problemlerini \u00e7\u00f6zmek ve kent sim\u00fclasyonlar\u0131 yaratmak i\u00e7in kullan\u0131lan yeni ara\u00e7lar olabilir mi?\u201d sorgulamas\u0131 ile ba\u015flayan bu proje i\u00e7in Kanal \u0130stanbul projesi \u00fczerine gelecek tahayy\u00fclleri tasarlan\u0131r. \u0130stanbul\u2019un tarihi miras\u0131n\u0131, ekolojisini ve kentsel makroformu etkileyecek olan bu mega projenin yol a\u00e7aca\u011f\u0131 d\u00fc\u015f\u00fcn\u00fclen sorunlara farkl\u0131 bir bak\u0131\u015f a\u00e7\u0131s\u0131yla bakmay\u0131 hedefler.<\/p>\n<p>Y\u00f6ntem olarak oyun-mekanizmalar\u0131n\u0131n kullan\u0131ld\u0131\u011f\u0131 bu senaryo kurgusu her biri alternatif kent senaryolar\u0131na de\u011finen b\u00f6l\u00fcmler ve onlar\u0131 temsil eden dijital personalardan olu\u015fur.<\/p>\n<p>G\u00f6rsel temsil metodu olarak bu distopya b\u00f6l\u00fcmleri video-oyun tan\u0131t\u0131m\u0131yla desteklenir. B\u00f6ylece mimarl\u0131k disiplini ve oyun teknojileri aras\u0131nda gittik\u00e7e g\u00fc\u00e7lenen somut ba\u011f\u0131n potansiyelleri ke\u015ffedilir. Oyun, g\u00fcn\u00fcm\u00fczde \u0130stanbulda ya\u015fayan akt\u00f6rlerden olan Arnavutk\u00f6y yerlisi \u00e7ift\u00e7i, Avrupa Gelengisi ve Karabatak Ku\u015fu\u2019nun zaman yolculu\u011fu ile 2050 y\u0131l\u0131na gitmeleriyle ba\u015flar. \u0130\u00e7inde bulunduklar\u0131 durumu anlamland\u0131rmaya \u00e7al\u0131\u015fan karakterler, yava\u015f yava\u015f etraf\u0131 g\u00f6zlemler ve farkl\u0131l\u0131klar y\u00fczlerine \u00e7arpar. Bu yeni \u015fehirde, bir yandan hayatta kalmaya \u00e7al\u0131\u015f\u0131rken bir yandan da oyun i\u00e7indeki bilge karakterlerin yard\u0131m\u0131yla d\u00fcnyalar\u0131na y\u0131llar i\u00e7inde ne oldu\u011funun s\u0131rr\u0131n\u0131 \u00e7\u00f6zmeye \u00e7al\u0131\u015f\u0131rlar. Biz oyuncular\u0131n ise buradaki amac\u0131, karakterlerin hayatta kalmas\u0131n\u0131 sa\u011flamak i\u00e7in onlara rehber olacak bir tak\u0131m ara\u00e7 gere\u00e7ler g\u00f6ndermek ve sa\u011f salim evlerine ula\u015fabilmelerini sa\u011flamakt\u0131r.[\/vc_column_text][vc_empty_space][vc_video link=&#8221;https:\/\/youtu.be\/UprwauYnTSU&#8221;][vc_empty_space][vc_gallery interval=&#8221;10&#8243; images=&#8221;10303,10304,10305,10306&#8243; img_size=&#8221;full&#8221;][vc_empty_space][\/vc_column][vc_column width=&#8221;1\/6&#8243;][vc_single_image image=&#8221;10307&#8243; img_size=&#8221;full&#8221; alignment=&#8221;center&#8221; style=&#8221;vc_box_border&#8221; onclick=&#8221;custom_link&#8221; img_link_target=&#8221;_blank&#8221;][vc_empty_space height=&#8221;16px&#8221;][vc_row_inner][vc_column_inner][vc_column_text][\/vc_column_text][\/vc_column_inner][\/vc_row_inner][vc_row_inner][vc_column_inner width=&#8221;2\/3&#8243;][vc_column_text]Proje videosunu izlemek i\u00e7in:[\/vc_column_text][\/vc_column_inner][vc_column_inner width=&#8221;1\/3&#8243;][vc_icon icon_fontawesome=&#8221;fa fa-video-camera&#8221; color=&#8221;chino&#8221; size=&#8221;xs&#8221; link=&#8221;url:https%3A%2F%2Fwww.youtube.com%2Fwatch%3Fv%3DUprwauYnTSU||target:%20_blank|&#8221;][\/vc_column_inner][\/vc_row_inner][\/vc_column][\/vc_row][\/vc_section]<\/p>\n<\/div>","protected":false},"excerpt":{"rendered":"<p>[vc_section][vc_row][vc_column width=&#8221;1\/6&#8243;][vc_single_image image=&#8221;10275&#8243; img_size=&#8221;large&#8221; alignment=&#8221;center&#8221;][vc_empty_space][vc_column_text]Ay\u00e7a Atay[\/vc_column_text][vc_empty_space height=&#8221;16px&#8221;][vc_column_text]Mimar TED \u00dcniversitesi Bahar 2022 Dan\u0131\u015fman: Arman Akdo\u011fan &#8211; \u00d6mer Devrim Aksoyak[\/vc_column_text][vc_empty_space][\/vc_column][vc_column width=&#8221;2\/3&#8243;][vc_column_text] Kentsel Distopyalar i\u00e7in Oyun Mekanlar\u0131: Kanal \u0130stanbul [\/vc_column_text][vc_column_text]\u201cVideo-oyun mekanizmalar\u0131 kent problemlerini [&hellip;]<\/p>\n","protected":false},"author":7,"featured_media":0,"parent":0,"menu_order":0,"comment_status":"closed","ping_status":"closed","template":"","meta":{"_acf_changed":false,"_seopress_robots_primary_cat":"","_seopress_titles_title":"Ay\u00e7a Atay: Kentsel Distopyalar i\u00e7in Oyun Mekanlar\u0131: Kanal \u0130stanbul | %%sitetitle%%","_seopress_titles_desc":"\u201cVideo-oyun mekanizmalar\u0131 kent problemlerini \u00e7\u00f6zmek ve kent sim\u00fclasyonlar\u0131 yaratmak i\u00e7in kullan\u0131lan yeni ara\u00e7lar olabilir mi?\u201d sorgulamas\u0131 ile ba\u015flayan bu proje i\u00e7in Kanal \u0130stanbul projesi \u00fczerine gelecek tahayy\u00fclleri tasarlan\u0131r.","_seopress_robots_index":"","_price":"","_stock":"","_tribe_ticket_header":"","_tribe_default_ticket_provider":"","_tribe_ticket_capacity":"0","_ticket_start_date":"","_ticket_end_date":"","_tribe_ticket_show_description":"","_tribe_ticket_show_not_going":false,"_tribe_ticket_use_global_stock":"","_tribe_ticket_global_stock_level":"","_global_stock_mode":"","_global_stock_cap":"","_tribe_rsvp_for_event":"","_tribe_ticket_going_count":"","_tribe_ticket_not_going_count":"","_tribe_tickets_list":"[]","_tribe_ticket_has_attendee_info_fields":false,"_EventAllDay":false,"_EventTimezone":"","_EventStartDate":"","_EventEndDate":"","_EventStartDateUTC":"","_EventEndDateUTC":"","_EventShowMap":false,"_EventShowMapLink":false,"_EventURL":"","_EventCost":"","_EventCostDescription":"","_EventCurrencySymbol":"","_EventCurrencyCode":"","_EventCurrencyPosition":"","_EventDateTimeSeparator":"","_EventTimeRangeSeparator":"","_EventOrganizerID":[],"_EventVenueID":[],"_OrganizerEmail":"","_OrganizerPhone":"","_OrganizerWebsite":"","_VenueAddress":"","_VenueCity":"","_VenueCountry":"","_VenueProvince":"","_VenueState":"","_VenueZip":"","_VenuePhone":"","_VenueURL":"","_VenueStateProvince":"","_VenueLat":"","_VenueLng":"","_VenueShowMap":false,"_VenueShowMapLink":false,"footnotes":"","_tec_slr_enabled":"","_tec_slr_layout":""},"class_list":["post-10302","page","type-page","status-publish","hentry"],"acf":[],"ticketed":false,"_links":{"self":[{"href":"https:\/\/aura-istanbul.com\/index.php\/wp-json\/wp\/v2\/pages\/10302","targetHints":{"allow":["GET"]}}],"collection":[{"href":"https:\/\/aura-istanbul.com\/index.php\/wp-json\/wp\/v2\/pages"}],"about":[{"href":"https:\/\/aura-istanbul.com\/index.php\/wp-json\/wp\/v2\/types\/page"}],"author":[{"embeddable":true,"href":"https:\/\/aura-istanbul.com\/index.php\/wp-json\/wp\/v2\/users\/7"}],"replies":[{"embeddable":true,"href":"https:\/\/aura-istanbul.com\/index.php\/wp-json\/wp\/v2\/comments?post=10302"}],"version-history":[{"count":5,"href":"https:\/\/aura-istanbul.com\/index.php\/wp-json\/wp\/v2\/pages\/10302\/revisions"}],"predecessor-version":[{"id":15157,"href":"https:\/\/aura-istanbul.com\/index.php\/wp-json\/wp\/v2\/pages\/10302\/revisions\/15157"}],"wp:attachment":[{"href":"https:\/\/aura-istanbul.com\/index.php\/wp-json\/wp\/v2\/media?parent=10302"}],"curies":[{"name":"wp","href":"https:\/\/api.w.org\/{rel}","templated":true}]}}