{"id":10390,"date":"2022-08-08T11:28:12","date_gmt":"2022-08-08T08:28:12","guid":{"rendered":"https:\/\/aura-istanbul.com\/?page_id=10390"},"modified":"2025-09-23T20:36:35","modified_gmt":"2025-09-23T17:36:35","slug":"aura-alumni-selen-erdogan","status":"publish","type":"page","link":"https:\/\/aura-istanbul.com\/index.php\/aura-alumni-selen-erdogan\/","title":{"rendered":"AURA Alumni: Selen Erdo\u011fan"},"content":{"rendered":"<div class=\"wpb-content-wrapper\"><p>[vc_section][vc_row][vc_column width=&#8221;1\/6&#8243;][vc_single_image image=&#8221;10467&#8243; img_size=&#8221;large&#8221; alignment=&#8221;center&#8221;][vc_empty_space][vc_column_text]<strong>Selen Erdo\u011fan<\/strong>[\/vc_column_text][vc_empty_space height=&#8221;16px&#8221;][vc_column_text]Mimar<br \/>\nDokuz Eyl\u00fcl \u00dcniversitesi<\/p>\n<p>Bahar 2022<br \/>\nDan\u0131\u015fman: Arman Akdo\u011fan &#8211; \u00d6mer Devrim Aksoyak[\/vc_column_text][vc_empty_space][\/vc_column][vc_column width=&#8221;2\/3&#8243;][vc_column_text]<\/p>\n<p style=\"text-align: left;\"><strong>Bir Bak\u0131\u015f Bir Y\u0131k\u0131l\u0131\u015f \u0130stanbul Topo\u011frafyas\u0131<\/strong><\/p>\n<p>[\/vc_column_text][vc_column_text]\u0130stanbul gibi \u00f6zg\u00fcn bir fiziki yap\u0131 ve tarihsel ge\u00e7mi\u015fe sahip olan \u015fehirde ya\u015fanan d\u00f6n\u00fc\u015f\u00fcm g\u00fcndemimizde sil\u00fcetin bozulup bozulmad\u0131\u011f\u0131 konusuyla s\u0131k\u00e7a belirir. Kentteki bu y\u00fckseli\u015f ve de\u011fi\u015fim topo\u011frafyaya bir ba\u015f kald\u0131r\u0131 gibi \u00e7o\u011fu zaman var olan katmanlar\u0131 doldurmakta ve insanlar\u0131n zaman, mekan ve kent alg\u0131lar\u0131yla oynamaktad\u0131r.<\/p>\n<p>\u0130nsanl\u0131\u011f\u0131n tarihten g\u00fcn\u00fcm\u00fcze dek s\u00fcrekli m\u00fccadele etti\u011fi topo\u011frafya art\u0131k g\u00fcn\u00fcm\u00fczde bize engel te\u015fkil etti\u011fi an bizler taraf\u0131ndan y\u0131k\u0131lmaktad\u0131r. Ve bizler art\u0131k topo\u011frafya \u00fczerine yeni bir \u00f6rt\u00fc serer gibi in\u015fa etti\u011fimiz yap\u0131lar, a\u00e7t\u0131\u011f\u0131m\u0131z alanlar ile yeni bir katman-topo\u011frafya olu\u015fturmaktay\u0131z. Bu noktada art\u0131k eskiden bizler i\u00e7in daha farkl\u0131 bir anlam ifade eden topo\u011frafyan\u0131n g\u00fcn\u00fcm\u00fcz anlam\u0131 tart\u0131\u015f\u0131lmal\u0131d\u0131r. Topo\u011frafyan\u0131n ta\u015f\u0131d\u0131\u011f\u0131 anlam\u0131 daha iyi kavrayabilmek i\u00e7in \u0130stanbul\u2019un ilk yerle\u015fim tarihinden g\u00fcn\u00fcm\u00fcze dek ya\u015fad\u0131\u011f\u0131 de\u011fi\u015fimleri bir zaman \u00e7izelgesi haline getirdim ve bu timeline\u2019a Kentin topo\u011frafyas\u0131nda en b\u00fcy\u00fck de\u011fi\u015fimlere sebep olmu\u015f olaylar\u0131- genellikle felaketleri ekledim. Bu timeline i\u00e7in yapt\u0131\u011f\u0131m ara\u015ft\u0131rmalar sonucunda toplad\u0131\u011f\u0131m bilgilerle vard\u0131\u011f\u0131m belli noktalardan biri \u0130stanbul\u2019un d\u00f6nem d\u00f6nem b\u00f6lgesel \u2018\u2019resetlenme\u2019\u2019 ya\u015famas\u0131 oldu. Kimi zaman bir sel, kimi zaman bir deprem ya da yang\u0131n d\u00f6nem i\u00e7erisinde \u0130stanbul\u2019un zaman\u0131 yakalamas\u0131 i\u00e7in tekrar in\u015fas\u0131na olanak sunmu\u015f adeta d\u00f6n\u00fc\u015f\u00fcm i\u00e7in bir bahane sunmu\u015ftur.<\/p>\n<p>\u0130stanbul i\u00e7in d\u00f6n\u00fc\u015f\u00fcme sebep olacak bir y\u0131k\u0131m ya\u015fand\u0131\u011f\u0131 takdirde kentin tekrardan in\u015fas\u0131 nas\u0131l olacakt\u0131r?[\/vc_column_text][vc_empty_space][vc_gallery interval=&#8221;10&#8243; images=&#8221;10396,10397,10398,10399,10400&#8243; img_size=&#8221;full&#8221;][vc_empty_space][\/vc_column][vc_column width=&#8221;1\/6&#8243;][vc_single_image image=&#8221;10401&#8243; img_size=&#8221;full&#8221; alignment=&#8221;center&#8221; style=&#8221;vc_box_border&#8221; onclick=&#8221;custom_link&#8221; img_link_target=&#8221;_blank&#8221;][vc_empty_space height=&#8221;16px&#8221;][vc_row_inner][vc_column_inner][vc_column_text][\/vc_column_text][\/vc_column_inner][\/vc_row_inner][vc_row_inner][vc_column_inner width=&#8221;2\/3&#8243;][\/vc_column_inner][vc_column_inner width=&#8221;1\/3&#8243;][\/vc_column_inner][\/vc_row_inner][\/vc_column][\/vc_row][\/vc_section]<\/p>\n<\/div>","protected":false},"excerpt":{"rendered":"<p>[vc_section][vc_row][vc_column width=&#8221;1\/6&#8243;][vc_single_image image=&#8221;10467&#8243; img_size=&#8221;large&#8221; alignment=&#8221;center&#8221;][vc_empty_space][vc_column_text]Selen Erdo\u011fan[\/vc_column_text][vc_empty_space height=&#8221;16px&#8221;][vc_column_text]Mimar Dokuz Eyl\u00fcl \u00dcniversitesi Bahar 2022 Dan\u0131\u015fman: Arman Akdo\u011fan &#8211; \u00d6mer Devrim Aksoyak[\/vc_column_text][vc_empty_space][\/vc_column][vc_column width=&#8221;2\/3&#8243;][vc_column_text] Bir Bak\u0131\u015f Bir Y\u0131k\u0131l\u0131\u015f \u0130stanbul Topo\u011frafyas\u0131 [\/vc_column_text][vc_column_text]\u0130stanbul gibi \u00f6zg\u00fcn bir [&hellip;]<\/p>\n","protected":false},"author":7,"featured_media":0,"parent":0,"menu_order":0,"comment_status":"closed","ping_status":"closed","template":"","meta":{"_acf_changed":false,"_seopress_robots_primary_cat":"","_seopress_titles_title":"Selen Erdo\u011fan: Bir Bak\u0131\u015f Bir Y\u0131k\u0131l\u0131\u015f \u0130stanbul Topo\u011frafyas\u0131 | %%sitetitle%%","_seopress_titles_desc":"\u0130stanbul i\u00e7in d\u00f6n\u00fc\u015f\u00fcme sebep olacak bir y\u0131k\u0131m ya\u015fand\u0131\u011f\u0131 takdirde kentin tekrardan in\u015fas\u0131 nas\u0131l olacakt\u0131r?\u00a0","_seopress_robots_index":"","_price":"","_stock":"","_tribe_ticket_header":"","_tribe_default_ticket_provider":"","_tribe_ticket_capacity":"0","_ticket_start_date":"","_ticket_end_date":"","_tribe_ticket_show_description":"","_tribe_ticket_show_not_going":false,"_tribe_ticket_use_global_stock":"","_tribe_ticket_global_stock_level":"","_global_stock_mode":"","_global_stock_cap":"","_tribe_rsvp_for_event":"","_tribe_ticket_going_count":"","_tribe_ticket_not_going_count":"","_tribe_tickets_list":"[]","_tribe_ticket_has_attendee_info_fields":false,"_EventAllDay":false,"_EventTimezone":"","_EventStartDate":"","_EventEndDate":"","_EventStartDateUTC":"","_EventEndDateUTC":"","_EventShowMap":false,"_EventShowMapLink":false,"_EventURL":"","_EventCost":"","_EventCostDescription":"","_EventCurrencySymbol":"","_EventCurrencyCode":"","_EventCurrencyPosition":"","_EventDateTimeSeparator":"","_EventTimeRangeSeparator":"","_EventOrganizerID":[],"_EventVenueID":[],"_OrganizerEmail":"","_OrganizerPhone":"","_OrganizerWebsite":"","_VenueAddress":"","_VenueCity":"","_VenueCountry":"","_VenueProvince":"","_VenueState":"","_VenueZip":"","_VenuePhone":"","_VenueURL":"","_VenueStateProvince":"","_VenueLat":"","_VenueLng":"","_VenueShowMap":false,"_VenueShowMapLink":false,"footnotes":"","_tec_slr_enabled":"","_tec_slr_layout":""},"class_list":["post-10390","page","type-page","status-publish","hentry"],"acf":[],"ticketed":false,"_links":{"self":[{"href":"https:\/\/aura-istanbul.com\/index.php\/wp-json\/wp\/v2\/pages\/10390","targetHints":{"allow":["GET"]}}],"collection":[{"href":"https:\/\/aura-istanbul.com\/index.php\/wp-json\/wp\/v2\/pages"}],"about":[{"href":"https:\/\/aura-istanbul.com\/index.php\/wp-json\/wp\/v2\/types\/page"}],"author":[{"embeddable":true,"href":"https:\/\/aura-istanbul.com\/index.php\/wp-json\/wp\/v2\/users\/7"}],"replies":[{"embeddable":true,"href":"https:\/\/aura-istanbul.com\/index.php\/wp-json\/wp\/v2\/comments?post=10390"}],"version-history":[{"count":3,"href":"https:\/\/aura-istanbul.com\/index.php\/wp-json\/wp\/v2\/pages\/10390\/revisions"}],"predecessor-version":[{"id":15146,"href":"https:\/\/aura-istanbul.com\/index.php\/wp-json\/wp\/v2\/pages\/10390\/revisions\/15146"}],"wp:attachment":[{"href":"https:\/\/aura-istanbul.com\/index.php\/wp-json\/wp\/v2\/media?parent=10390"}],"curies":[{"name":"wp","href":"https:\/\/api.w.org\/{rel}","templated":true}]}}