{"id":10944,"date":"2023-02-21T15:31:16","date_gmt":"2023-02-21T12:31:16","guid":{"rendered":"https:\/\/aura-istanbul.com\/?page_id=10944"},"modified":"2025-09-23T20:48:44","modified_gmt":"2025-09-23T17:48:44","slug":"aura-alumni-irem-azak","status":"publish","type":"page","link":"https:\/\/aura-istanbul.com\/index.php\/aura-alumni-irem-azak\/","title":{"rendered":"AURA Alumni: \u0130rem Azak"},"content":{"rendered":"<div class=\"wpb-content-wrapper\"><p>[vc_section][vc_row][vc_column width=&#8221;1\/6&#8243;][vc_single_image image=&#8221;10848&#8243; img_size=&#8221;large&#8221; alignment=&#8221;center&#8221;][vc_empty_space][vc_column_text]<strong>\u0130rem Azak<\/strong>[\/vc_column_text][vc_empty_space height=&#8221;16px&#8221;][vc_column_text]Mimar<br \/>\nMEF \u00dcniversitesi<\/p>\n<p>G\u00fcz 2022<br \/>\nDan\u0131\u015fman: Ersen G\u00fcrsel &#8211; Ay\u015feg\u00fcl Kuru\u00e7[\/vc_column_text][vc_empty_space][\/vc_column][vc_column width=&#8221;2\/3&#8243;][vc_column_text]<\/p>\n<div class=\"wpb_text_column wpb_content_element \">\n<div class=\"wpb_wrapper\">\n<p><strong>E\u015fik: \u00dcst D\u00fczey Aktiflik, Beyo\u011flu\u2019ndan Kad\u0131k\u00f6y\u2019e Tiyatronun E\u015fik Noktalar\u0131 ve Bar\u0131\u015f Man\u00e7o Tiyatro Merkezi \u00d6nerisi<\/strong><\/p>\n<\/div>\n<\/div>\n<p>[\/vc_column_text][vc_column_text]E\u015fik, s\u0131n\u0131r\u0131n de\u011fi\u015fim noktad\u0131ndaki geli\u015fimin potansiyellerini bar\u0131nd\u0131ran, farkl\u0131l\u0131klar\u0131n birlikte varolabilce\u011fi ve yeni bir s\u00fcrece ad\u0131m atmadaki en g\u00fc\u00e7l\u00fc noktad\u0131r. E\u015fik bir pasi\ufb02ik hali de\u011fil, bir s\u00fcre\u00e7teki \u00fcst d\u00fczey akti\ufb02iktir.<\/p>\n<p>\u0130nsanl\u0131k, co\u011frafya, mimarl\u0131k, sanat tarihine bakt\u0131\u011f\u0131m\u0131z zaman al\u0131\u015fageldi\u011fimiz ya da kabul etti\u011fimiz noktaya kadar de\u011fi\u015fen s\u00fcreci b\u00fct\u00fcn\u00fcyle ele almam\u0131z zor ya da g\u00fc\u00e7 kaybettirici bir etkiye sebep olur. Bu y\u00fczden bu de\u011fi\u015fimdeki de\u011fi\u015fim ve d\u00f6n\u00fc\u015f\u00fcm\u00fcn en aktif halini yani e\u015fik noktalar\u0131n\u0131 kavramak hem ge\u00e7mi\u015ften gelenin \u00e7arp\u0131c\u0131 noktalar\u0131n\u0131 anlamak hem de gelece\u011fe y\u00f6nelik bir \ufb01kir olu\u015fturmakta g\u00fc\u00e7l\u00fc ve esenlikli bir yol izlememizi sa\u011flar.<\/p>\n<p>Bu \u00e7al\u0131\u015fmada T\u00fcrk Tiyatrosu&#8217;nun e\u015fik noktalar\u0131na yol a\u00e7an kelebek etkileri incelenmi\u015ftir. \u00c7al\u0131\u015fmada ana hatlar\u0131yla 3 e\u015fikten bahsetmek m\u00fcmk\u00fcnd\u00fcr:<\/p>\n<ul>\n<li>Beyo\u011flu&#8217;ndaki tiyatro k\u00fclt\u00fcr\u00fcn\u00fcn mekansal ve sosyal de\u011fi\u015fimindeki e\u015fik noklar\u0131 ve Kad\u0131k\u00f6y&#8217;e g\u00f6\u00e7\u00fc<\/li>\n<li>Kad\u0131k\u00f6y\u2019\u00fcn tiyatroda akti\ufb02ik s\u00fcreci ve \u00f6ng\u00f6r\u00fclen bir e\u015fik yaratabilmek<\/li>\n<li>Esenlik ba\u015fl\u0131\u011f\u0131 ile Cafera\u011fa Spor Merkezini Cafera\u011fa Sanat Merkezi&#8217;ne d\u00f6n\u00fc\u015f\u00fcrmede m\u00fcdahaleler<\/li>\n<\/ul>\n<p>&nbsp;<\/p>\n<p>Sonu\u00e7 olarak bu \u00e7al\u0131\u015fmada; T\u00fcrk Tiyatrosu&#8217;nun \u0130stanbul&#8217;daki 100 y\u0131l\u0131 a\u015fk\u0131n de\u011fi\u015fim noktalar\u0131ndaki d\u00fc\u011f\u00fcmlerin de\u011fi\u015fim potansiyelleri tart\u0131\u015f\u0131lm\u0131\u015ft\u0131r. Kad\u0131k\u00f6y\u2019deki spor merkezini ve absorbe etti\u011fi k\u00fclt\u00fcr merkezinin mekansal m\u00fcdahelelerle yeni bir odak noktas\u0131 olu\u015fturabilecek bir Tiyatro Merkezi&#8217;ne d\u00f6n\u00fc\u015ft\u00fcr\u00fclmesi \u00f6nerisi geli\u015ftirilmi\u015ftir.[\/vc_column_text][vc_empty_space][vc_gallery interval=&#8221;10&#8243; images=&#8221;10945,10946,10948,10947,10949&#8243; img_size=&#8221;full&#8221;][vc_empty_space][\/vc_column][vc_column width=&#8221;1\/6&#8243;][vc_single_image image=&#8221;10865&#8243; img_size=&#8221;full&#8221; alignment=&#8221;center&#8221; style=&#8221;vc_box_border&#8221; onclick=&#8221;custom_link&#8221; img_link_target=&#8221;_blank&#8221;][vc_empty_space height=&#8221;16px&#8221;][vc_row_inner][vc_column_inner][vc_column_text][\/vc_column_text][\/vc_column_inner][\/vc_row_inner][vc_row_inner][vc_column_inner width=&#8221;2\/3&#8243;][\/vc_column_inner][vc_column_inner width=&#8221;1\/3&#8243;][\/vc_column_inner][\/vc_row_inner][\/vc_column][\/vc_row][\/vc_section]<\/p>\n<\/div>","protected":false},"excerpt":{"rendered":"<p>[vc_section][vc_row][vc_column width=&#8221;1\/6&#8243;][vc_single_image image=&#8221;10848&#8243; img_size=&#8221;large&#8221; alignment=&#8221;center&#8221;][vc_empty_space][vc_column_text]\u0130rem Azak[\/vc_column_text][vc_empty_space height=&#8221;16px&#8221;][vc_column_text]Mimar MEF \u00dcniversitesi G\u00fcz 2022 Dan\u0131\u015fman: Ersen G\u00fcrsel &#8211; Ay\u015feg\u00fcl Kuru\u00e7[\/vc_column_text][vc_empty_space][\/vc_column][vc_column width=&#8221;2\/3&#8243;][vc_column_text] E\u015fik: \u00dcst D\u00fczey Aktiflik, Beyo\u011flu\u2019ndan Kad\u0131k\u00f6y\u2019e Tiyatronun E\u015fik Noktalar\u0131 ve Bar\u0131\u015f Man\u00e7o [&hellip;]<\/p>\n","protected":false},"author":7,"featured_media":0,"parent":0,"menu_order":0,"comment_status":"closed","ping_status":"closed","template":"","meta":{"_acf_changed":false,"_seopress_robots_primary_cat":"","_seopress_titles_title":"\u0130rem Azak: E\u015fik: \u00dcst D\u00fczey Aktiflik, Beyo\u011flu\u2019ndan Kad\u0131k\u00f6y\u2019e Tiyatro\u2019nun E\u015fik Noktalar\u0131 ve Bar\u0131\u015f Man\u00e7o Tiyatro Merkezi \u00d6nerisi | %%sitetitle%%","_seopress_titles_desc":"Bu \u00e7al\u0131\u015fmada T\u00fcrk Tiyatrosu'nun e\u015fik noktalar\u0131na yol a\u00e7an kelebek etkileri incelenmi\u015ftir. Kad\u0131k\u00f6y\u2019deki spor ve k\u00fclt\u00fcr merkezinin mekansal m\u00fcdahelelerle bir Tiyatro Merkezi 'ne d\u00f6n\u00fc\u015ft\u00fcr\u00fclmesi \u00f6nerisi geli\u015ftirilmi\u015ftir.","_seopress_robots_index":"","_price":"","_stock":"","_tribe_ticket_header":"","_tribe_default_ticket_provider":"","_tribe_ticket_capacity":"0","_ticket_start_date":"","_ticket_end_date":"","_tribe_ticket_show_description":"","_tribe_ticket_show_not_going":false,"_tribe_ticket_use_global_stock":"","_tribe_ticket_global_stock_level":"","_global_stock_mode":"","_global_stock_cap":"","_tribe_rsvp_for_event":"","_tribe_ticket_going_count":"","_tribe_ticket_not_going_count":"","_tribe_tickets_list":"[]","_tribe_ticket_has_attendee_info_fields":false,"_EventAllDay":false,"_EventTimezone":"","_EventStartDate":"","_EventEndDate":"","_EventStartDateUTC":"","_EventEndDateUTC":"","_EventShowMap":false,"_EventShowMapLink":false,"_EventURL":"","_EventCost":"","_EventCostDescription":"","_EventCurrencySymbol":"","_EventCurrencyCode":"","_EventCurrencyPosition":"","_EventDateTimeSeparator":"","_EventTimeRangeSeparator":"","_EventOrganizerID":[],"_EventVenueID":[],"_OrganizerEmail":"","_OrganizerPhone":"","_OrganizerWebsite":"","_VenueAddress":"","_VenueCity":"","_VenueCountry":"","_VenueProvince":"","_VenueState":"","_VenueZip":"","_VenuePhone":"","_VenueURL":"","_VenueStateProvince":"","_VenueLat":"","_VenueLng":"","_VenueShowMap":false,"_VenueShowMapLink":false,"footnotes":"","_tec_slr_enabled":"","_tec_slr_layout":""},"class_list":["post-10944","page","type-page","status-publish","hentry"],"acf":[],"ticketed":false,"_links":{"self":[{"href":"https:\/\/aura-istanbul.com\/index.php\/wp-json\/wp\/v2\/pages\/10944","targetHints":{"allow":["GET"]}}],"collection":[{"href":"https:\/\/aura-istanbul.com\/index.php\/wp-json\/wp\/v2\/pages"}],"about":[{"href":"https:\/\/aura-istanbul.com\/index.php\/wp-json\/wp\/v2\/types\/page"}],"author":[{"embeddable":true,"href":"https:\/\/aura-istanbul.com\/index.php\/wp-json\/wp\/v2\/users\/7"}],"replies":[{"embeddable":true,"href":"https:\/\/aura-istanbul.com\/index.php\/wp-json\/wp\/v2\/comments?post=10944"}],"version-history":[{"count":3,"href":"https:\/\/aura-istanbul.com\/index.php\/wp-json\/wp\/v2\/pages\/10944\/revisions"}],"predecessor-version":[{"id":15184,"href":"https:\/\/aura-istanbul.com\/index.php\/wp-json\/wp\/v2\/pages\/10944\/revisions\/15184"}],"wp:attachment":[{"href":"https:\/\/aura-istanbul.com\/index.php\/wp-json\/wp\/v2\/media?parent=10944"}],"curies":[{"name":"wp","href":"https:\/\/api.w.org\/{rel}","templated":true}]}}

AURA Alumni: İrem Azak

<div class="wpb-content-wrapper"><p>[vc_section][vc_row][vc_column width=&#8221;1/6&#8243;][vc_single_image image=&#8221;10848&#8243; img_size=&#8221;large&#8221; alignment=&#8221;center&#8221;][vc_empty_space][vc_column_text]<strong>İrem Azak</strong>[/vc_column_text][vc_empty_space height=&#8221;16px&#8221;][vc_column_text]Mimar<br />
MEF Üniversitesi</p>
<p>Güz 2022<br />
Danışman: Ersen Gürsel &#8211; Ayşegül Kuruç[/vc_column_text][vc_empty_space][/vc_column][vc_column width=&#8221;2/3&#8243;][vc_column_text]</p>
<div class="wpb_text_column wpb_content_element ">
<div class="wpb_wrapper">
<p><strong>Eşik: Üst Düzey Aktiflik, Beyoğlu’ndan Kadıköy’e Tiyatronun Eşik Noktaları ve Barış Manço Tiyatro Merkezi Önerisi</strong></p>
</div>
</div>
<p>[/vc_column_text][vc_column_text]Eşik, sınırın değişim noktadındaki gelişimin potansiyellerini barındıran, farklılıkların birlikte varolabilceği ve yeni bir sürece adım atmadaki en güçlü noktadır. Eşik bir pasiﬂik hali değil, bir süreçteki üst düzey aktiﬂiktir.</p>
<p>İnsanlık, coğrafya, mimarlık, sanat tarihine baktığımız zaman alışageldiğimiz ya da kabul ettiğimiz noktaya kadar değişen süreci bütünüyle ele almamız zor ya da güç kaybettirici bir etkiye sebep olur. Bu yüzden bu değişimdeki değişim ve dönüşümün en aktif halini yani eşik noktalarını kavramak hem geçmişten gelenin çarpıcı noktalarını anlamak hem de geleceğe yönelik bir ﬁkir oluşturmakta güçlü ve esenlikli bir yol izlememizi sağlar.</p>
<p>Bu çalışmada Türk Tiyatrosu&#8217;nun eşik noktalarına yol açan kelebek etkileri incelenmiştir. Çalışmada ana hatlarıyla 3 eşikten bahsetmek mümkündür:</p>
<ul>
<li>Beyoğlu&#8217;ndaki tiyatro kültürünün mekansal ve sosyal değişimindeki eşik nokları ve Kadıköy&#8217;e göçü</li>
<li>Kadıköy’ün tiyatroda aktiﬂik süreci ve öngörülen bir eşik yaratabilmek</li>
<li>Esenlik başlığı ile Caferağa Spor Merkezini Caferağa Sanat Merkezi&#8217;ne dönüşürmede müdahaleler</li>
</ul>
<p>&nbsp;</p>
<p>Sonuç olarak bu çalışmada; Türk Tiyatrosu&#8217;nun İstanbul&#8217;daki 100 yılı aşkın değişim noktalarındaki düğümlerin değişim potansiyelleri tartışılmıştır. Kadıköy’deki spor merkezini ve absorbe ettiği kültür merkezinin mekansal müdahelelerle yeni bir odak noktası oluşturabilecek bir Tiyatro Merkezi&#8217;ne dönüştürülmesi önerisi geliştirilmiştir.[/vc_column_text][vc_empty_space][vc_gallery interval=&#8221;10&#8243; images=&#8221;10945,10946,10948,10947,10949&#8243; img_size=&#8221;full&#8221;][vc_empty_space][/vc_column][vc_column width=&#8221;1/6&#8243;][vc_single_image image=&#8221;10865&#8243; img_size=&#8221;full&#8221; alignment=&#8221;center&#8221; style=&#8221;vc_box_border&#8221; onclick=&#8221;custom_link&#8221; img_link_target=&#8221;_blank&#8221;][vc_empty_space height=&#8221;16px&#8221;][vc_row_inner][vc_column_inner][vc_column_text][/vc_column_text][/vc_column_inner][/vc_row_inner][vc_row_inner][vc_column_inner width=&#8221;2/3&#8243;][/vc_column_inner][vc_column_inner width=&#8221;1/3&#8243;][/vc_column_inner][/vc_row_inner][/vc_column][/vc_row][/vc_section]</p>
</div>

<p>[vc_section][vc_row][vc_column width=&#8221;1/6&#8243;][vc_single_image image=&#8221;10848&#8243; img_size=&#8221;large&#8221; alignment=&#8221;center&#8221;][vc_empty_space][vc_column_text]İrem Azak[/vc_column_text][vc_empty_space height=&#8221;16px&#8221;][vc_column_text]Mimar MEF Üniversitesi Güz 2022 Danışman: Ersen Gürsel &#8211; Ayşegül Kuruç[/vc_column_text][vc_empty_space][/vc_column][vc_column width=&#8221;2/3&#8243;][vc_column_text] Eşik: Üst Düzey Aktiflik, Beyoğlu’ndan Kadıköy’e Tiyatronun Eşik Noktaları ve Barış Manço [&hellip;]</p>

İrem Azak: Eşik: Üst Düzey Aktiflik, Beyoğlu’ndan Kadıköy’e Tiyatro’nun Eşik Noktaları ve Barış Manço Tiyatro Merkezi Önerisi | %%sitetitle%%

Bu çalışmada Türk Tiyatrosu'nun eşik noktalarına yol açan kelebek etkileri incelenmiştir. Kadıköy’deki spor ve kültür merkezinin mekansal müdahelelerle bir Tiyatro Merkezi 'ne dönüştürülmesi önerisi geliştirilmiştir.
