{"id":10976,"date":"2023-02-21T16:56:27","date_gmt":"2023-02-21T13:56:27","guid":{"rendered":"https:\/\/aura-istanbul.com\/?page_id=10976"},"modified":"2025-09-23T20:48:02","modified_gmt":"2025-09-23T17:48:02","slug":"aura-alumni-serra-aleyna-bilgin","status":"publish","type":"page","link":"https:\/\/aura-istanbul.com\/index.php\/aura-alumni-serra-aleyna-bilgin\/","title":{"rendered":"AURA Alumni:  Serra Aleyna Bilgin"},"content":{"rendered":"<div class=\"wpb-content-wrapper\"><p>[vc_section][vc_row][vc_column width=&#8221;1\/6&#8243;][vc_single_image image=&#8221;10852&#8243; img_size=&#8221;large&#8221; alignment=&#8221;center&#8221;][vc_empty_space][vc_column_text]<strong>Serra Aleyna Bilgin<\/strong>[\/vc_column_text][vc_empty_space height=&#8221;16px&#8221;][vc_column_text]Mimar<br \/>\nKadir Has \u00dcniversitesi<\/p>\n<p>G\u00fcz 2022<br \/>\nDan\u0131\u015fman: Ersen G\u00fcrsel &#8211; Ay\u015feg\u00fcl Kuru\u00e7[\/vc_column_text][vc_empty_space][\/vc_column][vc_column width=&#8221;2\/3&#8243;][vc_column_text]<\/p>\n<div class=\"wpb_text_column wpb_content_element \">\n<div class=\"wpb_wrapper\">\n<div class=\"wpb_text_column wpb_content_element \">\n<div class=\"wpb_wrapper\">\n<div class=\"wpb_text_column wpb_content_element \">\n<div class=\"wpb_wrapper\">\n<p><strong>Hali\u00e7\u2019in End\u00fcstriyel Miras\u0131: Hask\u00f6y Y\u00fcn ve \u0130plik Fabrikas\u0131&#8217;n\u0131n Yeniden Ele Al\u0131nmas\u0131<\/strong><\/p>\n<\/div>\n<\/div>\n<\/div>\n<\/div>\n<\/div>\n<\/div>\n<p>[\/vc_column_text][vc_column_text]Hali\u00e7 k\u0131y\u0131lar\u0131n\u0131n do\u011fal g\u00fczelli\u011finin yan\u0131nda konumu, kentle ili\u015fkisi ve denizin kara i\u00e7erisine uzanmas\u0131yla do\u011fal bir liman olu\u015fturmas\u0131 tarih boyunca \u0130stanbul\u2019un geli\u015fmesinde b\u00fcy\u00fck roller oynam\u0131\u015ft\u0131r. Ekilip-bi\u00e7ilen alanlar, bah\u00e7eler, ba\u011flar ve mesire alanlar\u0131yla \u00fcnl\u00fc olan Hali\u00e7 k\u0131y\u0131lar\u0131, End\u00fcstri Devrimi\u2019nden sonra Osmanl\u0131\u2019da sanayile\u015fmede art\u0131\u015f g\u00f6zlemlenmesiyle deniz ula\u015f\u0131m\u0131 ve hammadde temini a\u00e7\u0131s\u0131ndan kolayl\u0131k sa\u011flad\u0131\u011f\u0131 i\u00e7in end\u00fcstriyel tesisler kuruldu\u011fu bir b\u00f6lge haline gelmi\u015ftir. Sanayi plan\u0131 ile kurulan fabrikalar, tersane ve plans\u0131z konutla\u015fmalar sonucunda Hali\u00e7 Mesire Alan\u0131 olmaktan uzakla\u015fm\u0131\u015f yerini sanayi at\u0131klar\u0131 alm\u0131\u015ft\u0131r. 1980-1990 y\u0131llar\u0131 aras\u0131nda Hali\u00e7\u2019in eski mesire kimli\u011fini geri getirmek ama\u00e7l\u0131 b\u00fcy\u00fck \u00e7apl\u0131 sanayi temizlenmesi yap\u0131lm\u0131\u015ft\u0131r. Bu temizlenme sonucunda sanayiden ar\u0131nd\u0131r\u0131lm\u0131\u015f alanlar reakreasyon alanlar\u0131, at\u0131l kalm\u0131\u015f mimari ve tarihi \u00f6neme sahip olan end\u00fcstriyel yap\u0131lar\/miraslar ise restore edilip, tekrardan i\u015flevlendirilmeye ba\u015flanm\u0131\u015ft\u0131r.<\/p>\n<p>Bu ara\u015ft\u0131rmada Hali\u00e7\u2019in Hask\u00f6y semtinde bulunan ve at\u0131l kalm\u0131\u015f end\u00fcstriyel miraslar\u0131m\u0131zdan biri olan Hask\u00f6y Y\u00fcn ve \u0130plik Fabrikas\u0131 bulundu\u011fu kentsel \u00e7evrenin sosyal ihtiyac\u0131na cevap verecek \u015fekilde tekrar ele al\u0131nabilir mi sorusunu incelenmektedir. Hask\u00f6y Y\u00fcn ve \u0130plik Fabrikas\u0131n\u0131n olas\u0131 kentsel yenilemedeki yeri ve k\u00fclt\u00fcrel end\u00fcstri a\u00e7\u0131s\u0131ndan \u00fcstlenece\u011fi rol\u00fc incelenmi\u015f; yap\u0131y\u0131 bulundu\u011fu \u00e7evreyle ili\u015fkilendirecek olas\u0131 i\u015flevlendirmeler ve mekansal senaryolar d\u00fc\u015f\u00fcn\u00fclm\u00fc\u015ft\u00fcr.[\/vc_column_text][vc_empty_space][vc_gallery interval=&#8221;10&#8243; images=&#8221;10977,10978,10979,10980,10981&#8243; img_size=&#8221;full&#8221;][vc_empty_space][\/vc_column][vc_column width=&#8221;1\/6&#8243;][vc_single_image image=&#8221;10982&#8243; img_size=&#8221;full&#8221; alignment=&#8221;center&#8221; style=&#8221;vc_box_border&#8221; onclick=&#8221;custom_link&#8221; img_link_target=&#8221;_blank&#8221;][vc_empty_space height=&#8221;16px&#8221;][vc_row_inner][vc_column_inner][vc_column_text][\/vc_column_text][\/vc_column_inner][\/vc_row_inner][vc_row_inner][vc_column_inner width=&#8221;2\/3&#8243;][\/vc_column_inner][vc_column_inner width=&#8221;1\/3&#8243;][\/vc_column_inner][\/vc_row_inner][\/vc_column][\/vc_row][\/vc_section]<\/p>\n<\/div>","protected":false},"excerpt":{"rendered":"<p>[vc_section][vc_row][vc_column width=&#8221;1\/6&#8243;][vc_single_image image=&#8221;10852&#8243; img_size=&#8221;large&#8221; alignment=&#8221;center&#8221;][vc_empty_space][vc_column_text]Serra Aleyna Bilgin[\/vc_column_text][vc_empty_space height=&#8221;16px&#8221;][vc_column_text]Mimar Kadir Has \u00dcniversitesi G\u00fcz 2022 Dan\u0131\u015fman: Ersen G\u00fcrsel &#8211; Ay\u015feg\u00fcl Kuru\u00e7[\/vc_column_text][vc_empty_space][\/vc_column][vc_column width=&#8221;2\/3&#8243;][vc_column_text] Hali\u00e7\u2019in End\u00fcstriyel Miras\u0131: Hask\u00f6y Y\u00fcn ve \u0130plik Fabrikas\u0131&#8217;n\u0131n Yeniden Ele [&hellip;]<\/p>\n","protected":false},"author":7,"featured_media":0,"parent":0,"menu_order":0,"comment_status":"closed","ping_status":"closed","template":"","meta":{"_acf_changed":false,"_seopress_robots_primary_cat":"","_seopress_titles_title":"Serra Aleyna Bilgin: Hali\u00e7\u2019in End\u00fcstriyel Miras\u0131: Hask\u00f6y Y\u00fcn ve \u0130plik Fabrikas\u0131'n\u0131n Yeniden Ele Al\u0131nmas\u0131 | %%sitetitle%%","_seopress_titles_desc":"Bu ara\u015ft\u0131rmada Hali\u00e7\u2019in Hask\u00f6y semtinde bulunan ve at\u0131l kalm\u0131\u015f end\u00fcstriyel miraslar\u0131m\u0131zdan biri olan Hask\u00f6y Y\u00fcn ve \u0130plik Fabrikas\u0131 bulundu\u011fu kentsel \u00e7evrenin sosyal ihtiyac\u0131na cevap verecek \u015fekilde tekrar ele al\u0131nabilir mi sorusunu incelenmektedir.","_seopress_robots_index":"","_price":"","_stock":"","_tribe_ticket_header":"","_tribe_default_ticket_provider":"","_tribe_ticket_capacity":"0","_ticket_start_date":"","_ticket_end_date":"","_tribe_ticket_show_description":"","_tribe_ticket_show_not_going":false,"_tribe_ticket_use_global_stock":"","_tribe_ticket_global_stock_level":"","_global_stock_mode":"","_global_stock_cap":"","_tribe_rsvp_for_event":"","_tribe_ticket_going_count":"","_tribe_ticket_not_going_count":"","_tribe_tickets_list":"[]","_tribe_ticket_has_attendee_info_fields":false,"_EventAllDay":false,"_EventTimezone":"","_EventStartDate":"","_EventEndDate":"","_EventStartDateUTC":"","_EventEndDateUTC":"","_EventShowMap":false,"_EventShowMapLink":false,"_EventURL":"","_EventCost":"","_EventCostDescription":"","_EventCurrencySymbol":"","_EventCurrencyCode":"","_EventCurrencyPosition":"","_EventDateTimeSeparator":"","_EventTimeRangeSeparator":"","_EventOrganizerID":[],"_EventVenueID":[],"_OrganizerEmail":"","_OrganizerPhone":"","_OrganizerWebsite":"","_VenueAddress":"","_VenueCity":"","_VenueCountry":"","_VenueProvince":"","_VenueState":"","_VenueZip":"","_VenuePhone":"","_VenueURL":"","_VenueStateProvince":"","_VenueLat":"","_VenueLng":"","_VenueShowMap":false,"_VenueShowMapLink":false,"footnotes":"","_tec_slr_enabled":"","_tec_slr_layout":""},"class_list":["post-10976","page","type-page","status-publish","hentry"],"acf":[],"ticketed":false,"_links":{"self":[{"href":"https:\/\/aura-istanbul.com\/index.php\/wp-json\/wp\/v2\/pages\/10976","targetHints":{"allow":["GET"]}}],"collection":[{"href":"https:\/\/aura-istanbul.com\/index.php\/wp-json\/wp\/v2\/pages"}],"about":[{"href":"https:\/\/aura-istanbul.com\/index.php\/wp-json\/wp\/v2\/types\/page"}],"author":[{"embeddable":true,"href":"https:\/\/aura-istanbul.com\/index.php\/wp-json\/wp\/v2\/users\/7"}],"replies":[{"embeddable":true,"href":"https:\/\/aura-istanbul.com\/index.php\/wp-json\/wp\/v2\/comments?post=10976"}],"version-history":[{"count":3,"href":"https:\/\/aura-istanbul.com\/index.php\/wp-json\/wp\/v2\/pages\/10976\/revisions"}],"predecessor-version":[{"id":15181,"href":"https:\/\/aura-istanbul.com\/index.php\/wp-json\/wp\/v2\/pages\/10976\/revisions\/15181"}],"wp:attachment":[{"href":"https:\/\/aura-istanbul.com\/index.php\/wp-json\/wp\/v2\/media?parent=10976"}],"curies":[{"name":"wp","href":"https:\/\/api.w.org\/{rel}","templated":true}]}}