{"id":14039,"date":"2025-06-17T16:07:51","date_gmt":"2025-06-17T13:07:51","guid":{"rendered":"https:\/\/aura-istanbul.com\/?page_id=14039"},"modified":"2025-09-02T10:18:26","modified_gmt":"2025-09-02T07:18:26","slug":"aura-alumni-halil-ibrahim-yaman","status":"publish","type":"page","link":"https:\/\/aura-istanbul.com\/index.php\/aura-alumni-halil-ibrahim-yaman\/","title":{"rendered":"AURA Alumni: Halil \u0130brahim Yaman"},"content":{"rendered":"<div class=\"wpb-content-wrapper\"><p>[vc_section][vc_row][vc_column width=&#8221;1\/6&#8243;][vc_single_image image=&#8221;13638&#8243; img_size=&#8221;large&#8221; alignment=&#8221;center&#8221; css=&#8221;&#8221;][vc_empty_space][vc_column_text css=&#8221;&#8221;]<strong>Halil \u0130brahim Yaman<\/strong>[\/vc_column_text][vc_empty_space height=&#8221;16px&#8221;][vc_column_text css=&#8221;&#8221;]Mimar<br \/>\n<span data-sheets-root=\"1\">Y\u0131ld\u0131z Teknik \u00dcniversitesi<\/span><\/p>\n<p>G\u00fcz 2024<br \/>\nDan\u0131\u015fman: Asl\u0131han Demirta\u015f &#8211; Bilge Bal[\/vc_column_text][vc_empty_space][vc_row_inner][vc_column_inner width=&#8221;1\/4&#8243;][\/vc_column_inner][vc_column_inner width=&#8221;1\/4&#8243;][vc_icon icon_fontawesome=&#8221;fa fa-brands fa-linkedin&#8221; color=&#8221;chino&#8221; size=&#8221;xs&#8221; css=&#8221;&#8221; link=&#8221;url:https%3A%2F%2Fwww.linkedin.com%2Fin%2Fhalil-ibrahim-yaman-b7891a196%2F&#8221;][\/vc_column_inner][vc_column_inner width=&#8221;1\/4&#8243;][\/vc_column_inner][vc_column_inner width=&#8221;1\/4&#8243;][\/vc_column_inner][\/vc_row_inner][\/vc_column][vc_column width=&#8221;2\/3&#8243;][vc_empty_space][vc_column_text css=&#8221;&#8221;]<\/p>\n<p style=\"text-align: left;\"><b>K\u0131rkyama: Kentte Eylem \u00d6rmek\u00a0<\/b><\/p>\n<p>[\/vc_column_text][vc_empty_space][vc_column_text css=&#8221;&#8221;]<span style=\"font-weight: 400;\">K\u0131rkyama: Kentte Eylem \u00d6rmek, Halil Yaman\u2019\u0131n mimarl\u0131k, kamusal alan ve toplumsal protesto ili\u015fkisini ele ald\u0131\u011f\u0131 bir projedir. Kent, yaln\u0131zca fiziksel bir yap\u0131 de\u011fil; kimlik, bellek ve \u00f6zg\u00fcrl\u00fcklerin \u015fekillendi\u011fi bir toplumsal sahnedir. Ancak marjinalle\u015ftirilmi\u015f gruplar bu alandan d\u0131\u015flanmakta, kent hakk\u0131 ihlal edilmektedir. K\u0131rkyama, bu gruplara ses olmay\u0131 ama\u00e7layan kolektif ve ge\u00e7ici bir protesto prati\u011fidir. Geleneksel k\u0131rkyama el i\u015finden ilhamla, kentte \u201cyama\u201d gibi eklemlenen mod\u00fcler ve ta\u015f\u0131nabilir mek\u00e2nlar sunar.<\/span><\/p>\n<p><span style=\"font-weight: 400;\">Proje; pn\u00f6matik balonlar, ah\u015fap k\u00fcpler ve \u00fc\u00e7 i\u015flevsel kamyonetten olu\u015fur. Her m\u00fcdahale, bulundu\u011fu mek\u00e2na \u00f6zg\u00fc olarak yeniden \u015fekillenir, bu da projeye hem politik hem de sanatsal bir dinamizm kazand\u0131r\u0131r. Yedikule Gazhanesi gibi tarihi ve m\u00fcphem mek\u00e2nlarda ger\u00e7ekle\u015ftirilen K\u0131rkyama etkinlikleri, mek\u00e2n\u0131n katmanl\u0131 belle\u011fiyle etkile\u015fime girer.<\/span><\/p>\n<p><span style=\"font-weight: 400;\">K\u0131rkyama, ge\u00e7ici olma halini bir de\u011fer olarak benimser; rave k\u00fclt\u00fcr\u00fcnden enstalasyonlara uzanan bir referanslar a\u011f\u0131 i\u00e7inde, direni\u015fin mek\u00e2nsal bir ifadesi olur. Kat\u0131l\u0131mc\u0131larla birlikte \u015fekillenen s\u00fcre\u00e7, kentte alternatif birliktelikler ve empati alanlar\u0131 yaratmay\u0131 ama\u00e7lar. K\u0131rkyama, kente toplumsal bir yama yaparak, sesini duyuramayanlar\u0131 g\u00f6r\u00fcn\u00fcr k\u0131lan, esnek ve d\u00f6n\u00fc\u015ft\u00fcr\u00fcc\u00fc bir kent prati\u011fidir.<\/span>[\/vc_column_text][vc_empty_space][vc_gallery interval=&#8221;10&#8243; images=&#8221;14044,14043,14042,14041,14040&#8243; img_size=&#8221;full&#8221; css=&#8221;&#8221;][vc_empty_space][\/vc_column][vc_column width=&#8221;1\/6&#8243;][vc_single_image image=&#8221;14045&#8243; img_size=&#8221;FULL&#8221; alignment=&#8221;center&#8221; style=&#8221;vc_box_border&#8221; css=&#8221;&#8221;][vc_empty_space height=&#8221;16px&#8221;][vc_row_inner][vc_column_inner][vc_column_text][\/vc_column_text][vc_column_text][\/vc_column_text][\/vc_column_inner][\/vc_row_inner][vc_row_inner][vc_column_inner width=&#8221;2\/3&#8243;][\/vc_column_inner][vc_column_inner width=&#8221;1\/3&#8243;][\/vc_column_inner][\/vc_row_inner][\/vc_column][\/vc_row][\/vc_section]<\/p>\n<\/div>","protected":false},"excerpt":{"rendered":"<p>[vc_section][vc_row][vc_column width=&#8221;1\/6&#8243;][vc_single_image image=&#8221;13638&#8243; img_size=&#8221;large&#8221; alignment=&#8221;center&#8221; css=&#8221;&#8221;][vc_empty_space][vc_column_text css=&#8221;&#8221;]Halil \u0130brahim Yaman[\/vc_column_text][vc_empty_space height=&#8221;16px&#8221;][vc_column_text css=&#8221;&#8221;]Mimar Y\u0131ld\u0131z Teknik \u00dcniversitesi G\u00fcz 2024 Dan\u0131\u015fman: Asl\u0131han Demirta\u015f &#8211; Bilge Bal[\/vc_column_text][vc_empty_space][vc_row_inner][vc_column_inner width=&#8221;1\/4&#8243;][\/vc_column_inner][vc_column_inner width=&#8221;1\/4&#8243;][vc_icon icon_fontawesome=&#8221;fa fa-brands fa-linkedin&#8221; color=&#8221;chino&#8221; size=&#8221;xs&#8221; css=&#8221;&#8221; [&hellip;]<\/p>\n","protected":false},"author":10,"featured_media":0,"parent":0,"menu_order":0,"comment_status":"closed","ping_status":"closed","template":"","meta":{"_acf_changed":false,"_seopress_robots_primary_cat":"","_seopress_titles_title":"AURA Alumni: Halil \u0130brahim Yaman","_seopress_titles_desc":"2024 G\u00fcz Do\u0308nemi\u2019nde \u201cAras\u0327t\u0131rma Tabanl\u0131 Tasar\u0131m Stu\u0308dyosu\u201dnda, kat\u0131l\u0131mc\u0131lar\u0131m\u0131z, Asl\u0131han Demirta\u015f ve Bilge Bal y\u00fcr\u00fct\u00fcc\u00fcl\u00fc\u011f\u00fcndeki st\u00fcdyoda D\u00fcnya yanarken temas\u0131na odakland\u0131.","_seopress_robots_index":"","_price":"","_stock":"","_tribe_ticket_header":"","_tribe_default_ticket_provider":"","_tribe_ticket_capacity":"0","_ticket_start_date":"","_ticket_end_date":"","_tribe_ticket_show_description":"","_tribe_ticket_show_not_going":false,"_tribe_ticket_use_global_stock":"","_tribe_ticket_global_stock_level":"","_global_stock_mode":"","_global_stock_cap":"","_tribe_rsvp_for_event":"","_tribe_ticket_going_count":"","_tribe_ticket_not_going_count":"","_tribe_tickets_list":"[]","_tribe_ticket_has_attendee_info_fields":false,"_EventAllDay":false,"_EventTimezone":"","_EventStartDate":"","_EventEndDate":"","_EventStartDateUTC":"","_EventEndDateUTC":"","_EventShowMap":false,"_EventShowMapLink":false,"_EventURL":"","_EventCost":"","_EventCostDescription":"","_EventCurrencySymbol":"","_EventCurrencyCode":"","_EventCurrencyPosition":"","_EventDateTimeSeparator":"","_EventTimeRangeSeparator":"","_EventOrganizerID":[],"_EventVenueID":[],"_OrganizerEmail":"","_OrganizerPhone":"","_OrganizerWebsite":"","_VenueAddress":"","_VenueCity":"","_VenueCountry":"","_VenueProvince":"","_VenueState":"","_VenueZip":"","_VenuePhone":"","_VenueURL":"","_VenueStateProvince":"","_VenueLat":"","_VenueLng":"","_VenueShowMap":false,"_VenueShowMapLink":false,"footnotes":"","_tec_slr_enabled":"","_tec_slr_layout":""},"class_list":["post-14039","page","type-page","status-publish","hentry"],"acf":[],"ticketed":false,"_links":{"self":[{"href":"https:\/\/aura-istanbul.com\/index.php\/wp-json\/wp\/v2\/pages\/14039","targetHints":{"allow":["GET"]}}],"collection":[{"href":"https:\/\/aura-istanbul.com\/index.php\/wp-json\/wp\/v2\/pages"}],"about":[{"href":"https:\/\/aura-istanbul.com\/index.php\/wp-json\/wp\/v2\/types\/page"}],"author":[{"embeddable":true,"href":"https:\/\/aura-istanbul.com\/index.php\/wp-json\/wp\/v2\/users\/10"}],"replies":[{"embeddable":true,"href":"https:\/\/aura-istanbul.com\/index.php\/wp-json\/wp\/v2\/comments?post=14039"}],"version-history":[{"count":4,"href":"https:\/\/aura-istanbul.com\/index.php\/wp-json\/wp\/v2\/pages\/14039\/revisions"}],"predecessor-version":[{"id":14743,"href":"https:\/\/aura-istanbul.com\/index.php\/wp-json\/wp\/v2\/pages\/14039\/revisions\/14743"}],"wp:attachment":[{"href":"https:\/\/aura-istanbul.com\/index.php\/wp-json\/wp\/v2\/media?parent=14039"}],"curies":[{"name":"wp","href":"https:\/\/api.w.org\/{rel}","templated":true}]}}