{"id":14240,"date":"2025-08-22T14:44:55","date_gmt":"2025-08-22T11:44:55","guid":{"rendered":"https:\/\/aura-istanbul.com\/?page_id=14240"},"modified":"2025-09-02T10:29:16","modified_gmt":"2025-09-02T07:29:16","slug":"aura-alumni-kardelen-kurt","status":"publish","type":"page","link":"https:\/\/aura-istanbul.com\/index.php\/aura-alumni-kardelen-kurt\/","title":{"rendered":"AURA Alumni: Kardelen Kurt"},"content":{"rendered":"<div class=\"wpb-content-wrapper\"><p>[vc_section][vc_row][vc_column width=&#8221;1\/6&#8243;][vc_single_image image=&#8221;14242&#8243; img_size=&#8221;large&#8221; alignment=&#8221;center&#8221; css=&#8221;&#8221;][vc_empty_space][vc_column_text css=&#8221;&#8221;]<strong>Kardelen Kurt<\/strong>[\/vc_column_text][vc_empty_space height=&#8221;16px&#8221;][vc_column_text css=&#8221;&#8221;]Mimar<br \/>\n\u0130stanbul Bilgi \u00dcniversitesi<\/p>\n<p>G\u00fcz 2024<br \/>\nDan\u0131\u015fman: Asl\u0131han Demirta\u015f &#8211; Bilge Bal[\/vc_column_text][vc_empty_space][vc_row_inner][vc_column_inner width=&#8221;1\/4&#8243;][\/vc_column_inner][vc_column_inner width=&#8221;1\/4&#8243;][vc_icon icon_fontawesome=&#8221;fa fa-brands fa-linkedin&#8221; color=&#8221;chino&#8221; size=&#8221;xs&#8221; css=&#8221;&#8221; link=&#8221;url:http%3A%2F%2Flinkedin.com%2Fin%2Fkardelenkurt&#8221;][\/vc_column_inner][vc_column_inner width=&#8221;1\/4&#8243;][\/vc_column_inner][vc_column_inner width=&#8221;1\/4&#8243;][\/vc_column_inner][\/vc_row_inner][\/vc_column][vc_column width=&#8221;2\/3&#8243;][vc_empty_space][vc_column_text css=&#8221;&#8221;]<\/p>\n<p style=\"text-align: left;\"><strong>Mekansal Pratiklerin Topo-Politik Co\u011frafyas\u0131: K\u00f6kler, S\u00fcrg\u00fcnler<\/strong><\/p>\n<p>[\/vc_column_text][vc_empty_space][vc_column_text css=&#8221;&#8221;]<span style=\"font-weight: 400;\">Atlas*, d\u00fcnya yanarken olgusunu mevcut k\u00fcresel g\u00fcndemin en yak\u0131c\u0131 <\/span><span style=\"font-weight: 400;\">meselelerinden olan \u0130srail-Filistin \u00e7at\u0131\u015fmas\u0131 ve \u00e7at\u0131\u015fman\u0131n Bat\u0131 \u015eeria\u2019daki <\/span><span style=\"font-weight: 400;\">mek\u00e2nsal yans\u0131malar\u0131 \u00fczerinden ele al\u0131r. Toprakla kurulan ili\u015fkinin radikal <\/span><span style=\"font-weight: 400;\">bi\u00e7imde farkl\u0131la\u015ft\u0131\u011f\u0131 iki t\u00fcr varolu\u015f bi\u00e7imine odaklan\u0131r: M\u00fclkiyet ve tahakk\u00fcm <\/span><span style=\"font-weight: 400;\">ekseninde \u015fekillenen, yerle\u015fimci s\u00f6m\u00fcrgecili\u011fin mimari ara\u00e7lar\u0131 <\/span><span style=\"font-weight: 400;\">(silahlar\u0131) olarak i\u015fleyen kentsel d\u00fczenleme ve \u00f6\u011feler ile bask\u0131 rejiminin <\/span><span style=\"font-weight: 400;\">yaratt\u0131\u011f\u0131 bo\u011fucu atmosfere ra\u011fmen toprakla kurdu\u011fu &#8211; tan\u0131\u015f\u0131kl\u0131ktan geleng\u00fc\u00e7l\u00fc <\/span><span style=\"font-weight: 400;\">ba\u011fa sahip \u00e7\u0131kan, onu varolu\u015funun ayr\u0131lmaz bir par\u00e7as\u0131 olarak g\u00f6ren <\/span><span style=\"font-weight: 400;\">yerli halk\u0131n, nesiller boyu s\u00fcregelen direni\u015fini temsilen hudayinabitler.*<\/span><\/p>\n<p><span style=\"font-weight: 400;\">Ursula K. Le Guin\u2019in D\u00fcnyaya Orman Denir adl\u0131 kitab\u0131nda yer verdi\u011fi <\/span><span style=\"font-weight: 400;\">\u015fu s\u00f6zler, insan\u0131n do\u011fayla ve kendi t\u00fcr\u00fcyle kurdu\u011fu ili\u015fkinin \u00e7arp\u0131kl\u0131\u011f\u0131n\u0131 <\/span><span style=\"font-weight: 400;\">g\u00f6zler \u00f6n\u00fcne serer: <\/span><span style=\"font-weight: 400;\">\u201cE\u011fer dev adamlar insansa, d\u00fc\u015f g\u00f6rmeye ve insan gibi davranmaya uygun olmayan <\/span><span style=\"font-weight: 400;\">ya da bunun i\u00e7in e\u011fitilmemi\u015f insanlar. Bu y\u00fczden, i\u00e7lerindeki, serbest <\/span><span style=\"font-weight: 400;\">b\u0131rakmayacaklar\u0131 k\u00f6klerini kopararak, ink\u00e2r etmeye \u00e7al\u0131\u015facaklar\u0131 tanr\u0131lar taraf\u0131ndan <\/span><span style=\"font-weight: 400;\">y\u00f6netilerek i\u015fkenceyle \u00f6ld\u00fcrmeye ve yok etmeye devam edecekler.\u201d <\/span><span style=\"font-weight: 400;\">Var oldu\u011fumuz gezegenin i\u00e7inden ge\u00e7ti\u011fi d\u00f6n\u00fc\u015f\u00fcm\u00fc kavrayabilmek i\u00e7in <\/span><span style=\"font-weight: 400;\">kimi sorulara ve bu sorular\u0131n nihai bir cevab\u0131 bulunmasa dahi geli\u015ftirilecek <\/span><span style=\"font-weight: 400;\">bir anlay\u0131\u015fa ihtiya\u00e7 var.<\/span>[\/vc_column_text][vc_empty_space][vc_gallery interval=&#8221;10&#8243; images=&#8221;14243,14244,14245,14246,14247&#8243; img_size=&#8221;full&#8221; css=&#8221;&#8221;][vc_empty_space][\/vc_column][vc_column width=&#8221;1\/6&#8243;][vc_single_image image=&#8221;14251&#8243; img_size=&#8221;FULL&#8221; alignment=&#8221;center&#8221; style=&#8221;vc_box_border&#8221; css=&#8221;&#8221;][vc_empty_space height=&#8221;16px&#8221;][vc_row_inner][vc_column_inner][vc_column_text][\/vc_column_text][vc_column_text][\/vc_column_text][\/vc_column_inner][\/vc_row_inner][vc_row_inner][vc_column_inner width=&#8221;2\/3&#8243;][\/vc_column_inner][vc_column_inner width=&#8221;1\/3&#8243;][\/vc_column_inner][\/vc_row_inner][\/vc_column][\/vc_row][\/vc_section]<\/p>\n<\/div>","protected":false},"excerpt":{"rendered":"<p>[vc_section][vc_row][vc_column width=&#8221;1\/6&#8243;][vc_single_image image=&#8221;14242&#8243; img_size=&#8221;large&#8221; alignment=&#8221;center&#8221; css=&#8221;&#8221;][vc_empty_space][vc_column_text css=&#8221;&#8221;]Kardelen Kurt[\/vc_column_text][vc_empty_space height=&#8221;16px&#8221;][vc_column_text css=&#8221;&#8221;]Mimar \u0130stanbul Bilgi \u00dcniversitesi G\u00fcz 2024 Dan\u0131\u015fman: Asl\u0131han Demirta\u015f &#8211; Bilge Bal[\/vc_column_text][vc_empty_space][vc_row_inner][vc_column_inner width=&#8221;1\/4&#8243;][\/vc_column_inner][vc_column_inner width=&#8221;1\/4&#8243;][vc_icon icon_fontawesome=&#8221;fa fa-brands fa-linkedin&#8221; color=&#8221;chino&#8221; size=&#8221;xs&#8221; css=&#8221;&#8221; link=&#8221;url:http%3A%2F%2Flinkedin.com%2Fin%2Fkardelenkurt&#8221;][\/vc_column_inner][vc_column_inner [&hellip;]<\/p>\n","protected":false},"author":11,"featured_media":0,"parent":0,"menu_order":0,"comment_status":"closed","ping_status":"closed","template":"","meta":{"_acf_changed":false,"_seopress_robots_primary_cat":"","_seopress_titles_title":"AURA Alumni: Kardelen Kurt","_seopress_titles_desc":"2024 G\u00fcz Do\u0308nemi\u2019nde Aras\u0327t\u0131rma Tabanl\u0131 Tasar\u0131m Stu\u0308dyosunda, kat\u0131l\u0131mc\u0131lar\u0131m\u0131z, Asl\u0131han Demirta\u015f ve Bilge Bal y\u00fcr\u00fct\u00fcc\u00fcl\u00fc\u011f\u00fcndeki st\u00fcdyoda D\u00fcnya yanarken temas\u0131na odakland\u0131.","_seopress_robots_index":"","_price":"","_stock":"","_tribe_ticket_header":"","_tribe_default_ticket_provider":"","_tribe_ticket_capacity":"0","_ticket_start_date":"","_ticket_end_date":"","_tribe_ticket_show_description":"","_tribe_ticket_show_not_going":false,"_tribe_ticket_use_global_stock":"","_tribe_ticket_global_stock_level":"","_global_stock_mode":"","_global_stock_cap":"","_tribe_rsvp_for_event":"","_tribe_ticket_going_count":"","_tribe_ticket_not_going_count":"","_tribe_tickets_list":"[]","_tribe_ticket_has_attendee_info_fields":false,"_EventAllDay":false,"_EventTimezone":"","_EventStartDate":"","_EventEndDate":"","_EventStartDateUTC":"","_EventEndDateUTC":"","_EventShowMap":false,"_EventShowMapLink":false,"_EventURL":"","_EventCost":"","_EventCostDescription":"","_EventCurrencySymbol":"","_EventCurrencyCode":"","_EventCurrencyPosition":"","_EventDateTimeSeparator":"","_EventTimeRangeSeparator":"","_EventOrganizerID":[],"_EventVenueID":[],"_OrganizerEmail":"","_OrganizerPhone":"","_OrganizerWebsite":"","_VenueAddress":"","_VenueCity":"","_VenueCountry":"","_VenueProvince":"","_VenueState":"","_VenueZip":"","_VenuePhone":"","_VenueURL":"","_VenueStateProvince":"","_VenueLat":"","_VenueLng":"","_VenueShowMap":false,"_VenueShowMapLink":false,"footnotes":"","_tec_slr_enabled":"","_tec_slr_layout":""},"class_list":["post-14240","page","type-page","status-publish","hentry"],"acf":[],"ticketed":false,"_links":{"self":[{"href":"https:\/\/aura-istanbul.com\/index.php\/wp-json\/wp\/v2\/pages\/14240","targetHints":{"allow":["GET"]}}],"collection":[{"href":"https:\/\/aura-istanbul.com\/index.php\/wp-json\/wp\/v2\/pages"}],"about":[{"href":"https:\/\/aura-istanbul.com\/index.php\/wp-json\/wp\/v2\/types\/page"}],"author":[{"embeddable":true,"href":"https:\/\/aura-istanbul.com\/index.php\/wp-json\/wp\/v2\/users\/11"}],"replies":[{"embeddable":true,"href":"https:\/\/aura-istanbul.com\/index.php\/wp-json\/wp\/v2\/comments?post=14240"}],"version-history":[{"count":9,"href":"https:\/\/aura-istanbul.com\/index.php\/wp-json\/wp\/v2\/pages\/14240\/revisions"}],"predecessor-version":[{"id":14757,"href":"https:\/\/aura-istanbul.com\/index.php\/wp-json\/wp\/v2\/pages\/14240\/revisions\/14757"}],"wp:attachment":[{"href":"https:\/\/aura-istanbul.com\/index.php\/wp-json\/wp\/v2\/media?parent=14240"}],"curies":[{"name":"wp","href":"https:\/\/api.w.org\/{rel}","templated":true}]}}