{"id":15002,"date":"2025-09-10T17:49:26","date_gmt":"2025-09-10T14:49:26","guid":{"rendered":"https:\/\/aura-istanbul.com\/?page_id=15002"},"modified":"2025-09-15T16:09:34","modified_gmt":"2025-09-15T13:09:34","slug":"aura-alumni-seyma-kaya","status":"publish","type":"page","link":"https:\/\/aura-istanbul.com\/index.php\/aura-alumni-seyma-kaya\/","title":{"rendered":"AURA Alumni: \u015eeyma Kaya"},"content":{"rendered":"<div class=\"wpb-content-wrapper\"><p>[vc_section][vc_row][vc_column width=&#8221;1\/6&#8243;][vc_single_image image=&#8221;14725&#8243; img_size=&#8221;large&#8221; alignment=&#8221;center&#8221; css=&#8221;&#8221;][vc_empty_space][vc_column_text css=&#8221;&#8221;]<strong>\u015eeyma Kaya<\/strong>[\/vc_column_text][vc_empty_space height=&#8221;16px&#8221;][vc_column_text css=&#8221;&#8221;]Kar\u015f\u0131la\u015ft\u0131rmal\u0131 Edebiyat ve G\u00fczel Sanatlar (\u00c7AP) Mimarl\u0131k<br \/>\nYale \u00dcniversitesi<\/p>\n<p><span data-sheets-root=\"1\">\u00a0<\/span><\/p>\n<p>Bahar 2025<br \/>\nDan\u0131\u015fman: Deniz Aslan &#8211; Elif \u00c7elik[\/vc_column_text][vc_empty_space][vc_row_inner][vc_column_inner width=&#8221;1\/4&#8243;][\/vc_column_inner][vc_column_inner width=&#8221;1\/4&#8243;][vc_icon icon_fontawesome=&#8221;fa fa-solid fa-envelope&#8221; color=&#8221;chino&#8221; size=&#8221;xs&#8221; css=&#8221;&#8221; link=&#8221;url:http%3A%2F%2Fdilaraseymakaya%40gmail.com&#8221;][\/vc_column_inner][vc_column_inner width=&#8221;1\/4&#8243;][\/vc_column_inner][vc_column_inner width=&#8221;1\/4&#8243;][\/vc_column_inner][\/vc_row_inner][\/vc_column][vc_column width=&#8221;2\/3&#8243;][vc_empty_space][vc_column_text css=&#8221;&#8221;]<\/p>\n<p style=\"text-align: left;\"><strong>Pa\u015fabah\u00e7e: An\u0131t\u0131 Dev(\u015f)irmek<\/strong><\/p>\n<p>[\/vc_column_text][vc_empty_space][vc_column_text css=&#8221;&#8221;]Gecekondu sakinlerinin y\u0131llar boyunca kendilerine ait olmayan arazilerde s\u00fcrekli yerinden edilme riskiyle ya\u015famaya al\u0131\u015fm\u0131\u015f olmas\u0131, yaln\u0131zca konut pratiklerini de\u011fil, mek\u00e2na y\u00f6nelik aidiyet ili\u015fkilerini de belirlemi\u015ftir. Tapusuzlukla gelen temell\u00fck edememe hali semtle kurulan ba\u011f\u0131 k\u0131r\u0131lgan k\u0131lm\u0131\u015ft\u0131r. \u201cEv kira, semt bizim\u201d slogan\u0131, bu \u00e7eli\u015fkili sahiplenme hissiyat\u0131n\u0131n ifadesidir. Bu ifade yaln\u0131zca bir mahalle romantizmi de\u011fil, ayn\u0131 zamanda m\u00fclkiyetin kentteki hukuki, siyasi ve toplumsal boyutlar\u0131na kar\u015f\u0131 geli\u015ftirilen bir direni\u015f bi\u00e7imidir.<\/p>\n<p>Bu proje, tam da bu t\u00fcrden bir kentsel rant tehdidinin \u00fcretti\u011fi \u201cs\u00fcrg\u00fcn psikolojisi\u201d kar\u015f\u0131s\u0131nda, mek\u00e2n felsefesi oda\u011f\u0131nda d\u00fc\u015f\u00fcnen bir tasar\u0131m tavr\u0131 geli\u015ftirmeyi ama\u00e7lamaktad\u0131r. Bu ba\u011flamda, an\u0131t kavram\u0131 da yeniden d\u00fc\u015f\u00fcn\u00fclmektedir. Proje, an\u0131t\u0131, otorite sahiplerinin ve resmi ideolojinin haf\u0131za \u00fcretme ve iktidar kurma arac\u0131 olmaktan \u00e7\u0131kararak; kent mek\u00e2n\u0131n\u0131 kuran, ya\u015fatan ve d\u00f6n\u00fc\u015ft\u00fcren \u00f6znelerin\u2014halk\u0131n, emek\u00e7ilerin, yerel topluluklar\u0131n\u2014 haf\u0131zalar\u0131n\u0131 ta\u015f\u0131yan ve bu haf\u0131zay\u0131 bug\u00fcn\u00fcn toplumsal ko\u015fullar\u0131 i\u00e7inde yeniden kuran bir m\u00fc\u015fterek haf\u0131za mek\u00e2n\u0131 olarak kavramsalla\u015ft\u0131r\u0131r. Haf\u0131za, bu yakla\u015f\u0131mla ge\u00e7mi\u015fte dondurulmu\u015f bir nesne de\u011fil; \u015fimdiki zamanla birlikte devinen, kolektif olarak payla\u015f\u0131lan ve m\u00fczakere edilen bir deneyim alan\u0131 h\u00e2line gelir.<\/p>\n<p>\u00c7al\u0131\u015fma, genel hatlar\u0131yla gecekondula\u015fma olgusunu tarihsel ba\u011flam\u0131 i\u00e7inde tart\u0131\u015ft\u0131ktan sonra, \u0130stanbul\u2019un ilk gecekondu havzalar\u0131ndan biri olan Pa\u015fabah\u00e7e semtinin kentle\u015fmesini \u015ei\u015fecam Fabrikas\u0131 ekseninde ele almaktad\u0131r. End\u00fcstriyel kalk\u0131nmayla bi\u00e7imlenen bu semtin, Bo\u011fazi\u00e7i\u2019nin end\u00fcstrisizle\u015fme s\u00fcreciyle birlikte nas\u0131l bir d\u00f6n\u00fc\u015f\u00fcm ya\u015fad\u0131\u011f\u0131 incelenmi\u015ftir. Bu d\u00f6n\u00fc\u015f\u00fcm\u00fcn haf\u0131zaya, mek\u00e2na ve temsile dair a\u00e7t\u0131\u011f\u0131 imk\u00e2nlar, projede \u00f6nerilen tasar\u0131m yakla\u015f\u0131m\u0131n\u0131n zeminini olu\u015fturmaktad\u0131r.[\/vc_column_text][vc_empty_space][vc_gallery interval=&#8221;10&#8243; images=&#8221;15005,15007,15006,15004,15003&#8243; img_size=&#8221;full&#8221; css=&#8221;&#8221;][vc_empty_space][\/vc_column][vc_column width=&#8221;1\/6&#8243;][vc_single_image image=&#8221;14846&#8243; img_size=&#8221;FULL&#8221; alignment=&#8221;center&#8221; style=&#8221;vc_box_border&#8221; css=&#8221;&#8221;][vc_empty_space height=&#8221;16px&#8221;][vc_row_inner][vc_column_inner][vc_column_text][\/vc_column_text][vc_column_text][\/vc_column_text][\/vc_column_inner][\/vc_row_inner][vc_row_inner][vc_column_inner width=&#8221;2\/3&#8243;][\/vc_column_inner][vc_column_inner width=&#8221;1\/3&#8243;][\/vc_column_inner][\/vc_row_inner][\/vc_column][\/vc_row][\/vc_section]<\/p>\n<\/div>","protected":false},"excerpt":{"rendered":"<p>[vc_section][vc_row][vc_column width=&#8221;1\/6&#8243;][vc_single_image image=&#8221;14725&#8243; img_size=&#8221;large&#8221; alignment=&#8221;center&#8221; css=&#8221;&#8221;][vc_empty_space][vc_column_text css=&#8221;&#8221;]\u015eeyma Kaya[\/vc_column_text][vc_empty_space height=&#8221;16px&#8221;][vc_column_text css=&#8221;&#8221;]Kar\u015f\u0131la\u015ft\u0131rmal\u0131 Edebiyat ve G\u00fczel Sanatlar (\u00c7AP) Mimarl\u0131k Yale \u00dcniversitesi \u00a0 Bahar 2025 Dan\u0131\u015fman: Deniz Aslan &#8211; Elif \u00c7elik[\/vc_column_text][vc_empty_space][vc_row_inner][vc_column_inner width=&#8221;1\/4&#8243;][\/vc_column_inner][vc_column_inner width=&#8221;1\/4&#8243;][vc_icon icon_fontawesome=&#8221;fa [&hellip;]<\/p>\n","protected":false},"author":11,"featured_media":0,"parent":0,"menu_order":0,"comment_status":"closed","ping_status":"closed","template":"","meta":{"_acf_changed":false,"_seopress_robots_primary_cat":"","_seopress_titles_title":"AURA Alumni: \u015eeyma Kaya","_seopress_titles_desc":"2025 Bahar Do\u0308nemi\u2019nde \u201cAras\u0327t\u0131rma Tabanl\u0131 Tasar\u0131m Stu\u0308dyosu\u201dnda, kat\u0131l\u0131mc\u0131lar\u0131m\u0131z, Deniz Aslan ve Elif \u00c7elik y\u00fcr\u00fct\u00fcc\u00fcl\u00fc\u011f\u00fcndeki st\u00fcdyoda Heterotopya: Bir Kentin Hikayesi temas\u0131na odakland\u0131.","_seopress_robots_index":"","_price":"","_stock":"","_tribe_ticket_header":"","_tribe_default_ticket_provider":"","_tribe_ticket_capacity":"0","_ticket_start_date":"","_ticket_end_date":"","_tribe_ticket_show_description":"","_tribe_ticket_show_not_going":false,"_tribe_ticket_use_global_stock":"","_tribe_ticket_global_stock_level":"","_global_stock_mode":"","_global_stock_cap":"","_tribe_rsvp_for_event":"","_tribe_ticket_going_count":"","_tribe_ticket_not_going_count":"","_tribe_tickets_list":"[]","_tribe_ticket_has_attendee_info_fields":false,"_EventAllDay":false,"_EventTimezone":"","_EventStartDate":"","_EventEndDate":"","_EventStartDateUTC":"","_EventEndDateUTC":"","_EventShowMap":false,"_EventShowMapLink":false,"_EventURL":"","_EventCost":"","_EventCostDescription":"","_EventCurrencySymbol":"","_EventCurrencyCode":"","_EventCurrencyPosition":"","_EventDateTimeSeparator":"","_EventTimeRangeSeparator":"","_EventOrganizerID":[],"_EventVenueID":[],"_OrganizerEmail":"","_OrganizerPhone":"","_OrganizerWebsite":"","_VenueAddress":"","_VenueCity":"","_VenueCountry":"","_VenueProvince":"","_VenueState":"","_VenueZip":"","_VenuePhone":"","_VenueURL":"","_VenueStateProvince":"","_VenueLat":"","_VenueLng":"","_VenueShowMap":false,"_VenueShowMapLink":false,"footnotes":"","_tec_slr_enabled":"","_tec_slr_layout":""},"class_list":["post-15002","page","type-page","status-publish","hentry"],"acf":[],"ticketed":false,"_links":{"self":[{"href":"https:\/\/aura-istanbul.com\/index.php\/wp-json\/wp\/v2\/pages\/15002","targetHints":{"allow":["GET"]}}],"collection":[{"href":"https:\/\/aura-istanbul.com\/index.php\/wp-json\/wp\/v2\/pages"}],"about":[{"href":"https:\/\/aura-istanbul.com\/index.php\/wp-json\/wp\/v2\/types\/page"}],"author":[{"embeddable":true,"href":"https:\/\/aura-istanbul.com\/index.php\/wp-json\/wp\/v2\/users\/11"}],"replies":[{"embeddable":true,"href":"https:\/\/aura-istanbul.com\/index.php\/wp-json\/wp\/v2\/comments?post=15002"}],"version-history":[{"count":2,"href":"https:\/\/aura-istanbul.com\/index.php\/wp-json\/wp\/v2\/pages\/15002\/revisions"}],"predecessor-version":[{"id":15101,"href":"https:\/\/aura-istanbul.com\/index.php\/wp-json\/wp\/v2\/pages\/15002\/revisions\/15101"}],"wp:attachment":[{"href":"https:\/\/aura-istanbul.com\/index.php\/wp-json\/wp\/v2\/media?parent=15002"}],"curies":[{"name":"wp","href":"https:\/\/api.w.org\/{rel}","templated":true}]}}