{"id":15849,"date":"2026-03-02T16:59:06","date_gmt":"2026-03-02T13:59:06","guid":{"rendered":"https:\/\/aura-istanbul.com\/?page_id=15849"},"modified":"2026-03-02T16:59:06","modified_gmt":"2026-03-02T13:59:06","slug":"aura-alumni-ahmet-atakan-keskin","status":"publish","type":"page","link":"https:\/\/aura-istanbul.com\/index.php\/aura-alumni-ahmet-atakan-keskin\/","title":{"rendered":"AURA Alumni: Ahmet Atakan Keskin"},"content":{"rendered":"<div class=\"wpb-content-wrapper\"><p>[vc_section][vc_row][vc_column width=&#8221;1\/6&#8243;][vc_single_image image=&#8221;15844&#8243; img_size=&#8221;large&#8221; alignment=&#8221;center&#8221; css=&#8221;&#8221;][vc_empty_space][vc_column_text css=&#8221;&#8221;]<strong>Ahmet Atakan Keskin<\/strong>[\/vc_column_text][vc_empty_space height=&#8221;16px&#8221;][vc_column_text css=&#8221;&#8221;]Mimarl\u0131k<br \/>\nMimar Sinan G\u00fczel Sanatlar \u00dcniversitesi<\/p>\n<p><span data-sheets-root=\"1\">\u00a0<\/span><\/p>\n<p>G\u00fcz 2025<br \/>\nDan\u0131\u015fman: H\u00fcseyin Yanar[\/vc_column_text][vc_empty_space][vc_row_inner][vc_column_inner width=&#8221;1\/4&#8243;][\/vc_column_inner][vc_column_inner width=&#8221;1\/4&#8243;][vc_icon icon_fontawesome=&#8221;fa fa-brands fa-linkedin&#8221; color=&#8221;chino&#8221; size=&#8221;xs&#8221; css=&#8221;&#8221; link=&#8221;url:https%3A%2F%2Fwww.linkedin.com%2Fin%2Fahmet-atakan-keskin-934805218%2F&#8221;][\/vc_column_inner][vc_column_inner width=&#8221;1\/4&#8243;][\/vc_column_inner][vc_column_inner width=&#8221;1\/4&#8243;][\/vc_column_inner][\/vc_row_inner][\/vc_column][vc_column width=&#8221;2\/3&#8243;][vc_empty_space][vc_column_text css=&#8221;&#8221;]<\/p>\n<p style=\"text-align: left;\"><strong>Sanat ve Mimarl\u0131k: S I N I R L A R<\/strong><\/p>\n<p>[\/vc_column_text][vc_empty_space][vc_column_text css=&#8221;&#8221;]<b>1- Ben Kimim \/ Danse Macabre: <\/b><span style=\"font-weight: 400;\">At\u00f6lye ba\u015flang\u0131c\u0131nda sorulan soruya kar\u015f\u0131l\u0131k yap\u0131lan video performans\u0131n\u0131n son \u00fcr\u00fcn\u00fcn\u00fcn bir kesidi. Ortaya \u00e7\u0131kan bozulmu\u015f oyun hamuru hayat\u0131 ve ya\u015fad\u0131\u011f\u0131m\u0131z de\u011fi\u015fimleri temsil eder.<\/span><\/p>\n<p><b>2- \u00c7arp\u0131k Sinanpa\u015fa: <\/b><span style=\"font-weight: 400;\">Sinanpa\u015fa \u0130\u015f Merkezi yaln\u0131zca tekil bir ge\u00e7i\u015f noktas\u0131 de\u011fil, yan\u0131ndaki iki kompleks ile birer olas\u0131l\u0131klar merkezidir, bir tablo gibi vaziyet plan\u0131 i\u015flenince; asl\u0131nda da\u011f\u0131n\u0131kl\u0131\u011f\u0131n\u0131n i\u00e7inde ba\u011flamsal olarak nas\u0131l bir hiyerar\u015fiye sahip oldu\u011fu g\u00f6r\u00fclecektir.<\/span><\/p>\n<p><b>3- Kent \u00dctopyas\u0131: NYSA: <\/b><span style=\"font-weight: 400;\">Antik kenti, bizim yani kendimize \u00f6zel bir \u00fcr\u00fcne d\u00f6n\u00fc\u015fece\u011fi s\u00f6ylendi\u011finde, bu \u00fctopik mekanlar Nysa kenti i\u00e7inde kurgulan\u0131p g\u00fcn\u00fcm\u00fcz\u00fcn kent kurgular\u0131n\u0131n abart\u0131l\u0131 ele\u015ftirisiyle baz\u0131 hiyerar\u015fi belirten \u00fcst kot yollar olu\u015fmu\u015ftur; bu g\u00f6rsel onlar\u0131n temsilidir.<\/span><\/p>\n<p><b>4- Be\u015fikta\u015f\u0131n Topografik Sirk\u00fclasyonu 1 ve 2. G\u00f6rseller: <\/b><span style=\"font-weight: 400;\">Be\u015fikta\u015f meydan\u0131 iskelesiyle beraber, k\u00f6yi\u00e7inden kopuktur. Bir aks\u0131 tutan bu tektonik form, hem ba\u011flamsal cevap aray\u0131p hem de su elemanlar\u0131yla meditatif mekan yaratmaktad\u0131r.<\/span><\/p>\n<p><b>5- Galata\u2019 n\u0131n Nabz\u0131n\u0131 Yoklamak: <\/b><span style=\"font-weight: 400;\">T\u00fcm son i\u015fler yap\u0131l\u0131rken, ortaya hi\u00e7 yoktan bir form \u00e7\u0131km\u0131\u015ft\u0131r: yap\u0131lan maketlerin \u00e7er\u00e7\u00f6plerinin heykelsi formu. Adeta at\u00f6lyenin ruhunu yans\u0131tan bu form, bitmemi\u015flik ve s\u00fcrecin \u00f6neminin heykelidir.<\/span><\/p>\n<p><b>5-Galata\u2019n\u0131n Nabz\u0131n\u0131 Yoklamak 1-2-3. G\u00f6rseller<\/b><\/p>\n<p><span style=\"font-weight: 400;\">Sorular\u0131n sorulabilece\u011fi bir ortamda, proje odakl\u0131 de\u011fil, soru odakl\u0131 bir yakla\u015f\u0131m ortaya at\u0131lm\u0131\u015ft\u0131r: Galata baz\u0131ndan d\u00fc\u015f\u00fcnerek; binalar m\u0131 bize s\u0131n\u0131rlar \u00e7izmektedir, duvarlar m\u0131?\u00a0<\/span><\/p>\n<p>[\/vc_column_text][vc_empty_space][vc_gallery interval=&#8221;10&#8243; images=&#8221;16237,16233,16234,16236,16235,16238,16239&#8243; img_size=&#8221;full&#8221; css=&#8221;&#8221;][vc_empty_space][\/vc_column][vc_column width=&#8221;1\/6&#8243;][vc_single_image image=&#8221;15847&#8243; img_size=&#8221;FULL&#8221; alignment=&#8221;center&#8221; style=&#8221;vc_box_border&#8221; css=&#8221;&#8221;][vc_empty_space height=&#8221;16px&#8221;][vc_row_inner][vc_column_inner][vc_column_text][\/vc_column_text][vc_column_text][\/vc_column_text][\/vc_column_inner][\/vc_row_inner][vc_row_inner][vc_column_inner width=&#8221;2\/3&#8243;][\/vc_column_inner][vc_column_inner width=&#8221;1\/3&#8243;][\/vc_column_inner][\/vc_row_inner][\/vc_column][\/vc_row][\/vc_section]<\/p>\n<\/div>","protected":false},"excerpt":{"rendered":"<p>[vc_section][vc_row][vc_column width=&#8221;1\/6&#8243;][vc_single_image image=&#8221;15844&#8243; img_size=&#8221;large&#8221; alignment=&#8221;center&#8221; css=&#8221;&#8221;][vc_empty_space][vc_column_text css=&#8221;&#8221;]Ahmet Atakan Keskin[\/vc_column_text][vc_empty_space height=&#8221;16px&#8221;][vc_column_text css=&#8221;&#8221;]Mimarl\u0131k Mimar Sinan G\u00fczel Sanatlar \u00dcniversitesi \u00a0 G\u00fcz 2025 Dan\u0131\u015fman: H\u00fcseyin Yanar[\/vc_column_text][vc_empty_space][vc_row_inner][vc_column_inner width=&#8221;1\/4&#8243;][\/vc_column_inner][vc_column_inner width=&#8221;1\/4&#8243;][vc_icon icon_fontawesome=&#8221;fa fa-brands fa-linkedin&#8221; color=&#8221;chino&#8221; size=&#8221;xs&#8221; css=&#8221;&#8221; [&hellip;]<\/p>\n","protected":false},"author":11,"featured_media":0,"parent":0,"menu_order":0,"comment_status":"closed","ping_status":"closed","template":"","meta":{"_acf_changed":false,"_seopress_robots_primary_cat":"","_seopress_titles_title":"AURA Alumni: Ahmet Atakan Keskin","_seopress_titles_desc":"2025 G\u00fcz Do\u0308nemi\u2019nde \u201cAras\u0327t\u0131rma Tabanl\u0131 Tasar\u0131m Stu\u0308dyosu\u201dnda, kat\u0131l\u0131mc\u0131lar\u0131m\u0131z, H\u00fcseyin Yanar y\u00fcr\u00fct\u00fcc\u00fcl\u00fc\u011f\u00fcndeki st\u00fcdyoda Sanat ve Mimarl\u0131k: SINIRLAR temas\u0131na odakland\u0131.","_seopress_robots_index":"","_price":"","_stock":"","_tribe_ticket_header":"","_tribe_default_ticket_provider":"","_tribe_ticket_capacity":"0","_ticket_start_date":"","_ticket_end_date":"","_tribe_ticket_show_description":"","_tribe_ticket_show_not_going":false,"_tribe_ticket_use_global_stock":"","_tribe_ticket_global_stock_level":"","_global_stock_mode":"","_global_stock_cap":"","_tribe_rsvp_for_event":"","_tribe_ticket_going_count":"","_tribe_ticket_not_going_count":"","_tribe_tickets_list":"[]","_tribe_ticket_has_attendee_info_fields":false,"_EventAllDay":false,"_EventTimezone":"","_EventStartDate":"","_EventEndDate":"","_EventStartDateUTC":"","_EventEndDateUTC":"","_EventShowMap":false,"_EventShowMapLink":false,"_EventURL":"","_EventCost":"","_EventCostDescription":"","_EventCurrencySymbol":"","_EventCurrencyCode":"","_EventCurrencyPosition":"","_EventDateTimeSeparator":"","_EventTimeRangeSeparator":"","_EventOrganizerID":[],"_EventVenueID":[],"_OrganizerEmail":"","_OrganizerPhone":"","_OrganizerWebsite":"","_VenueAddress":"","_VenueCity":"","_VenueCountry":"","_VenueProvince":"","_VenueState":"","_VenueZip":"","_VenuePhone":"","_VenueURL":"","_VenueStateProvince":"","_VenueLat":"","_VenueLng":"","_VenueShowMap":false,"_VenueShowMapLink":false,"footnotes":"","_tec_slr_enabled":"","_tec_slr_layout":""},"class_list":["post-15849","page","type-page","status-publish","hentry"],"acf":[],"ticketed":false,"_links":{"self":[{"href":"https:\/\/aura-istanbul.com\/index.php\/wp-json\/wp\/v2\/pages\/15849","targetHints":{"allow":["GET"]}}],"collection":[{"href":"https:\/\/aura-istanbul.com\/index.php\/wp-json\/wp\/v2\/pages"}],"about":[{"href":"https:\/\/aura-istanbul.com\/index.php\/wp-json\/wp\/v2\/types\/page"}],"author":[{"embeddable":true,"href":"https:\/\/aura-istanbul.com\/index.php\/wp-json\/wp\/v2\/users\/11"}],"replies":[{"embeddable":true,"href":"https:\/\/aura-istanbul.com\/index.php\/wp-json\/wp\/v2\/comments?post=15849"}],"version-history":[{"count":2,"href":"https:\/\/aura-istanbul.com\/index.php\/wp-json\/wp\/v2\/pages\/15849\/revisions"}],"predecessor-version":[{"id":16242,"href":"https:\/\/aura-istanbul.com\/index.php\/wp-json\/wp\/v2\/pages\/15849\/revisions\/16242"}],"wp:attachment":[{"href":"https:\/\/aura-istanbul.com\/index.php\/wp-json\/wp\/v2\/media?parent=15849"}],"curies":[{"name":"wp","href":"https:\/\/api.w.org\/{rel}","templated":true}]}}