{"id":2093,"date":"2017-05-05T13:57:52","date_gmt":"2017-05-05T10:57:52","guid":{"rendered":"http:\/\/79.137.12.64\/~auraista\/?page_id=2093"},"modified":"2017-05-05T16:50:17","modified_gmt":"2017-05-05T13:50:17","slug":"kurumsal","status":"publish","type":"page","link":"https:\/\/aura-istanbul.com\/index.php\/hakkimizda\/kurumsal\/","title":{"rendered":"Kurumsal"},"content":{"rendered":"<div class=\"wpb-content-wrapper\"><p>[vc_row 0=&#8221;&#8221;][vc_column width=&#8221;1\/2&#8243;][vc_column_text 0=&#8221;&#8221;]<\/p>\n<p>K\u00fcresel \u00f6l\u00e7ekte ger\u00e7ekle\u015fen ve yak\u0131n gelecekte de yo\u011funla\u015farak devam edecek olan kentsel n\u00fcfus art\u0131\u015f\u0131, \u00f6zellikle metropol alanlar\u0131nda daha b\u00fcy\u00fck n\u00fcfus bask\u0131lar\u0131na, k\u00fclt\u00fcrel ve ekolojik tahribata yol a\u00e7acakt\u0131r. \u0130stanbul metropolitan alan\u0131 ise, bu k\u00fcresel ger\u00e7e\u011fin yo\u011fun olarak ya\u015fanmakta oldu\u011fu bir b\u00f6lgedir.<\/p>\n<p>G\u00fcn\u00fcm\u00fczde gitgide daha karma\u015f\u0131k hale gelerek d\u00f6n\u00fc\u015fen kentsel\/toplumsal ya\u015fam\u0131 ve yap\u0131l\u0131 \u00e7evreyle kurdu\u011fu ili\u015fkiler a\u011f\u0131n\u0131 anlamak ve anlamland\u0131rmak i\u00e7in yeni bak\u0131\u015f a\u00e7\u0131lar\u0131na gereksinim vard\u0131r. Bir \u00f6nceki y\u00fczy\u0131ldan kalma, insan\u0131, yap\u0131l\u0131 \u00e7evreyi ve do\u011fay\u0131 modernist bir bak\u0131\u015f a\u00e7\u0131s\u0131yla ayr\u0131\u015ft\u0131rarak tan\u0131mlamaya \u00e7al\u0131\u015fan yakla\u015f\u0131mlar art\u0131k yetersiz kalmaktad\u0131r. Konunun, \u00f6zellikle mimarl\u0131k ve \u015fehircilik e\u011fitiminin ve \u00fcretiminin en \u00f6nemli ilgi alan\u0131n\u0131 olu\u015fturmas\u0131 ka\u00e7\u0131n\u0131lmazd\u0131r.<\/p>\n<p>Sorunlar bu kadar k\u00fcresel ve karma\u015f\u0131k olunca, ba\u015fa \u00e7\u0131kabilmek i\u00e7in de\u011fi\u015fik uzmanl\u0131k alanlar\u0131n\u0131n i\u015fbirli\u011fine dayal\u0131 ortak \u00fcretimlere ve programlara gereksinim duyulacakt\u0131r. Bu ama\u00e7la mevcut e\u011fitim kurumlar\u0131n\u0131n programlar\u0131 d\u0131\u015f\u0131nda, kentsel konular \u00fczerine yo\u011funla\u015fan farkl\u0131 yap\u0131larda ortamlar ve programlar olu\u015fturulmas\u0131 kar\u015f\u0131m\u0131za \u00f6nemli bir\u00a0 se\u00e7enek olarak \u00e7\u0131kmaktad\u0131r.[\/vc_column_text][\/vc_column][vc_column width=&#8221;1\/2&#8243;][vc_column_text 0=&#8221;&#8221;]\u0130stanbul Mimarl\u0131k ve \u015eehircilik Ara\u015ft\u0131rmalar\u0131 Akademisi \u2013 AURA \u0130stanbul &#8211; da bu ama\u00e7la uluslararas\u0131 d\u00fczeyde faaliyet g\u00f6stermek \u00fczere kurulan ve k\u00e2r amac\u0131 g\u00fctmeyen bir olu\u015fumdur.<\/p>\n<p>Akademi, mimarl\u0131k, kentsel tasar\u0131m ve kentsel peyzaj konular\u0131yla ilgilenen gen\u00e7 kat\u0131l\u0131mc\u0131lara tek yar\u0131y\u0131ll\u0131k yo\u011fun bir \u00e7al\u0131\u015fma ortam\u0131 sunmaktad\u0131r. K\u00fclt\u00fcrel bir \u00fcretim bi\u00e7imi olarak mimarl\u0131\u011f\u0131n anla\u015f\u0131lmas\u0131 ve ara\u015ft\u0131r\u0131lmas\u0131 konular\u0131n\u0131n alt\u0131n\u0131 \u00e7izerek, yap\u0131l\u0131 \u00e7evrenin sosyal, politik ve ekolojik sistemlerle ili\u015fkileri konular\u0131nda kat\u0131l\u0131mc\u0131lar\u0131n anlay\u0131\u015f ve kavray\u0131\u015flar\u0131n\u0131 geli\u015ftirmeyi hedeflemektedir.<\/p>\n<p>Akademi, \u00e7e\u015fitli ilgili uzmanl\u0131k alanlar\u0131n\u0131 bir arada bar\u0131nd\u0131rmay\u0131 ve gen\u00e7 kat\u0131l\u0131mc\u0131lar i\u00e7in bireysel ara\u015ft\u0131rma konular\u0131n\u0131 ke\u015ffedebilecekleri e\u011fitime uygun fiziksel alanlar\u0131 kapsayan bir st\u00fcdyo ortam\u0131 olu\u015fturmay\u0131 ama\u00e7lar. T\u00fcm kat\u0131l\u0131mc\u0131lar\u0131n ortak paydas\u0131, kentle\u015fmi\u015f bir toplumda g\u00fcn ge\u00e7tik\u00e7e daha karma\u015f\u0131k hale gelen tasar\u0131m ve mek\u00e2n \u00fcretimi konular\u0131n\u0131n etkilerini ara\u015ft\u0131rmak ve ke\u015ffetmektir.[\/vc_column_text][\/vc_column][\/vc_row]<\/p>\n<\/div>","protected":false},"excerpt":{"rendered":"<p>[vc_row 0=&#8221;&#8221;][vc_column width=&#8221;1\/2&#8243;][vc_column_text 0=&#8221;&#8221;] K\u00fcresel \u00f6l\u00e7ekte ger\u00e7ekle\u015fen ve yak\u0131n gelecekte de yo\u011funla\u015farak devam edecek olan kentsel n\u00fcfus art\u0131\u015f\u0131, \u00f6zellikle metropol alanlar\u0131nda daha b\u00fcy\u00fck n\u00fcfus bask\u0131lar\u0131na, k\u00fclt\u00fcrel ve ekolojik tahribata yol [&hellip;]<\/p>\n","protected":false},"author":1,"featured_media":0,"parent":284,"menu_order":0,"comment_status":"closed","ping_status":"closed","template":"","meta":{"_acf_changed":false,"_seopress_robots_primary_cat":"","_seopress_titles_title":"","_seopress_titles_desc":"","_seopress_robots_index":"","_price":"","_stock":"","_tribe_ticket_header":"","_tribe_default_ticket_provider":"","_tribe_ticket_capacity":"0","_ticket_start_date":"","_ticket_end_date":"","_tribe_ticket_show_description":"","_tribe_ticket_show_not_going":false,"_tribe_ticket_use_global_stock":"","_tribe_ticket_global_stock_level":"","_global_stock_mode":"","_global_stock_cap":"","_tribe_rsvp_for_event":"","_tribe_ticket_going_count":"","_tribe_ticket_not_going_count":"","_tribe_tickets_list":"[]","_tribe_ticket_has_attendee_info_fields":false,"_EventAllDay":false,"_EventTimezone":"","_EventStartDate":"","_EventEndDate":"","_EventStartDateUTC":"","_EventEndDateUTC":"","_EventShowMap":false,"_EventShowMapLink":false,"_EventURL":"","_EventCost":"","_EventCostDescription":"","_EventCurrencySymbol":"","_EventCurrencyCode":"","_EventCurrencyPosition":"","_EventDateTimeSeparator":"","_EventTimeRangeSeparator":"","_EventOrganizerID":[],"_EventVenueID":[],"_OrganizerEmail":"","_OrganizerPhone":"","_OrganizerWebsite":"","_VenueAddress":"","_VenueCity":"","_VenueCountry":"","_VenueProvince":"","_VenueState":"","_VenueZip":"","_VenuePhone":"","_VenueURL":"","_VenueStateProvince":"","_VenueLat":"","_VenueLng":"","_VenueShowMap":false,"_VenueShowMapLink":false,"footnotes":"","_tec_slr_enabled":"","_tec_slr_layout":""},"class_list":["post-2093","page","type-page","status-publish","hentry"],"acf":[],"ticketed":false,"_links":{"self":[{"href":"https:\/\/aura-istanbul.com\/index.php\/wp-json\/wp\/v2\/pages\/2093","targetHints":{"allow":["GET"]}}],"collection":[{"href":"https:\/\/aura-istanbul.com\/index.php\/wp-json\/wp\/v2\/pages"}],"about":[{"href":"https:\/\/aura-istanbul.com\/index.php\/wp-json\/wp\/v2\/types\/page"}],"author":[{"embeddable":true,"href":"https:\/\/aura-istanbul.com\/index.php\/wp-json\/wp\/v2\/users\/1"}],"replies":[{"embeddable":true,"href":"https:\/\/aura-istanbul.com\/index.php\/wp-json\/wp\/v2\/comments?post=2093"}],"version-history":[{"count":7,"href":"https:\/\/aura-istanbul.com\/index.php\/wp-json\/wp\/v2\/pages\/2093\/revisions"}],"predecessor-version":[{"id":2225,"href":"https:\/\/aura-istanbul.com\/index.php\/wp-json\/wp\/v2\/pages\/2093\/revisions\/2225"}],"up":[{"embeddable":true,"href":"https:\/\/aura-istanbul.com\/index.php\/wp-json\/wp\/v2\/pages\/284"}],"wp:attachment":[{"href":"https:\/\/aura-istanbul.com\/index.php\/wp-json\/wp\/v2\/media?parent=2093"}],"curies":[{"name":"wp","href":"https:\/\/api.w.org\/{rel}","templated":true}]}}