{"id":2519,"date":"2017-05-29T17:05:19","date_gmt":"2017-05-29T14:05:19","guid":{"rendered":"https:\/\/aura-istanbul.com\/?page_id=2519"},"modified":"2017-07-03T17:53:02","modified_gmt":"2017-07-03T14:53:02","slug":"summer-academy-2017","status":"publish","type":"page","link":"https:\/\/aura-istanbul.com\/index.php\/summer-academy-2017\/","title":{"rendered":"Summer Academy 2017"},"content":{"rendered":"<div class=\"wpb-content-wrapper\"><p>[vc_section][vc_row][vc_column width=&#8221;1\/2&#8243;][vc_single_image image=&#8221;2303&#8243; img_size=&#8221;full&#8221;][\/vc_column][vc_column width=&#8221;1\/2&#8243;][vc_column_text]<\/p>\n<h3><b>AURA SUMMER ACADEMY 2017<\/b> \/\u00a0D-K\u00f6y<\/h3>\n<p><span style=\"font-weight: 400;\">In the Aegean, where the mind and soul merges, on the skirts of Mount Mycale, in Priene and in Miletos on the homeland of philosopher Thales, of Isodorus, the architect of Hagia Sophia and of Hippodamus\u2026 Would you like to learn about the oldest planned cities of the ancient world and contribute with your own fresh ideas?<\/span><\/p>\n<p><span style=\"font-weight: 400;\">Including the opportunity of a summer internship, senior architectural students, graduates and graduate students are invited to join AURA \u0130stanbul Summer Academy on the unmatched beauty of the Aegean, immersed in history and hosted by D-K\u00f6y. <\/span><\/p>\n<p><span style=\"font-weight: 400;\">AURA Summer Academy suggests a rewarding summer where you can live on the ancient Aegean, have a chance to relive its history and learn, discuss and get hands on experience on a wide range of subjects ranging from architecture, city planning, philosophy, archeology and history. \u00a0\u00a0<\/span><\/p>\n<p><span style=\"font-weight: 400;\">AURA-\u0130stanbul Summer Academy is a chance to spend an unforgettable summer in the company of experts and lecturers, with contributions from authorities from other disciplines, archeologists from the dig site and the local municipality. <\/span><\/p>\n<p><span style=\"font-weight: 400;\">You will find the opportunity to contribute to this unique environment through a multi-disciplinary approach by peeling away the layers of history, reconstructing buildings, discussing your ideas and projects with experienced names in the field, receiving feedback and exhibiting your work.<\/span>[\/vc_column_text][vc_column_text css=&#8221;.vc_custom_1496826418573{margin-top: 20px !important;}&#8221;]<strong><span style=\"color: #ff6600;\">Application registrations have been completed. Thank you.<\/span><\/strong>[\/vc_column_text][\/vc_column][\/vc_row][vc_row][vc_column][vc_empty_space height=&#8221;24px&#8221;][\/vc_column][\/vc_row][\/vc_section][vc_section][vc_row][vc_column width=&#8221;1\/2&#8243;][vc_column_text]<\/p>\n<h3>D-K\u00f6y<\/h3>\n<p><span style=\"font-weight: 400;\">D-K\u00f6y is an arts and culture project with a mission to preserve past civilizations on the land, its cultural heritage and the agricultural lands of the country. The D-K\u00f6y project aims to protect the cultural assets of the town of Do\u011fanbeyk\u00f6y where the natural environment merges with history, the town\u2019s architectural fabric, its art and its archeological resources and the natural flora of the land to make its distinctive culture available for future generations. The D-K\u00f6y project is an association of cultural trendsetters like academicians, architects.<\/span><\/p>\n<p><span style=\"font-weight: 400;\">D-K\u00f6y has an interesting history. It is situated in an old Greek village where Turkish ex-patriates from Thessaloniki were settled after the signing of the exchange protocol between Turkey and Greece on January 30, 1923. The village is on the road to Priene\/Milet near Ayd\u0131n, S\u00f6ke. Arts and cultural events take place in D-k\u00f6y, where the museum within the village attracts many visitors every year. \u00a0\u00a0<\/span>[\/vc_column_text][\/vc_column][vc_column width=&#8221;1\/2&#8243;][vc_single_image image=&#8221;2312&#8243; img_size=&#8221;full&#8221;][\/vc_column][\/vc_row][vc_row][vc_column][vc_empty_space height=&#8221;24px&#8221;][\/vc_column][\/vc_row][\/vc_section][vc_section][vc_row][vc_column width=&#8221;1\/2&#8243;][vc_single_image image=&#8221;2413&#8243; img_size=&#8221;full&#8221;][\/vc_column][vc_column width=&#8221;1\/2&#8243;][vc_column_text]<\/p>\n<h3>AURA SUMMER ACADEMY GOALS<\/h3>\n<p><span style=\"font-weight: 400;\">The main goal is to offer selected participants an opportunity to leave their metropolitan environment behind to observe and identify problems on a smaller scale, within their original cultural, social and historical context, to analyze and solve evident problems. Participants will also be able to take part in panel discussions, meetings and day trips reflecting the multi-disciplinary approach of the Academy. <\/span><\/p>\n<p><span style=\"font-weight: 400;\">In small groups, 12 senior architectural students, graduates or post-graduate students will;<\/span><\/p>\n<ul>\n<li><span style=\"font-weight: 400;\">Have real hands-on experience on an archeological dig site.<\/span><\/li>\n<li><span style=\"font-weight: 400;\">Be able to have extensive practice opportunities on the built and urban environment.<\/span><\/li>\n<li><span style=\"font-weight: 400;\">Advance their architectural knowledge and skills during workshops and field studies.<\/span><\/li>\n<li><span style=\"font-weight: 400;\">Reestablish the bond between public spaces of the old and new villages and share this experience with local administrators. <\/span><\/li>\n<li><span style=\"font-weight: 400;\">Have the opportunity to share their findings and ideas during sunset alfresco discussions in D-K\u00f6y workshop with their instructors and \u201cMoonlight Discussions\u201d at night. <\/span><\/li>\n<li><span style=\"font-weight: 400;\">Evaluate their findings from a socio-cultural perspective.<\/span><\/li>\n<li><span style=\"font-weight: 400;\">Join in diverse gatherings, museum visits, conferences and panel discussions. <\/span><\/li>\n<li><span style=\"font-weight: 400;\">Receive a \u201cCertificate of Participation\u201d.<\/span><\/li>\n<li><span style=\"font-weight: 400;\">Have the chance to exhibit their findings at the end of the program<\/span><\/li>\n<\/ul>\n<p>[\/vc_column_text][\/vc_column][\/vc_row][vc_row][vc_column][vc_empty_space height=&#8221;24px&#8221;][\/vc_column][\/vc_row][vc_row][vc_column width=&#8221;1\/2&#8243;][vc_column_text]<\/p>\n<h3>ACTIVITIES<\/h3>\n<p>Day trips to local places of interest, daily breakfast in an olive grove and one night dinner in a local establishment will be arranged.<\/p>\n<h3>ACCOMODATIONS<\/h3>\n<p>Participants will stay in the restored buildings in the village in groups of four. A sandwich for lunch and dinner at night will be provided by the AURA Summer Academy. For other necessities, the coffee house in the village square can also be used.<\/p>\n<h3>TRANSPORTATION<\/h3>\n<p>Information on transportation will be announced on a later date.[\/vc_column_text][\/vc_column][vc_column width=&#8221;1\/2&#8243;][vc_single_image image=&#8221;2409&#8243; img_size=&#8221;full&#8221;][\/vc_column][\/vc_row][vc_row][vc_column][vc_empty_space height=&#8221;24px&#8221;][\/vc_column][\/vc_row][vc_row][vc_column width=&#8221;1\/2&#8243;][vc_single_image image=&#8221;2321&#8243; img_size=&#8221;full&#8221; css=&#8221;.vc_custom_1494264651749{margin-bottom: 10px !important;}&#8221;][vc_single_image image=&#8221;2322&#8243; img_size=&#8221;full&#8221; css=&#8221;.vc_custom_1494264659487{margin-bottom: 10px !important;}&#8221;][vc_single_image image=&#8221;2323&#8243; img_size=&#8221;full&#8221; css=&#8221;.vc_custom_1494264667173{margin-bottom: 10px !important;}&#8221;][vc_single_image image=&#8221;2325&#8243; img_size=&#8221;full&#8221; css=&#8221;.vc_custom_1494264677418{margin-bottom: 10px !important;}&#8221;][vc_single_image image=&#8221;2420&#8243; img_size=&#8221;full&#8221; css=&#8221;.vc_custom_1496129676206{margin-bottom: 10px !important;}&#8221;][\/vc_column][vc_column width=&#8221;1\/2&#8243;][vc_column_text]<\/p>\n<h3>Program<\/h3>\n<ul>\n<li><strong>11 July AURA Be\u015fikta\u015f Office orientation<\/strong><\/li>\n<li><strong>16 July \u2013 6 August AURA Summer Academy<\/strong><\/li>\n<li><strong>16 July Sunday \u2013 Meeting place: S\u00f6ke<\/strong><\/li>\n<\/ul>\n<h5><b>1st Week (17 \u2013 23 July)<\/b><\/h5>\n<ul>\n<li>Director \u2013 Cengiz Kabao\u011flu<\/li>\n<li>Building survey, restoration and archeology seminars<\/li>\n<li>Visiting and following the work on the Priene archeological site<\/li>\n<li>The assessment of \u0130lyas Bey Mosque as an example of restoration with Cengiz Kabao\u011flu<\/li>\n<li>Parallel histories of both Do\u011fanbey villages with Art Historian Ay\u015feg\u00fcl G\u00fcng\u00f6ren<\/li>\n<li>History and archeology discussions in the workshop<\/li>\n<li><span style=\"font-weight: 400;\">Documentary viewing<\/span><\/li>\n<li>Karina trip, dinner and discussion<\/li>\n<\/ul>\n<h5><b>2<\/b><b>nd<\/b><b> Week (24 \u2013 30 July)<\/b><\/h5>\n<ul>\n<li>Director \u2013\u00a0Kaya Din\u00e7er<\/li>\n<li>Comparison of the old and new Do\u011fanbey villages from structural, urban, sociological and cultural perspectives.<\/li>\n<li>D-K\u00f6y Ottoman Dress Museum trip<\/li>\n<li>Documentary viewing<\/li>\n<li>Architectural photography workshop with B\u00fc\u015fra Yeltekin<\/li>\n<li>G\u00fcll\u00fcbah\u00e7e trip, dinner and discussion<\/li>\n<\/ul>\n<h5><b>3rd Week (31 July \u2013 6 August)<\/b><\/h5>\n<ul>\n<li>Director \u2013 Nezih Ba\u015fgelen<\/li>\n<li>Priene and Miletos, Dydima ve Heraklia, Afrodisias field trips with Nezih Ba\u015fgelen<\/li>\n<li>Discussions on ancient philosophy<\/li>\n<li>Prehistory Architecture seminar by Necmi Karul<\/li>\n<li><span style=\"font-weight: 400;\">Moonligt discussions<\/span><\/li>\n<\/ul>\n<p>&nbsp;<\/p>\n<ul>\n<li><span style=\"font-weight: 400;\"><strong>5\u00a0August Saturday<\/strong> &#8211; Gala dinner with the participation of AURA-\u0130stanbul \u00a0board members and D-K\u00f6y directors<\/span><\/li>\n<li><span style=\"font-weight: 400;\"><strong>6\u00a0August Sunday<\/strong> &#8211; Return to \u0130stanbul<\/span><\/li>\n<li><span style=\"font-weight: 400;\"><strong>8-12 August<\/strong>\u00a0&#8211; Completion of the exhibition content<\/span><\/li>\n<li><span style=\"font-weight: 400;\"><strong>2 October<\/strong> &#8211; AURA Summer Academy Exhibition (To last a whole month)<\/span><\/li>\n<\/ul>\n<hr \/>\n<h5><strong>PARTICIPANTS SHOULD BRING<\/strong><\/h5>\n<ul>\n<li><span style=\"font-weight: 400;\">A camera<\/span><\/li>\n<li>M\u00fczeKart<\/li>\n<li><span style=\"font-weight: 400;\">Sketch pens and pencils<\/span><\/li>\n<li><span style=\"font-weight: 400;\">Sneakers<\/span><\/li>\n<li><span style=\"font-weight: 400;\">A long-sleeve thin cotton T-shirt<\/span><\/li>\n<li><span style=\"font-weight: 400;\">A pair of thin cotton trousers<\/span><\/li>\n<li><span style=\"font-weight: 400;\">A pair of bluejeans<\/span><\/li>\n<li><span style=\"font-weight: 400;\">A cardigan for chilly nights<\/span><\/li>\n<li><span style=\"font-weight: 400;\">Sunblock and allergy medicine<\/span><\/li>\n<li><span style=\"font-weight: 400;\">Mosquito repellent<\/span><\/li>\n<li><span style=\"font-weight: 400;\">Long-term medicine <\/span><\/li>\n<li><span style=\"font-weight: 400;\">Thermos<\/span><\/li>\n<li><span style=\"font-weight: 400;\">Swimsuit<\/span><\/li>\n<li><span style=\"font-weight: 400;\">Sunglasses<\/span><\/li>\n<\/ul>\n<p>[\/vc_column_text][vc_column_text css=&#8221;.vc_custom_1496826418573{margin-top: 20px !important;}&#8221;]<strong><span style=\"color: #ff6600;\">Application registrations have been completed. Thank you.<\/span><\/strong>[\/vc_column_text][\/vc_column][\/vc_row][vc_row][vc_column][vc_empty_space height=&#8221;24px&#8221;][\/vc_column][\/vc_row][\/vc_section][vc_row][vc_column][vc_gallery type=&#8221;nivo&#8221; interval=&#8221;3&#8243; images=&#8221;2411,2409,2414,2415,2416,2417,2418,2419,2420&#8243; img_size=&#8221;large&#8221; title=&#8221;D-K\u00f6y Galeri&#8221;][\/vc_column][\/vc_row]<\/p>\n<\/div>","protected":false},"excerpt":{"rendered":"<p>[vc_section][vc_row][vc_column width=&#8221;1\/2&#8243;][vc_single_image image=&#8221;2303&#8243; img_size=&#8221;full&#8221;][\/vc_column][vc_column width=&#8221;1\/2&#8243;][vc_column_text] AURA SUMMER ACADEMY 2017 \/\u00a0D-K\u00f6y In the Aegean, where the mind and soul merges, on the skirts of Mount Mycale, in Priene and in Miletos [&hellip;]<\/p>\n","protected":false},"author":1,"featured_media":2301,"parent":0,"menu_order":0,"comment_status":"closed","ping_status":"closed","template":"","meta":{"_acf_changed":false,"_seopress_robots_primary_cat":"","_seopress_titles_title":"","_seopress_titles_desc":"","_seopress_robots_index":"","_price":"","_stock":"","_tribe_ticket_header":"","_tribe_default_ticket_provider":"","_tribe_ticket_capacity":"0","_ticket_start_date":"","_ticket_end_date":"","_tribe_ticket_show_description":"","_tribe_ticket_show_not_going":false,"_tribe_ticket_use_global_stock":"","_tribe_ticket_global_stock_level":"","_global_stock_mode":"","_global_stock_cap":"","_tribe_rsvp_for_event":"","_tribe_ticket_going_count":"","_tribe_ticket_not_going_count":"","_tribe_tickets_list":"[]","_tribe_ticket_has_attendee_info_fields":false,"_EventAllDay":false,"_EventTimezone":"","_EventStartDate":"","_EventEndDate":"","_EventStartDateUTC":"","_EventEndDateUTC":"","_EventShowMap":false,"_EventShowMapLink":false,"_EventURL":"","_EventCost":"","_EventCostDescription":"","_EventCurrencySymbol":"","_EventCurrencyCode":"","_EventCurrencyPosition":"","_EventDateTimeSeparator":"","_EventTimeRangeSeparator":"","_EventOrganizerID":[],"_EventVenueID":[],"_OrganizerEmail":"","_OrganizerPhone":"","_OrganizerWebsite":"","_VenueAddress":"","_VenueCity":"","_VenueCountry":"","_VenueProvince":"","_VenueState":"","_VenueZip":"","_VenuePhone":"","_VenueURL":"","_VenueStateProvince":"","_VenueLat":"","_VenueLng":"","_VenueShowMap":false,"_VenueShowMapLink":false,"footnotes":"","_tec_slr_enabled":"","_tec_slr_layout":""},"class_list":["post-2519","page","type-page","status-publish","has-post-thumbnail","hentry"],"acf":[],"ticketed":false,"_links":{"self":[{"href":"https:\/\/aura-istanbul.com\/index.php\/wp-json\/wp\/v2\/pages\/2519","targetHints":{"allow":["GET"]}}],"collection":[{"href":"https:\/\/aura-istanbul.com\/index.php\/wp-json\/wp\/v2\/pages"}],"about":[{"href":"https:\/\/aura-istanbul.com\/index.php\/wp-json\/wp\/v2\/types\/page"}],"author":[{"embeddable":true,"href":"https:\/\/aura-istanbul.com\/index.php\/wp-json\/wp\/v2\/users\/1"}],"replies":[{"embeddable":true,"href":"https:\/\/aura-istanbul.com\/index.php\/wp-json\/wp\/v2\/comments?post=2519"}],"version-history":[{"count":19,"href":"https:\/\/aura-istanbul.com\/index.php\/wp-json\/wp\/v2\/pages\/2519\/revisions"}],"predecessor-version":[{"id":2679,"href":"https:\/\/aura-istanbul.com\/index.php\/wp-json\/wp\/v2\/pages\/2519\/revisions\/2679"}],"wp:featuredmedia":[{"embeddable":true,"href":"https:\/\/aura-istanbul.com\/index.php\/wp-json\/wp\/v2\/media\/2301"}],"wp:attachment":[{"href":"https:\/\/aura-istanbul.com\/index.php\/wp-json\/wp\/v2\/media?parent=2519"}],"curies":[{"name":"wp","href":"https:\/\/api.w.org\/{rel}","templated":true}]}}