{"id":2643,"date":"2017-06-30T16:47:55","date_gmt":"2017-06-30T13:47:55","guid":{"rendered":"https:\/\/aura-istanbul.com\/?page_id=2643"},"modified":"2017-07-07T14:06:41","modified_gmt":"2017-07-07T11:06:41","slug":"busra-yeltekin","status":"publish","type":"page","link":"https:\/\/aura-istanbul.com\/index.php\/aura-yaz-akademisi-2017\/egitim\/busra-yeltekin\/","title":{"rendered":"B\u00fc\u015fra Yeltekin"},"content":{"rendered":"<div class=\"wpb-content-wrapper\"><p>[vc_row][vc_column width=&#8221;1\/3&#8243;][vc_single_image image=&#8221;2608&#8243; img_size=&#8221;large&#8221;][\/vc_column][vc_column width=&#8221;2\/3&#8243;][vc_column_text]<strong>B\u00dc\u015eRA YELTEK\u0130N<br \/>\n<\/strong><em>Mimar \/ Foto\u011fraf Sanat\u00e7\u0131s\u0131<\/em><\/p>\n<p>BAU Mimarl\u0131k Fak\u00fcltesinden mezun oldu. Mugokawa Womens University Osaka&#8217;da e\u011fitim ald\u0131. Y\u00fcksek lisans e\u011fitimine \u0130T\u00dc Mimari Tasar\u0131mda Bili\u015fim ile ba\u015flay\u0131p Bauhaus Universitat Weimar&#8217;da devam etti.<\/p>\n<p>Mimarl\u0131k ve foto\u011fraf\u0131n birbirini besleyen disiplinler oldu\u011funa inand\u0131. Japonya&#8217;da ald\u0131\u011f\u0131 e\u011fitimin katk\u0131s\u0131yla foto\u011frafta &#8220;g\u00f6stermek istedi\u011fini en sade \u015fekilde g\u00f6stermek&#8221; i aramaya ba\u015flad\u0131. Bu ba\u011flamda Japonya\u2019dan, G\u00fcney Amerika\u2019ya bir\u00e7ok yap\u0131y\u0131 foto\u011fraflad\u0131.<\/p>\n<p>Ulusal ve uluslararas\u0131 bir\u00e7ok mimarl\u0131k ve tasar\u0131m dergisinde foto\u011fraflar\u0131 yay\u0131nland\u0131. \u0130stanbul ve Lizbon&#8217;da foto\u011fraflar\u0131 sergilendi. Halen, mimar ve foto\u011fraf\u00e7\u0131 aras\u0131ndaki i\u00e7sel ba\u011f\u0131 ara\u015ft\u0131rmakta ve K,G:Mimarl\u0131k&#8217;ta tasar\u0131m tak\u0131m y\u00f6neticisi olarak \u00e7al\u0131\u015fmaktad\u0131r.[\/vc_column_text][\/vc_column][\/vc_row]<\/p>\n<\/div>","protected":false},"excerpt":{"rendered":"<p>[vc_row][vc_column width=&#8221;1\/3&#8243;][vc_single_image image=&#8221;2608&#8243; img_size=&#8221;large&#8221;][\/vc_column][vc_column width=&#8221;2\/3&#8243;][vc_column_text]B\u00dc\u015eRA YELTEK\u0130N Mimar \/ Foto\u011fraf Sanat\u00e7\u0131s\u0131 BAU Mimarl\u0131k Fak\u00fcltesinden mezun oldu. Mugokawa Womens University Osaka&#8217;da e\u011fitim ald\u0131. Y\u00fcksek lisans e\u011fitimine \u0130T\u00dc Mimari Tasar\u0131mda Bili\u015fim ile ba\u015flay\u0131p [&hellip;]<\/p>\n","protected":false},"author":2,"featured_media":2301,"parent":2616,"menu_order":0,"comment_status":"closed","ping_status":"closed","template":"","meta":{"_acf_changed":false,"_seopress_robots_primary_cat":"","_seopress_titles_title":"","_seopress_titles_desc":"","_seopress_robots_index":"","_price":"","_stock":"","_tribe_ticket_header":"","_tribe_default_ticket_provider":"","_tribe_ticket_capacity":"0","_ticket_start_date":"","_ticket_end_date":"","_tribe_ticket_show_description":"","_tribe_ticket_show_not_going":false,"_tribe_ticket_use_global_stock":"","_tribe_ticket_global_stock_level":"","_global_stock_mode":"","_global_stock_cap":"","_tribe_rsvp_for_event":"","_tribe_ticket_going_count":"","_tribe_ticket_not_going_count":"","_tribe_tickets_list":"[]","_tribe_ticket_has_attendee_info_fields":false,"_EventAllDay":false,"_EventTimezone":"","_EventStartDate":"","_EventEndDate":"","_EventStartDateUTC":"","_EventEndDateUTC":"","_EventShowMap":false,"_EventShowMapLink":false,"_EventURL":"","_EventCost":"","_EventCostDescription":"","_EventCurrencySymbol":"","_EventCurrencyCode":"","_EventCurrencyPosition":"","_EventDateTimeSeparator":"","_EventTimeRangeSeparator":"","_EventOrganizerID":[],"_EventVenueID":[],"_OrganizerEmail":"","_OrganizerPhone":"","_OrganizerWebsite":"","_VenueAddress":"","_VenueCity":"","_VenueCountry":"","_VenueProvince":"","_VenueState":"","_VenueZip":"","_VenuePhone":"","_VenueURL":"","_VenueStateProvince":"","_VenueLat":"","_VenueLng":"","_VenueShowMap":false,"_VenueShowMapLink":false,"footnotes":"","_tec_slr_enabled":"","_tec_slr_layout":""},"class_list":["post-2643","page","type-page","status-publish","has-post-thumbnail","hentry"],"acf":[],"ticketed":false,"_links":{"self":[{"href":"https:\/\/aura-istanbul.com\/index.php\/wp-json\/wp\/v2\/pages\/2643","targetHints":{"allow":["GET"]}}],"collection":[{"href":"https:\/\/aura-istanbul.com\/index.php\/wp-json\/wp\/v2\/pages"}],"about":[{"href":"https:\/\/aura-istanbul.com\/index.php\/wp-json\/wp\/v2\/types\/page"}],"author":[{"embeddable":true,"href":"https:\/\/aura-istanbul.com\/index.php\/wp-json\/wp\/v2\/users\/2"}],"replies":[{"embeddable":true,"href":"https:\/\/aura-istanbul.com\/index.php\/wp-json\/wp\/v2\/comments?post=2643"}],"version-history":[{"count":3,"href":"https:\/\/aura-istanbul.com\/index.php\/wp-json\/wp\/v2\/pages\/2643\/revisions"}],"predecessor-version":[{"id":2690,"href":"https:\/\/aura-istanbul.com\/index.php\/wp-json\/wp\/v2\/pages\/2643\/revisions\/2690"}],"up":[{"embeddable":true,"href":"https:\/\/aura-istanbul.com\/index.php\/wp-json\/wp\/v2\/pages\/2616"}],"wp:featuredmedia":[{"embeddable":true,"href":"https:\/\/aura-istanbul.com\/index.php\/wp-json\/wp\/v2\/media\/2301"}],"wp:attachment":[{"href":"https:\/\/aura-istanbul.com\/index.php\/wp-json\/wp\/v2\/media?parent=2643"}],"curies":[{"name":"wp","href":"https:\/\/api.w.org\/{rel}","templated":true}]}}

Büşra Yeltekin

<div class="wpb-content-wrapper"><p>[vc_row][vc_column width=&#8221;1/3&#8243;][vc_single_image image=&#8221;2608&#8243; img_size=&#8221;large&#8221;][/vc_column][vc_column width=&#8221;2/3&#8243;][vc_column_text]<strong>BÜŞRA YELTEKİN<br />
</strong><em>Mimar / Fotoğraf Sanatçısı</em></p>
<p>BAU Mimarlık Fakültesinden mezun oldu. Mugokawa Womens University Osaka&#8217;da eğitim aldı. Yüksek lisans eğitimine İTÜ Mimari Tasarımda Bilişim ile başlayıp Bauhaus Universitat Weimar&#8217;da devam etti.</p>
<p>Mimarlık ve fotoğrafın birbirini besleyen disiplinler olduğuna inandı. Japonya&#8217;da aldığı eğitimin katkısıyla fotoğrafta &#8220;göstermek istediğini en sade şekilde göstermek&#8221; i aramaya başladı. Bu bağlamda Japonya’dan, Güney Amerika’ya birçok yapıyı fotoğrafladı.</p>
<p>Ulusal ve uluslararası birçok mimarlık ve tasarım dergisinde fotoğrafları yayınlandı. İstanbul ve Lizbon&#8217;da fotoğrafları sergilendi. Halen, mimar ve fotoğrafçı arasındaki içsel bağı araştırmakta ve K,G:Mimarlık&#8217;ta tasarım takım yöneticisi olarak çalışmaktadır.[/vc_column_text][/vc_column][/vc_row]</p>
</div>

<p>[vc_row][vc_column width=&#8221;1/3&#8243;][vc_single_image image=&#8221;2608&#8243; img_size=&#8221;large&#8221;][/vc_column][vc_column width=&#8221;2/3&#8243;][vc_column_text]BÜŞRA YELTEKİN Mimar / Fotoğraf Sanatçısı BAU Mimarlık Fakültesinden mezun oldu. Mugokawa Womens University Osaka&#8217;da eğitim aldı. Yüksek lisans eğitimine İTÜ Mimari Tasarımda Bilişim ile başlayıp [&hellip;]</p>
