{"id":5348,"date":"2019-05-13T12:07:57","date_gmt":"2019-05-13T09:07:57","guid":{"rendered":"https:\/\/aura-istanbul.com\/?page_id=5348"},"modified":"2019-05-30T16:58:38","modified_gmt":"2019-05-30T13:58:38","slug":"sinan-izgi","status":"publish","type":"page","link":"https:\/\/aura-istanbul.com\/index.php\/about\/management\/sinan-izgi\/","title":{"rendered":"Sinan \u0130zgi"},"content":{"rendered":"<div class=\"wpb-content-wrapper\"><p>[vc_section][vc_row][vc_column width=&#8221;1\/3&#8243;][vc_single_image image=&#8221;3316&#8243; img_size=&#8221;full&#8221;][\/vc_column][vc_column width=&#8221;2\/3&#8243;][vc_column_text css_animation=&#8221;slideInRight&#8221;]<\/p>\n<h5><strong>Sinan\u00a0\u0130zgi \/\u00a0<em>Arch\u0131tect &#8211; Found\u0131ng Member<\/em><\/strong><\/h5>\n<p>After finishing his studies in Istanbul Sankt Georg Austrian High School, he graduated from \u00a0Mimar Sinan University, School of Architecture, as Master Architect in 1983. While he was still an undergraduate, he won an award in the Aga Khan competition \u2018Time and Space in Cumal\u0131k\u0131z\u0131k\u2019.<\/p>\n<p>After his graduation, he worked abroad as a site architect for a short time. In 1986, while he was enrolled in the PhD program in the field of Urban Design in Mimar Sinan University, \u00a0School of Urban Planning, he started his own practice, \u0130zgi Architectural Design. Up to the present, he managed about four hundred projects and their implementation in diverse subjects and different scales.<\/p>\n<p>One of his projects was published in the catalog for the Great Egyptian Museum Competition in 2003.<\/p>\n<p>The educational work he started in Y\u0131ld\u0131z Technical University School of Architecture as a visiting lecturer in 2004 continues in Mimar Sinan University as project workshop advisor since 2008.<\/p>\n<p>In addition to his work at the University, he lectures about ecology, sustainable design and planning on diverse platforms as well as working as workshop supervisor.[\/vc_column_text][\/vc_column][\/vc_row][\/vc_section]<\/p>\n<\/div>","protected":false},"excerpt":{"rendered":"<p>[vc_section][vc_row][vc_column width=&#8221;1\/3&#8243;][vc_single_image image=&#8221;3316&#8243; img_size=&#8221;full&#8221;][\/vc_column][vc_column width=&#8221;2\/3&#8243;][vc_column_text css_animation=&#8221;slideInRight&#8221;] Sinan\u00a0\u0130zgi \/\u00a0Arch\u0131tect &#8211; Found\u0131ng Member After finishing his studies in Istanbul Sankt Georg Austrian High School, he graduated from \u00a0Mimar Sinan University, School of [&hellip;]<\/p>\n","protected":false},"author":5,"featured_media":0,"parent":5336,"menu_order":0,"comment_status":"closed","ping_status":"closed","template":"","meta":{"_acf_changed":false,"_seopress_robots_primary_cat":"","_seopress_titles_title":"","_seopress_titles_desc":"","_seopress_robots_index":"","_price":"","_stock":"","_tribe_ticket_header":"","_tribe_default_ticket_provider":"","_tribe_ticket_capacity":"0","_ticket_start_date":"","_ticket_end_date":"","_tribe_ticket_show_description":"","_tribe_ticket_show_not_going":false,"_tribe_ticket_use_global_stock":"","_tribe_ticket_global_stock_level":"","_global_stock_mode":"","_global_stock_cap":"","_tribe_rsvp_for_event":"","_tribe_ticket_going_count":"","_tribe_ticket_not_going_count":"","_tribe_tickets_list":"[]","_tribe_ticket_has_attendee_info_fields":false,"_EventAllDay":false,"_EventTimezone":"","_EventStartDate":"","_EventEndDate":"","_EventStartDateUTC":"","_EventEndDateUTC":"","_EventShowMap":false,"_EventShowMapLink":false,"_EventURL":"","_EventCost":"","_EventCostDescription":"","_EventCurrencySymbol":"","_EventCurrencyCode":"","_EventCurrencyPosition":"","_EventDateTimeSeparator":"","_EventTimeRangeSeparator":"","_EventOrganizerID":[],"_EventVenueID":[],"_OrganizerEmail":"","_OrganizerPhone":"","_OrganizerWebsite":"","_VenueAddress":"","_VenueCity":"","_VenueCountry":"","_VenueProvince":"","_VenueState":"","_VenueZip":"","_VenuePhone":"","_VenueURL":"","_VenueStateProvince":"","_VenueLat":"","_VenueLng":"","_VenueShowMap":false,"_VenueShowMapLink":false,"footnotes":"","_tec_slr_enabled":"","_tec_slr_layout":""},"class_list":["post-5348","page","type-page","status-publish","hentry"],"acf":[],"ticketed":false,"_links":{"self":[{"href":"https:\/\/aura-istanbul.com\/index.php\/wp-json\/wp\/v2\/pages\/5348","targetHints":{"allow":["GET"]}}],"collection":[{"href":"https:\/\/aura-istanbul.com\/index.php\/wp-json\/wp\/v2\/pages"}],"about":[{"href":"https:\/\/aura-istanbul.com\/index.php\/wp-json\/wp\/v2\/types\/page"}],"author":[{"embeddable":true,"href":"https:\/\/aura-istanbul.com\/index.php\/wp-json\/wp\/v2\/users\/5"}],"replies":[{"embeddable":true,"href":"https:\/\/aura-istanbul.com\/index.php\/wp-json\/wp\/v2\/comments?post=5348"}],"version-history":[{"count":3,"href":"https:\/\/aura-istanbul.com\/index.php\/wp-json\/wp\/v2\/pages\/5348\/revisions"}],"predecessor-version":[{"id":5370,"href":"https:\/\/aura-istanbul.com\/index.php\/wp-json\/wp\/v2\/pages\/5348\/revisions\/5370"}],"up":[{"embeddable":true,"href":"https:\/\/aura-istanbul.com\/index.php\/wp-json\/wp\/v2\/pages\/5336"}],"wp:attachment":[{"href":"https:\/\/aura-istanbul.com\/index.php\/wp-json\/wp\/v2\/media?parent=5348"}],"curies":[{"name":"wp","href":"https:\/\/api.w.org\/{rel}","templated":true}]}}