{"id":5359,"date":"2019-05-13T12:32:32","date_gmt":"2019-05-13T09:32:32","guid":{"rendered":"https:\/\/aura-istanbul.com\/?page_id=5359"},"modified":"2019-05-30T17:23:55","modified_gmt":"2019-05-30T14:23:55","slug":"orcun-horozoglu","status":"publish","type":"page","link":"https:\/\/aura-istanbul.com\/index.php\/about\/management\/orcun-horozoglu\/","title":{"rendered":"Or\u00e7un Horozo\u011flu"},"content":{"rendered":"<div class=\"wpb-content-wrapper\"><p>[vc_section][vc_row][vc_column width=&#8221;1\/3&#8243;][vc_single_image image=&#8221;2286&#8243; img_size=&#8221;full&#8221;][\/vc_column][vc_column width=&#8221;2\/3&#8243;][vc_column_text css_animation=&#8221;slideInRight&#8221;]<\/p>\n<h5><strong>Or\u00e7un\u00a0Horozo\u011flu \/\u00a0<\/strong><strong><em>Lawyer<\/em><\/strong><em>&#8211; Found\u0131ng Member<\/em><\/h5>\n<p>Born in 1984, Or\u00e7un Horozo\u011flu, completed middle and high school \u00a0at what was formerly known as the Kad\u0131k\u00f6y Maarif College, presently named Kad\u0131k\u00f6y Anatolian High School. After his graduation from \u0130stanbul University Law School in 2007, he completed his master\u2019s degree in the department of Special (Proprietary? Personal? Ad Hoc?) Law \u00a0in 2010. His thesis on the \u201cDe Jure Rejection of Inheritance\u201d has been accepted and published. He took part in the Dispute Resolution on Civil Law program in University of London City Law School while studying for his degree. In the PhD program he started in the same department in 2011, he completed his qualification exams and is currently writing his thesis on (Obligations? Contracts and Torts?) Law.<\/p>\n<p>Horozo\u011flu who has been working for his private practice since 2008, continues to pursue academic interests and research. His articles on inheritance and contracts and torts law were published in several international and national journals while he was conducting his graduate and doctorate studies. He has presented in the tribute conference for Prof Dr. \u0130smet Sungurbey from the Istanbul Bar Association, on the topic of \u201cConference on the General Provisions of Contracts and Torts Law\u201d. This presentation was later published in the conference book and has receved an award for the same. Between 2012 \u2013 2014 he made a program for TV named \u201cAsk Your Lawyer\u201d and advised people on their legal problems. Lastly, he has a new monograph called \u201cUnexpected situations and Hardship during Urban Transformations Regarding Construction Agreements in Return for Land Share\u201d\u00a0 and a book called \u201cReflections of Overtime in Labor Law on Different Professions\u201d he is still working on.<\/p>\n<p>Horozo\u011flu, presently working with his spouse Bur\u00e7ak Horozo\u011flu in the Horozo\u011flu Law Offices, also works as an expert for the Istanbul Courts Justice Division and works with new graduates not only to provide them with an internship opportunity but for the mutual learning experience it provides.[\/vc_column_text][\/vc_column][\/vc_row][\/vc_section]<\/p>\n<\/div>","protected":false},"excerpt":{"rendered":"<p>[vc_section][vc_row][vc_column width=&#8221;1\/3&#8243;][vc_single_image image=&#8221;2286&#8243; img_size=&#8221;full&#8221;][\/vc_column][vc_column width=&#8221;2\/3&#8243;][vc_column_text css_animation=&#8221;slideInRight&#8221;] Or\u00e7un\u00a0Horozo\u011flu \/\u00a0Lawyer&#8211; Found\u0131ng Member Born in 1984, Or\u00e7un Horozo\u011flu, completed middle and high school \u00a0at what was formerly known as the Kad\u0131k\u00f6y Maarif College, [&hellip;]<\/p>\n","protected":false},"author":5,"featured_media":0,"parent":5336,"menu_order":0,"comment_status":"closed","ping_status":"closed","template":"","meta":{"_acf_changed":false,"_seopress_robots_primary_cat":"","_seopress_titles_title":"","_seopress_titles_desc":"","_seopress_robots_index":"","_price":"","_stock":"","_tribe_ticket_header":"","_tribe_default_ticket_provider":"","_tribe_ticket_capacity":"0","_ticket_start_date":"","_ticket_end_date":"","_tribe_ticket_show_description":"","_tribe_ticket_show_not_going":false,"_tribe_ticket_use_global_stock":"","_tribe_ticket_global_stock_level":"","_global_stock_mode":"","_global_stock_cap":"","_tribe_rsvp_for_event":"","_tribe_ticket_going_count":"","_tribe_ticket_not_going_count":"","_tribe_tickets_list":"[]","_tribe_ticket_has_attendee_info_fields":false,"_EventAllDay":false,"_EventTimezone":"","_EventStartDate":"","_EventEndDate":"","_EventStartDateUTC":"","_EventEndDateUTC":"","_EventShowMap":false,"_EventShowMapLink":false,"_EventURL":"","_EventCost":"","_EventCostDescription":"","_EventCurrencySymbol":"","_EventCurrencyCode":"","_EventCurrencyPosition":"","_EventDateTimeSeparator":"","_EventTimeRangeSeparator":"","_EventOrganizerID":[],"_EventVenueID":[],"_OrganizerEmail":"","_OrganizerPhone":"","_OrganizerWebsite":"","_VenueAddress":"","_VenueCity":"","_VenueCountry":"","_VenueProvince":"","_VenueState":"","_VenueZip":"","_VenuePhone":"","_VenueURL":"","_VenueStateProvince":"","_VenueLat":"","_VenueLng":"","_VenueShowMap":false,"_VenueShowMapLink":false,"footnotes":"","_tec_slr_enabled":"","_tec_slr_layout":""},"class_list":["post-5359","page","type-page","status-publish","hentry"],"acf":[],"ticketed":false,"_links":{"self":[{"href":"https:\/\/aura-istanbul.com\/index.php\/wp-json\/wp\/v2\/pages\/5359","targetHints":{"allow":["GET"]}}],"collection":[{"href":"https:\/\/aura-istanbul.com\/index.php\/wp-json\/wp\/v2\/pages"}],"about":[{"href":"https:\/\/aura-istanbul.com\/index.php\/wp-json\/wp\/v2\/types\/page"}],"author":[{"embeddable":true,"href":"https:\/\/aura-istanbul.com\/index.php\/wp-json\/wp\/v2\/users\/5"}],"replies":[{"embeddable":true,"href":"https:\/\/aura-istanbul.com\/index.php\/wp-json\/wp\/v2\/comments?post=5359"}],"version-history":[{"count":2,"href":"https:\/\/aura-istanbul.com\/index.php\/wp-json\/wp\/v2\/pages\/5359\/revisions"}],"predecessor-version":[{"id":5422,"href":"https:\/\/aura-istanbul.com\/index.php\/wp-json\/wp\/v2\/pages\/5359\/revisions\/5422"}],"up":[{"embeddable":true,"href":"https:\/\/aura-istanbul.com\/index.php\/wp-json\/wp\/v2\/pages\/5336"}],"wp:attachment":[{"href":"https:\/\/aura-istanbul.com\/index.php\/wp-json\/wp\/v2\/media?parent=5359"}],"curies":[{"name":"wp","href":"https:\/\/api.w.org\/{rel}","templated":true}]}}