{"id":5454,"date":"2019-06-10T11:33:24","date_gmt":"2019-06-10T08:33:24","guid":{"rendered":"https:\/\/aura-istanbul.com\/?page_id=5454"},"modified":"2019-06-10T11:39:37","modified_gmt":"2019-06-10T08:39:37","slug":"cem-gunubek","status":"publish","type":"page","link":"https:\/\/aura-istanbul.com\/index.php\/about\/management\/cem-gunubek\/","title":{"rendered":"Cem G\u00fcn\u00fcbek"},"content":{"rendered":"<div class=\"wpb-content-wrapper\"><p>[vc_section][vc_row][vc_column width=&#8221;1\/3&#8243;][vc_single_image image=&#8221;5433&#8243; img_size=&#8221;full&#8221;][\/vc_column][vc_column width=&#8221;2\/3&#8243;][vc_column_text css_animation=&#8221;slideInRight&#8221;]<\/p>\n<h5><strong>Cem G\u00fcn\u00fcbek <em>Graphic Designer<\/em><\/strong><em>&#8211; Creative Advisor<\/em><\/h5>\n<p>G\u00fcn\u00fcbek graduated from \u0130stanbul State Academy of Fine Arts, Department of Graphic Design, known as Mimar Sinan University today. Between 1988-1998, he worked as a creative director in his self-founded creative agencies, working primarily on advertising and promotion. Since 1998, he continues his graphic design work in \u0130stanbul as a freelance designer. He produced more than two hundred work in his special field of interest; books and book covers. He continues his graphic design and artistic consultancy work and lectures in Beykent University in the Department of Graphic Design and Visual Communication.<\/p>\n<ul>\n<li>He works as the creative and corporate identity consultant for AURA-\u0130stanbul since its foundation.<\/li>\n<li>In 2018, he held a solo photography exhibition in Stoneline Art Gallery, named \u2018Stone Form of Art\u2019.<\/li>\n<li>In 2010, he received a certification as Adobe Publishing Expert.<\/li>\n<li>His work on Graphic Design had been exhibited in 1996-1997 at Graphic Designers Professional Organisation. He was awarded in Brochure field in 1996 Exhibition.<\/li>\n<li>His work on Photography had been exhibited in \u0130FSAK 6<sup>th<\/sup> Photography Competition in 1985 nationally and internationally.<\/li>\n<li>In 1984, he received second prize in Milliyet Art Magazine-Abdi \u0130pek\u00e7i Book Cover Competition.<\/li>\n<\/ul>\n<p>[\/vc_column_text][\/vc_column][\/vc_row][\/vc_section]<\/p>\n<\/div>","protected":false},"excerpt":{"rendered":"<p>[vc_section][vc_row][vc_column width=&#8221;1\/3&#8243;][vc_single_image image=&#8221;5433&#8243; img_size=&#8221;full&#8221;][\/vc_column][vc_column width=&#8221;2\/3&#8243;][vc_column_text css_animation=&#8221;slideInRight&#8221;] Cem G\u00fcn\u00fcbek Graphic Designer&#8211; Creative Advisor G\u00fcn\u00fcbek graduated from \u0130stanbul State Academy of Fine Arts, Department of Graphic Design, known as Mimar Sinan University [&hellip;]<\/p>\n","protected":false},"author":5,"featured_media":0,"parent":5336,"menu_order":0,"comment_status":"closed","ping_status":"closed","template":"","meta":{"_acf_changed":false,"_seopress_robots_primary_cat":"","_seopress_titles_title":"Cem G\u00fcn\u00fcbek | %%sitetitle%%","_seopress_titles_desc":"","_seopress_robots_index":"","_price":"","_stock":"","_tribe_ticket_header":"","_tribe_default_ticket_provider":"","_tribe_ticket_capacity":"0","_ticket_start_date":"","_ticket_end_date":"","_tribe_ticket_show_description":"","_tribe_ticket_show_not_going":false,"_tribe_ticket_use_global_stock":"","_tribe_ticket_global_stock_level":"","_global_stock_mode":"","_global_stock_cap":"","_tribe_rsvp_for_event":"","_tribe_ticket_going_count":"","_tribe_ticket_not_going_count":"","_tribe_tickets_list":"[]","_tribe_ticket_has_attendee_info_fields":false,"_EventAllDay":false,"_EventTimezone":"","_EventStartDate":"","_EventEndDate":"","_EventStartDateUTC":"","_EventEndDateUTC":"","_EventShowMap":false,"_EventShowMapLink":false,"_EventURL":"","_EventCost":"","_EventCostDescription":"","_EventCurrencySymbol":"","_EventCurrencyCode":"","_EventCurrencyPosition":"","_EventDateTimeSeparator":"","_EventTimeRangeSeparator":"","_EventOrganizerID":[],"_EventVenueID":[],"_OrganizerEmail":"","_OrganizerPhone":"","_OrganizerWebsite":"","_VenueAddress":"","_VenueCity":"","_VenueCountry":"","_VenueProvince":"","_VenueState":"","_VenueZip":"","_VenuePhone":"","_VenueURL":"","_VenueStateProvince":"","_VenueLat":"","_VenueLng":"","_VenueShowMap":false,"_VenueShowMapLink":false,"footnotes":"","_tec_slr_enabled":"","_tec_slr_layout":""},"class_list":["post-5454","page","type-page","status-publish","hentry"],"acf":[],"ticketed":false,"_links":{"self":[{"href":"https:\/\/aura-istanbul.com\/index.php\/wp-json\/wp\/v2\/pages\/5454","targetHints":{"allow":["GET"]}}],"collection":[{"href":"https:\/\/aura-istanbul.com\/index.php\/wp-json\/wp\/v2\/pages"}],"about":[{"href":"https:\/\/aura-istanbul.com\/index.php\/wp-json\/wp\/v2\/types\/page"}],"author":[{"embeddable":true,"href":"https:\/\/aura-istanbul.com\/index.php\/wp-json\/wp\/v2\/users\/5"}],"replies":[{"embeddable":true,"href":"https:\/\/aura-istanbul.com\/index.php\/wp-json\/wp\/v2\/comments?post=5454"}],"version-history":[{"count":3,"href":"https:\/\/aura-istanbul.com\/index.php\/wp-json\/wp\/v2\/pages\/5454\/revisions"}],"predecessor-version":[{"id":5457,"href":"https:\/\/aura-istanbul.com\/index.php\/wp-json\/wp\/v2\/pages\/5454\/revisions\/5457"}],"up":[{"embeddable":true,"href":"https:\/\/aura-istanbul.com\/index.php\/wp-json\/wp\/v2\/pages\/5336"}],"wp:attachment":[{"href":"https:\/\/aura-istanbul.com\/index.php\/wp-json\/wp\/v2\/media?parent=5454"}],"curies":[{"name":"wp","href":"https:\/\/api.w.org\/{rel}","templated":true}]}}

Cem Günübek

<div class="wpb-content-wrapper"><p>[vc_section][vc_row][vc_column width=&#8221;1/3&#8243;][vc_single_image image=&#8221;5433&#8243; img_size=&#8221;full&#8221;][/vc_column][vc_column width=&#8221;2/3&#8243;][vc_column_text css_animation=&#8221;slideInRight&#8221;]</p>
<h5><strong>Cem Günübek <em>Graphic Designer</em></strong><em>&#8211; Creative Advisor</em></h5>
<p>Günübek graduated from İstanbul State Academy of Fine Arts, Department of Graphic Design, known as Mimar Sinan University today. Between 1988-1998, he worked as a creative director in his self-founded creative agencies, working primarily on advertising and promotion. Since 1998, he continues his graphic design work in İstanbul as a freelance designer. He produced more than two hundred work in his special field of interest; books and book covers. He continues his graphic design and artistic consultancy work and lectures in Beykent University in the Department of Graphic Design and Visual Communication.</p>
<ul>
<li>He works as the creative and corporate identity consultant for AURA-İstanbul since its foundation.</li>
<li>In 2018, he held a solo photography exhibition in Stoneline Art Gallery, named ‘Stone Form of Art’.</li>
<li>In 2010, he received a certification as Adobe Publishing Expert.</li>
<li>His work on Graphic Design had been exhibited in 1996-1997 at Graphic Designers Professional Organisation. He was awarded in Brochure field in 1996 Exhibition.</li>
<li>His work on Photography had been exhibited in İFSAK 6<sup>th</sup> Photography Competition in 1985 nationally and internationally.</li>
<li>In 1984, he received second prize in Milliyet Art Magazine-Abdi İpekçi Book Cover Competition.</li>
</ul>
<p>[/vc_column_text][/vc_column][/vc_row][/vc_section]</p>
</div>

<p>[vc_section][vc_row][vc_column width=&#8221;1/3&#8243;][vc_single_image image=&#8221;5433&#8243; img_size=&#8221;full&#8221;][/vc_column][vc_column width=&#8221;2/3&#8243;][vc_column_text css_animation=&#8221;slideInRight&#8221;] Cem Günübek Graphic Designer&#8211; Creative Advisor Günübek graduated from İstanbul State Academy of Fine Arts, Department of Graphic Design, known as Mimar Sinan University [&hellip;]</p>

Cem Günübek | %%sitetitle%%
