{"id":7460,"date":"2020-09-01T11:16:10","date_gmt":"2020-09-01T08:16:10","guid":{"rendered":"https:\/\/aura-istanbul.com\/?page_id=7460"},"modified":"2020-09-18T14:46:31","modified_gmt":"2020-09-18T11:46:31","slug":"aura-alumni-hande-metin","status":"publish","type":"page","link":"https:\/\/aura-istanbul.com\/index.php\/aura-alumni-hande-metin\/","title":{"rendered":"AURA Alumni: Hande Metin"},"content":{"rendered":"<div class=\"wpb-content-wrapper\"><p>[vc_section][vc_row][vc_column width=&#8221;1\/6&#8243;][vc_single_image image=&#8221;7264&#8243; img_size=&#8221;large&#8221; alignment=&#8221;center&#8221;][vc_empty_space][vc_column_text]<strong>Hande Metin<\/strong>[\/vc_column_text][vc_empty_space height=&#8221;16px&#8221;][vc_column_text]Mimar<br \/>\nBah\u00e7e\u015fehir \u00dcniversitesi<\/p>\n<p>Bahar 2020<br \/>\nDan\u0131\u015fman: Cem \u0130lhan &#8211; Devrim \u00c7imen[\/vc_column_text][vc_empty_space][vc_row_inner][vc_column_inner width=&#8221;1\/4&#8243;][vc_icon icon_fontawesome=&#8221;fa fa-envelope-o&#8221; color=&#8221;chino&#8221; size=&#8221;xs&#8221;][\/vc_column_inner][vc_column_inner width=&#8221;1\/4&#8243;][vc_icon icon_fontawesome=&#8221;fa fa-linkedin&#8221; color=&#8221;chino&#8221; size=&#8221;xs&#8221; link=&#8221;url:https%3A%2F%2Fwww.linkedin.com%2Fin%2Fhande-metin-4668a0116%2F||target:%20_blank|&#8221;][\/vc_column_inner][vc_column_inner width=&#8221;1\/4&#8243;][vc_icon icon_fontawesome=&#8221;fa fa-behance&#8221; color=&#8221;chino&#8221; size=&#8221;xs&#8221; link=&#8221;url:https%3A%2F%2Fwww.behance.net%2Fhandemetin||target:%20_blank|&#8221;][\/vc_column_inner][\/vc_row_inner][\/vc_column][vc_column width=&#8221;2\/3&#8243;][vc_column_text]<\/p>\n<p style=\"text-align: left;\"><strong>Kent \u2013 Sanat \u2013 Mekan \u0130li\u015fkileri Ba\u011flam\u0131nda \u0130stanbul Bienalleri Okumas\u0131<\/strong><\/p>\n<p>[\/vc_column_text][vc_column_text]Temelinde sanat, kent ve mek\u00e2n ili\u015fki ve etkile\u015fimlerinin sahip oldu\u011fu potansiyelleri tart\u0131\u015fma motivasyonun yer ald\u0131\u011f\u0131 bu \u00e7al\u0131\u015fma, kentsel mek\u00e2nda tekrar eden bir sanatsal etkinlik olan \u0130stanbul Bienali \u00f6rne\u011fi \u00fczerinden ele al\u0131nm\u0131\u015ft\u0131r. Bu do\u011frultuda kent ve kentsel mek\u00e2n\u0131n modern hayat ve k\u00fcreselle\u015fme sonucunda de\u011fi\u015fen, d\u00f6n\u00fc\u015fen ve kaybolan i\u015flevleri incelenmi\u015ftir. Kullan\u0131c\u0131 ve mekanla ileti\u015fim\/etkile\u015fim kurma potansiyeline sahip olan sanat arac\u0131l\u0131\u011f\u0131yla insanlar\u0131 birbirine ba\u011flayacak ihtimalleri olu\u015fturan ve toplumsal ili\u015fkiler \u00fcretilecek mekansalla\u015fmalar yarat\u0131lmas\u0131 ve beraberinde kent mekan\u0131n\u0131n sanat ile var olan potansiyellerinin ortaya \u00e7\u0131kar\u0131lmas\u0131 konu edinilmi\u015ftir.<\/p>\n<p>Anahtar Kelimeler: kent, kentsel mekan, sanat, etkile\u015fim, \u0130stanbul Bienali[\/vc_column_text][vc_empty_space][vc_gallery interval=&#8221;10&#8243; images=&#8221;7465,7466,7467,7468,7469&#8243; img_size=&#8221;full&#8221;][vc_empty_space][\/vc_column][vc_column width=&#8221;1\/6&#8243;][vc_single_image image=&#8221;7470&#8243; img_size=&#8221;full&#8221; alignment=&#8221;center&#8221; style=&#8221;vc_box_border&#8221; onclick=&#8221;custom_link&#8221; img_link_target=&#8221;_blank&#8221; link=&#8221;https:\/\/issuu.com\/home\/published\/hande_metin&#8221;][vc_empty_space height=&#8221;16px&#8221;][vc_row_inner][vc_column_inner][vc_column_text]<\/p>\n<ul>\n<li>Projeyi incelemek i\u00e7in <a href=\"https:\/\/issuu.com\/aura-istanbul\/docs\/hande_metin\">t\u0131klay\u0131n.<\/a><\/li>\n<li>Projenin web sitesi i\u00e7in <a href=\"https:\/\/istanbulbienalleri.wixsite.com\/auraistanbul\">t\u0131klay\u0131n.<\/a><\/li>\n<\/ul>\n<p>[\/vc_column_text][\/vc_column_inner][\/vc_row_inner][vc_empty_space height=&#8221;16px&#8221;][\/vc_column][\/vc_row][\/vc_section]<\/p>\n<\/div>","protected":false},"excerpt":{"rendered":"<p>[vc_section][vc_row][vc_column width=&#8221;1\/6&#8243;][vc_single_image image=&#8221;7264&#8243; img_size=&#8221;large&#8221; alignment=&#8221;center&#8221;][vc_empty_space][vc_column_text]Hande Metin[\/vc_column_text][vc_empty_space height=&#8221;16px&#8221;][vc_column_text]Mimar Bah\u00e7e\u015fehir \u00dcniversitesi Bahar 2020 Dan\u0131\u015fman: Cem \u0130lhan &#8211; Devrim \u00c7imen[\/vc_column_text][vc_empty_space][vc_row_inner][vc_column_inner width=&#8221;1\/4&#8243;][vc_icon icon_fontawesome=&#8221;fa fa-envelope-o&#8221; color=&#8221;chino&#8221; size=&#8221;xs&#8221;][\/vc_column_inner][vc_column_inner width=&#8221;1\/4&#8243;][vc_icon icon_fontawesome=&#8221;fa fa-linkedin&#8221; color=&#8221;chino&#8221; size=&#8221;xs&#8221; link=&#8221;url:https%3A%2F%2Fwww.linkedin.com%2Fin%2Fhande-metin-4668a0116%2F||target:%20_blank|&#8221;][\/vc_column_inner][vc_column_inner width=&#8221;1\/4&#8243;][vc_icon icon_fontawesome=&#8221;fa [&hellip;]<\/p>\n","protected":false},"author":7,"featured_media":0,"parent":0,"menu_order":0,"comment_status":"closed","ping_status":"closed","template":"","meta":{"_acf_changed":false,"_seopress_robots_primary_cat":"","_seopress_titles_title":"Kent - Sanat - Mekan \u0130li\u015fkileri Ba\u011flam\u0131nda \u0130stanbul Bienalleri Okumas\u0131, Hande Metin | %%sitetitle%%","_seopress_titles_desc":"Temelinde sanat, kent ve mek\u00e2n ili\u015fki ve etkile\u015fimlerinin sahip oldu\u011fu potansiyelleri tart\u0131\u015fma motivasyonun yer ald\u0131\u011f\u0131 bu \u00e7al\u0131\u015fma, kentsel mek\u00e2nda tekrar eden bir sanatsal etkinlik olan \u0130stanbul Bienali \u00f6rne\u011fi \u00fczerinden ele al\u0131nm\u0131\u015ft\u0131r.","_seopress_robots_index":"","_price":"","_stock":"","_tribe_ticket_header":"","_tribe_default_ticket_provider":"","_tribe_ticket_capacity":"0","_ticket_start_date":"","_ticket_end_date":"","_tribe_ticket_show_description":"","_tribe_ticket_show_not_going":false,"_tribe_ticket_use_global_stock":"","_tribe_ticket_global_stock_level":"","_global_stock_mode":"","_global_stock_cap":"","_tribe_rsvp_for_event":"","_tribe_ticket_going_count":"","_tribe_ticket_not_going_count":"","_tribe_tickets_list":"[]","_tribe_ticket_has_attendee_info_fields":false,"_EventAllDay":false,"_EventTimezone":"","_EventStartDate":"","_EventEndDate":"","_EventStartDateUTC":"","_EventEndDateUTC":"","_EventShowMap":false,"_EventShowMapLink":false,"_EventURL":"","_EventCost":"","_EventCostDescription":"","_EventCurrencySymbol":"","_EventCurrencyCode":"","_EventCurrencyPosition":"","_EventDateTimeSeparator":"","_EventTimeRangeSeparator":"","_EventOrganizerID":[],"_EventVenueID":[],"_OrganizerEmail":"","_OrganizerPhone":"","_OrganizerWebsite":"","_VenueAddress":"","_VenueCity":"","_VenueCountry":"","_VenueProvince":"","_VenueState":"","_VenueZip":"","_VenuePhone":"","_VenueURL":"","_VenueStateProvince":"","_VenueLat":"","_VenueLng":"","_VenueShowMap":false,"_VenueShowMapLink":false,"footnotes":"","_tec_slr_enabled":"","_tec_slr_layout":""},"class_list":["post-7460","page","type-page","status-publish","hentry"],"acf":[],"ticketed":false,"_links":{"self":[{"href":"https:\/\/aura-istanbul.com\/index.php\/wp-json\/wp\/v2\/pages\/7460","targetHints":{"allow":["GET"]}}],"collection":[{"href":"https:\/\/aura-istanbul.com\/index.php\/wp-json\/wp\/v2\/pages"}],"about":[{"href":"https:\/\/aura-istanbul.com\/index.php\/wp-json\/wp\/v2\/types\/page"}],"author":[{"embeddable":true,"href":"https:\/\/aura-istanbul.com\/index.php\/wp-json\/wp\/v2\/users\/7"}],"replies":[{"embeddable":true,"href":"https:\/\/aura-istanbul.com\/index.php\/wp-json\/wp\/v2\/comments?post=7460"}],"version-history":[{"count":13,"href":"https:\/\/aura-istanbul.com\/index.php\/wp-json\/wp\/v2\/pages\/7460\/revisions"}],"predecessor-version":[{"id":7810,"href":"https:\/\/aura-istanbul.com\/index.php\/wp-json\/wp\/v2\/pages\/7460\/revisions\/7810"}],"wp:attachment":[{"href":"https:\/\/aura-istanbul.com\/index.php\/wp-json\/wp\/v2\/media?parent=7460"}],"curies":[{"name":"wp","href":"https:\/\/api.w.org\/{rel}","templated":true}]}}