{"id":8607,"date":"2021-02-25T13:51:25","date_gmt":"2021-02-25T10:51:25","guid":{"rendered":"https:\/\/aura-istanbul.com\/?page_id=8607"},"modified":"2021-02-25T13:51:25","modified_gmt":"2021-02-25T10:51:25","slug":"aura-alumni-antonin-brinda","status":"publish","type":"page","link":"https:\/\/aura-istanbul.com\/index.php\/aura-alumni-antonin-brinda\/","title":{"rendered":"AURA Alumni: Antonin Brinda"},"content":{"rendered":"<div class=\"wpb-content-wrapper\"><p>[vc_section][vc_row][vc_column width=&#8221;1\/6&#8243;][vc_single_image image=&#8221;8582&#8243; img_size=&#8221;large&#8221; alignment=&#8221;center&#8221;][vc_empty_space][vc_column_text]<strong>Antonin Brinda<\/strong>[\/vc_column_text][vc_empty_space height=&#8221;16px&#8221;][vc_column_text]Performans Sanat\u00e7\u0131s\u0131<br \/>\nTheatre Academy of the University of the Arts<br \/>\nHelsinki, FI<\/p>\n<p>G\u00fcz 2020<br \/>\nDan\u0131\u015fman: B\u00fc\u015fra Al &#8211; Sinan Logie[\/vc_column_text][vc_empty_space][vc_row_inner][vc_column_inner width=&#8221;1\/4&#8243;][vc_icon icon_fontawesome=&#8221;fa fa-envelope-o&#8221; color=&#8221;chino&#8221; size=&#8221;xs&#8221; link=&#8221;url:mailto%3Aa.brinda%40seznam.cz||target:%20_blank|&#8221;][\/vc_column_inner][vc_column_inner width=&#8221;1\/4&#8243;][vc_icon icon_fontawesome=&#8221;fa fa-globe&#8221; color=&#8221;chino&#8221; size=&#8221;xs&#8221; link=&#8221;url:http%3A%2F%2Fantoninbrinda.com%2F|||&#8221;][\/vc_column_inner][vc_column_inner width=&#8221;1\/4&#8243;][\/vc_column_inner][\/vc_row_inner][\/vc_column][vc_column width=&#8221;2\/3&#8243;][vc_column_text]<\/p>\n<p style=\"text-align: left;\"><strong>\u0130stanbul Sular\u0131nda Yolculuk<\/strong><\/p>\n<p>[\/vc_column_text][vc_column_text]Proje, \u0130stanbul\u2019un feribot a\u011flar\u0131n\u0131n mevcut durumunu ve \u0130stanbul i\u00e7in g\u00fcn\u00fcm\u00fczdeki \u00f6nemini ara\u015ft\u0131r\u0131r. Bu proje \u0130stanbul\u2019da ge\u00e7ici olarak ikamet eden, \u00c7ek Cumhuriyeti&#8217;nden T\u00fcrkiye\u2019ye gelen bir ziyaret\u00e7inin perspektifinden yaz\u0131lm\u0131\u015ft\u0131r.<\/p>\n<p>Ara\u015ft\u0131rmaya, bir performans sanat\u00e7\u0131s\u0131n\u0131n g\u00f6z\u00fcnden \u201cperformans\u201d kavram\u0131yla yakla\u015f\u0131lm\u0131\u015ft\u0131r. \u00c7al\u0131\u015fma, ya\u015fad\u0131\u011f\u0131m\u0131z Covid-19 Pandemisinin \u0130stanbul feribot ula\u015f\u0131m a\u011f\u0131 da dahil olmak \u00fczere teknolojiye olan bak\u0131\u015f a\u00e7\u0131m\u0131z\u0131 yeniden ele almam\u0131za yard\u0131mc\u0131 olabilece\u011fini \u00f6ne s\u00fcrerek sona erer.<\/p>\n<p>Anahtar Kelimeler: Istanbul, feribotlar, ula\u015f\u0131m altyap\u0131s\u0131, su, teknoloji performans\u0131, performans sanat\u0131, y\u00fcr\u00fcy\u00fc\u015f sanat\u0131, alana \u00f6zg\u00fc sanat, kavramsal sanat, turizm kar\u015f\u0131t\u0131[\/vc_column_text][vc_empty_space][vc_gallery interval=&#8221;10&#8243; images=&#8221;8601,8602,8598,8599,8600&#8243; img_size=&#8221;full&#8221;][\/vc_column][vc_column width=&#8221;1\/6&#8243;][vc_single_image image=&#8221;8603&#8243; img_size=&#8221;full&#8221; alignment=&#8221;center&#8221; style=&#8221;vc_box_border&#8221; onclick=&#8221;custom_link&#8221; img_link_target=&#8221;_blank&#8221;][vc_empty_space height=&#8221;16px&#8221;][vc_row_inner][vc_column_inner][vc_column_text]<\/p>\n<ul>\n<li>Projeyi incelemek i\u00e7in <a href=\"http:\/\/antoninbrinda.com\/traversing-istanbul-waters\/\">t\u0131klay\u0131n.<\/a><\/li>\n<\/ul>\n<p>[\/vc_column_text][\/vc_column_inner][\/vc_row_inner][vc_empty_space height=&#8221;16px&#8221;][vc_row_inner][vc_column_inner width=&#8221;2\/3&#8243;][\/vc_column_inner][vc_column_inner width=&#8221;1\/3&#8243;][\/vc_column_inner][\/vc_row_inner][\/vc_column][\/vc_row][\/vc_section]<\/p>\n<\/div>","protected":false},"excerpt":{"rendered":"<p>[vc_section][vc_row][vc_column width=&#8221;1\/6&#8243;][vc_single_image image=&#8221;8582&#8243; img_size=&#8221;large&#8221; alignment=&#8221;center&#8221;][vc_empty_space][vc_column_text]Antonin Brinda[\/vc_column_text][vc_empty_space height=&#8221;16px&#8221;][vc_column_text]Performans Sanat\u00e7\u0131s\u0131 Theatre Academy of the University of the Arts Helsinki, FI G\u00fcz 2020 Dan\u0131\u015fman: B\u00fc\u015fra Al &#8211; Sinan Logie[\/vc_column_text][vc_empty_space][vc_row_inner][vc_column_inner width=&#8221;1\/4&#8243;][vc_icon icon_fontawesome=&#8221;fa fa-envelope-o&#8221; color=&#8221;chino&#8221; [&hellip;]<\/p>\n","protected":false},"author":7,"featured_media":0,"parent":0,"menu_order":0,"comment_status":"closed","ping_status":"closed","template":"","meta":{"_acf_changed":false,"_seopress_robots_primary_cat":"","_seopress_titles_title":"Antonin Brinda: \u0130stanbul Sular\u0131nda Yolculuk | %%sitetitle%%","_seopress_titles_desc":"Proje, \u0130stanbul\u2019un feribot a\u011flar\u0131n\u0131n mevcut durumunu ve \u0130stanbul i\u00e7in g\u00fcn\u00fcm\u00fczdeki \u00f6nemini ara\u015ft\u0131r\u0131r. Bu proje \u0130stanbul\u2019da ge\u00e7ici olarak ikamet eden, \u00c7ek Cumhuriyeti'nden T\u00fcrkiye\u2019ye gelen bir ziyaret\u00e7inin perspektifinden yaz\u0131lm\u0131\u015ft\u0131r.","_seopress_robots_index":"","_price":"","_stock":"","_tribe_ticket_header":"","_tribe_default_ticket_provider":"","_tribe_ticket_capacity":"0","_ticket_start_date":"","_ticket_end_date":"","_tribe_ticket_show_description":"","_tribe_ticket_show_not_going":false,"_tribe_ticket_use_global_stock":"","_tribe_ticket_global_stock_level":"","_global_stock_mode":"","_global_stock_cap":"","_tribe_rsvp_for_event":"","_tribe_ticket_going_count":"","_tribe_ticket_not_going_count":"","_tribe_tickets_list":"[]","_tribe_ticket_has_attendee_info_fields":false,"_EventAllDay":false,"_EventTimezone":"","_EventStartDate":"","_EventEndDate":"","_EventStartDateUTC":"","_EventEndDateUTC":"","_EventShowMap":false,"_EventShowMapLink":false,"_EventURL":"","_EventCost":"","_EventCostDescription":"","_EventCurrencySymbol":"","_EventCurrencyCode":"","_EventCurrencyPosition":"","_EventDateTimeSeparator":"","_EventTimeRangeSeparator":"","_EventOrganizerID":[],"_EventVenueID":[],"_OrganizerEmail":"","_OrganizerPhone":"","_OrganizerWebsite":"","_VenueAddress":"","_VenueCity":"","_VenueCountry":"","_VenueProvince":"","_VenueState":"","_VenueZip":"","_VenuePhone":"","_VenueURL":"","_VenueStateProvince":"","_VenueLat":"","_VenueLng":"","_VenueShowMap":false,"_VenueShowMapLink":false,"footnotes":"","_tec_slr_enabled":"","_tec_slr_layout":""},"class_list":["post-8607","page","type-page","status-publish","hentry"],"acf":[],"ticketed":false,"_links":{"self":[{"href":"https:\/\/aura-istanbul.com\/index.php\/wp-json\/wp\/v2\/pages\/8607","targetHints":{"allow":["GET"]}}],"collection":[{"href":"https:\/\/aura-istanbul.com\/index.php\/wp-json\/wp\/v2\/pages"}],"about":[{"href":"https:\/\/aura-istanbul.com\/index.php\/wp-json\/wp\/v2\/types\/page"}],"author":[{"embeddable":true,"href":"https:\/\/aura-istanbul.com\/index.php\/wp-json\/wp\/v2\/users\/7"}],"replies":[{"embeddable":true,"href":"https:\/\/aura-istanbul.com\/index.php\/wp-json\/wp\/v2\/comments?post=8607"}],"version-history":[{"count":1,"href":"https:\/\/aura-istanbul.com\/index.php\/wp-json\/wp\/v2\/pages\/8607\/revisions"}],"predecessor-version":[{"id":8608,"href":"https:\/\/aura-istanbul.com\/index.php\/wp-json\/wp\/v2\/pages\/8607\/revisions\/8608"}],"wp:attachment":[{"href":"https:\/\/aura-istanbul.com\/index.php\/wp-json\/wp\/v2\/media?parent=8607"}],"curies":[{"name":"wp","href":"https:\/\/api.w.org\/{rel}","templated":true}]}}