{"id":8621,"date":"2021-02-25T14:58:47","date_gmt":"2021-02-25T11:58:47","guid":{"rendered":"https:\/\/aura-istanbul.com\/?page_id=8621"},"modified":"2021-02-25T14:58:47","modified_gmt":"2021-02-25T11:58:47","slug":"aura-alumni-azime-irmak","status":"publish","type":"page","link":"https:\/\/aura-istanbul.com\/index.php\/aura-alumni-azime-irmak\/","title":{"rendered":"AURA Alumni: Azime Irmak"},"content":{"rendered":"<div class=\"wpb-content-wrapper\"><p>[vc_section][vc_row][vc_column width=&#8221;1\/6&#8243;][vc_single_image image=&#8221;8585&#8243; img_size=&#8221;large&#8221; alignment=&#8221;center&#8221;][vc_empty_space][vc_column_text]<b>Azime Irmak<\/b>[\/vc_column_text][vc_empty_space height=&#8221;16px&#8221;][vc_column_text]\u015eehir Planc\u0131s\u0131<br \/>\nDokuz Eyl\u00fcl \u00dcniversitesi<\/p>\n<p>G\u00fcz 2020<br \/>\nDan\u0131\u015fman: B\u00fc\u015fra Al &#8211; Sinan Logie[\/vc_column_text][vc_empty_space][vc_row_inner][vc_column_inner width=&#8221;1\/4&#8243;][vc_icon icon_fontawesome=&#8221;fa fa-envelope-o&#8221; color=&#8221;chino&#8221; size=&#8221;xs&#8221; link=&#8221;url:mailto%3Airmakazime7%40gmail.com||target:%20_blank|&#8221;][\/vc_column_inner][vc_column_inner width=&#8221;1\/4&#8243;][vc_icon icon_fontawesome=&#8221;fa fa-linkedin-square&#8221; color=&#8221;chino&#8221; size=&#8221;xs&#8221; link=&#8221;url:https%3A%2F%2Fwww.linkedin.com%2Fin%2Fazime-irmak-0baa56178%2F|||&#8221;][\/vc_column_inner][vc_column_inner width=&#8221;1\/4&#8243;][vc_icon icon_fontawesome=&#8221;fa fa-behance-square&#8221; color=&#8221;chino&#8221; size=&#8221;xs&#8221; link=&#8221;url:https%3A%2F%2Fwww.behance.net%2Fazimermak|||&#8221;][\/vc_column_inner][\/vc_row_inner][\/vc_column][vc_column width=&#8221;2\/3&#8243;][vc_column_text]<\/p>\n<p style=\"text-align: left;\"><strong>Kentsel Bellek \u00dczerinden Bo\u015fluk Kavram\u0131n\u0131n \u0130ncelenmesi<\/strong><\/p>\n<p>[\/vc_column_text][vc_column_text]\u00c7al\u0131\u015fmada, bo\u015fluk ve bellek kavramlar\u0131n\u0131n anlamlar\u0131 ve ili\u015fkileri \u00fczerinden, \u2018bo\u015fluk, kentsel belle\u011fin aktar\u0131lmas\u0131nda bir aray\u00fcz olabilir mi?\u2019 sorusuna yan\u0131t aranmaktad\u0131r. Bu nedenle bellek \u2013 mek\u00e2n ili\u015fkisi \u2018kentsel bo\u015fluklar\u2019 ba\u011flam\u0131nda tart\u0131\u015fmaya a\u00e7\u0131lmaktad\u0131r.<\/p>\n<p>\u00c7al\u0131\u015fman\u0131n ba\u015flang\u0131c\u0131nda, belle\u011fin zaman, mek\u00e2n, bireysel ve kolektif y\u00f6nleri tart\u0131\u015f\u0131lmaktad\u0131r. Belle\u011fi mek\u00e2n arac\u0131l\u0131\u011f\u0131yla d\u00fc\u015f\u00fcnmek ve daha iyi a\u00e7\u0131klayabilmek i\u00e7in \u0130zmir eski kent merkezinde bulunan Anafartalar Caddesi \u00fczerinde \u00e7al\u0131\u015fmalar yap\u0131lm\u0131\u015ft\u0131r. Belle\u011fin mek\u00e2nla kurdu\u011fu diyalog; sokak, meydan, avlu, otopark gibi kentsel bo\u015fluklar \u00fczerinden incelenmektedir.\u00a0\u00c7al\u0131\u015fman\u0131n son k\u0131sm\u0131, kente entegre olamayan art\u0131k\/eri\u015filemeyen bo\u015fluklar\u0131n birer an\u0131t mek\u00e2n olarak de\u011ferlendirilmesiyle olu\u015fturulmu\u015ftur.<\/p>\n<p>Anahtar Kelimeler: An\u0131t Mekanlar, Bellek, Bo\u015fluk, Haf\u0131za, Haf\u0131za Mekanlar\u0131, Haf\u0131za Mahalleri[\/vc_column_text][vc_empty_space][vc_gallery interval=&#8221;10&#8243; images=&#8221;8631,8633,8634,8635,8637&#8243; img_size=&#8221;full&#8221;][\/vc_column][vc_column width=&#8221;1\/6&#8243;][vc_single_image image=&#8221;8623&#8243; img_size=&#8221;full&#8221; alignment=&#8221;center&#8221; style=&#8221;vc_box_border&#8221; onclick=&#8221;custom_link&#8221; img_link_target=&#8221;_blank&#8221;][vc_empty_space height=&#8221;16px&#8221;][vc_row_inner][vc_column_inner][vc_column_text][\/vc_column_text][\/vc_column_inner][\/vc_row_inner][vc_row_inner][vc_column_inner width=&#8221;2\/3&#8243;][\/vc_column_inner][vc_column_inner width=&#8221;1\/3&#8243;][\/vc_column_inner][\/vc_row_inner][\/vc_column][\/vc_row][\/vc_section]<\/p>\n<\/div>","protected":false},"excerpt":{"rendered":"<p>[vc_section][vc_row][vc_column width=&#8221;1\/6&#8243;][vc_single_image image=&#8221;8585&#8243; img_size=&#8221;large&#8221; alignment=&#8221;center&#8221;][vc_empty_space][vc_column_text]Azime Irmak[\/vc_column_text][vc_empty_space height=&#8221;16px&#8221;][vc_column_text]\u015eehir Planc\u0131s\u0131 Dokuz Eyl\u00fcl \u00dcniversitesi G\u00fcz 2020 Dan\u0131\u015fman: B\u00fc\u015fra Al &#8211; Sinan Logie[\/vc_column_text][vc_empty_space][vc_row_inner][vc_column_inner width=&#8221;1\/4&#8243;][vc_icon icon_fontawesome=&#8221;fa fa-envelope-o&#8221; color=&#8221;chino&#8221; size=&#8221;xs&#8221; link=&#8221;url:mailto%3Airmakazime7%40gmail.com||target:%20_blank|&#8221;][\/vc_column_inner][vc_column_inner width=&#8221;1\/4&#8243;][vc_icon icon_fontawesome=&#8221;fa fa-linkedin-square&#8221; color=&#8221;chino&#8221; size=&#8221;xs&#8221; [&hellip;]<\/p>\n","protected":false},"author":7,"featured_media":0,"parent":0,"menu_order":0,"comment_status":"closed","ping_status":"closed","template":"","meta":{"_acf_changed":false,"_seopress_robots_primary_cat":"","_seopress_titles_title":"Azime Irmak: Kentsel Bellek \u00dczerinden Bo\u015fluk Kavram\u0131n\u0131n \u0130ncelenmesi | %%sitetitle%%","_seopress_titles_desc":"\u00c7al\u0131\u015fmada, bo\u015fluk ve bellek kavramlar\u0131n\u0131n anlamlar\u0131 ve ili\u015fkileri \u00fczerinden, \u2018bo\u015fluk, kentsel belle\u011fin aktar\u0131lmas\u0131nda bir aray\u00fcz olabilir mi?\u2019 sorusuna yan\u0131t aranmaktad\u0131r. Bu nedenle bellek \u2013 mek\u00e2n ili\u015fkisi \u2018kentsel bo\u015fluklar\u2019 ba\u011flam\u0131nda tart\u0131\u015fmaya a\u00e7\u0131lmaktad\u0131r.","_seopress_robots_index":"","_price":"","_stock":"","_tribe_ticket_header":"","_tribe_default_ticket_provider":"","_tribe_ticket_capacity":"0","_ticket_start_date":"","_ticket_end_date":"","_tribe_ticket_show_description":"","_tribe_ticket_show_not_going":false,"_tribe_ticket_use_global_stock":"","_tribe_ticket_global_stock_level":"","_global_stock_mode":"","_global_stock_cap":"","_tribe_rsvp_for_event":"","_tribe_ticket_going_count":"","_tribe_ticket_not_going_count":"","_tribe_tickets_list":"[]","_tribe_ticket_has_attendee_info_fields":false,"_EventAllDay":false,"_EventTimezone":"","_EventStartDate":"","_EventEndDate":"","_EventStartDateUTC":"","_EventEndDateUTC":"","_EventShowMap":false,"_EventShowMapLink":false,"_EventURL":"","_EventCost":"","_EventCostDescription":"","_EventCurrencySymbol":"","_EventCurrencyCode":"","_EventCurrencyPosition":"","_EventDateTimeSeparator":"","_EventTimeRangeSeparator":"","_EventOrganizerID":[],"_EventVenueID":[],"_OrganizerEmail":"","_OrganizerPhone":"","_OrganizerWebsite":"","_VenueAddress":"","_VenueCity":"","_VenueCountry":"","_VenueProvince":"","_VenueState":"","_VenueZip":"","_VenuePhone":"","_VenueURL":"","_VenueStateProvince":"","_VenueLat":"","_VenueLng":"","_VenueShowMap":false,"_VenueShowMapLink":false,"footnotes":"","_tec_slr_enabled":"","_tec_slr_layout":""},"class_list":["post-8621","page","type-page","status-publish","hentry"],"acf":[],"ticketed":false,"_links":{"self":[{"href":"https:\/\/aura-istanbul.com\/index.php\/wp-json\/wp\/v2\/pages\/8621","targetHints":{"allow":["GET"]}}],"collection":[{"href":"https:\/\/aura-istanbul.com\/index.php\/wp-json\/wp\/v2\/pages"}],"about":[{"href":"https:\/\/aura-istanbul.com\/index.php\/wp-json\/wp\/v2\/types\/page"}],"author":[{"embeddable":true,"href":"https:\/\/aura-istanbul.com\/index.php\/wp-json\/wp\/v2\/users\/7"}],"replies":[{"embeddable":true,"href":"https:\/\/aura-istanbul.com\/index.php\/wp-json\/wp\/v2\/comments?post=8621"}],"version-history":[{"count":1,"href":"https:\/\/aura-istanbul.com\/index.php\/wp-json\/wp\/v2\/pages\/8621\/revisions"}],"predecessor-version":[{"id":8638,"href":"https:\/\/aura-istanbul.com\/index.php\/wp-json\/wp\/v2\/pages\/8621\/revisions\/8638"}],"wp:attachment":[{"href":"https:\/\/aura-istanbul.com\/index.php\/wp-json\/wp\/v2\/media?parent=8621"}],"curies":[{"name":"wp","href":"https:\/\/api.w.org\/{rel}","templated":true}]}}