{"id":9135,"date":"2021-08-16T11:22:45","date_gmt":"2021-08-16T08:22:45","guid":{"rendered":"https:\/\/aura-istanbul.com\/?page_id=9135"},"modified":"2025-09-23T20:18:10","modified_gmt":"2025-09-23T17:18:10","slug":"aura-alumni-iremcan-oktay","status":"publish","type":"page","link":"https:\/\/aura-istanbul.com\/index.php\/aura-alumni-iremcan-oktay\/","title":{"rendered":"AURA Alumni: \u0130remcan Oktay"},"content":{"rendered":"<div class=\"wpb-content-wrapper\"><p>[vc_section][vc_row][vc_column width=&#8221;1\/6&#8243;][vc_single_image image=&#8221;9136&#8243; img_size=&#8221;large&#8221; alignment=&#8221;center&#8221;][vc_empty_space][vc_column_text]<strong>\u0130remcan Oktay<\/strong>[\/vc_column_text][vc_empty_space height=&#8221;16px&#8221;][vc_column_text]Mimar<br \/>\nMimar Sinan G\u00fczel Sanatlar \u00dcniversitesi<\/p>\n<p>Bahar 2021<br \/>\nDan\u0131\u015fman: Carlos Zarco Sanz &#8211; Zuhal Kol[\/vc_column_text][vc_empty_space][\/vc_column][vc_column width=&#8221;2\/3&#8243;][vc_column_text]<\/p>\n<p style=\"text-align: left;\"><strong>Suyun Yolculu\u011fu<\/strong><\/p>\n<p>[\/vc_column_text][vc_column_text]Bu \u00e7al\u0131\u015fma temel olarak, \u0130stanbul tarihi yar\u0131madadaki Bizans D\u00f6nemi sarn\u0131\u00e7lar\u0131 21. y\u00fczy\u0131l\u0131n su altyap\u0131 sisteminin bir par\u00e7as\u0131 olarak yeniden kullan\u0131labilir mi sorusuna cevap aramay\u0131 ama\u00e7lar. \u0130stanbul\u2019un \u00fc\u00e7 yan\u0131 denizlerle \u00e7evrili olmas\u0131na ra\u011fmen ge\u00e7mi\u015ften g\u00fcn\u00fcm\u00fcze \u015fehre suyu getirmek ve \u015fehirde tutmak bir problemdir. Bizans d\u00f6neminde \u015fehirde in\u015fa edilmi\u015f olan sarn\u0131\u00e7lar; g\u00fcn\u00fcm\u00fczde su kaynaklar\u0131n\u0131n yetersizli\u011finin etkilerini g\u00f6rd\u00fc\u011f\u00fcm\u00fcz giderek artan su problemin \u00e7\u00f6z\u00fcm\u00fcn\u00fcn bir a\u015famas\u0131 olabilir mi? Bu \u00e7er\u00e7evede kent \u00f6l\u00e7e\u011finden yap\u0131 \u00f6l\u00e7e\u011fine ya\u011fmur suyu toplama stratejileri geli\u015ftirildi ve su ile ili\u015fkisi kesilen kentlinin ya\u015fam\u0131na su \u00f6gesini tekrar dahil etme kayg\u0131s\u0131 g\u00fcd\u00fcld\u00fc. Tarihi sarn\u0131\u00e7lar\u0131n bu sistemin nas\u0131l bir par\u00e7as\u0131 olabilece\u011fi \u00fczerinde fikirler geli\u015ftirildi. \u00c7al\u0131\u015fma alan\u0131 olarak d\u00f6neminin en b\u00fcy\u00fck ikinci su deposu, Valens su yolunu son dura\u011f\u0131 olan Binbirdirek Sarn\u0131c\u0131 se\u00e7ilmi\u015ftir. Su ile ili\u015fkisi kesilmi\u015f olan bu yap\u0131lar, su toplama potansiyellerini kullan\u0131larak topluma yeniden kazand\u0131rmak, su problemine dikkat \u00e7ekmek ve fark\u0131ndal\u0131k yaratmak i\u00e7in bir ara\u00e7 olarak kullan\u0131lm\u0131\u015ft\u0131r.[\/vc_column_text][vc_empty_space][vc_gallery interval=&#8221;10&#8243; images=&#8221;9139,9138,9141,9142,9140&#8243; img_size=&#8221;full&#8221;][\/vc_column][vc_column width=&#8221;1\/6&#8243;][vc_single_image image=&#8221;9137&#8243; img_size=&#8221;full&#8221; alignment=&#8221;center&#8221; style=&#8221;vc_box_border&#8221; onclick=&#8221;custom_link&#8221; img_link_target=&#8221;_blank&#8221;][vc_empty_space height=&#8221;16px&#8221;][vc_row_inner][vc_column_inner][\/vc_column_inner][\/vc_row_inner][vc_row_inner][vc_column_inner width=&#8221;2\/3&#8243;][\/vc_column_inner][vc_column_inner width=&#8221;1\/3&#8243;][\/vc_column_inner][\/vc_row_inner][\/vc_column][\/vc_row][\/vc_section]<\/p>\n<\/div>","protected":false},"excerpt":{"rendered":"<p>[vc_section][vc_row][vc_column width=&#8221;1\/6&#8243;][vc_single_image image=&#8221;9136&#8243; img_size=&#8221;large&#8221; alignment=&#8221;center&#8221;][vc_empty_space][vc_column_text]\u0130remcan Oktay[\/vc_column_text][vc_empty_space height=&#8221;16px&#8221;][vc_column_text]Mimar Mimar Sinan G\u00fczel Sanatlar \u00dcniversitesi Bahar 2021 Dan\u0131\u015fman: Carlos Zarco Sanz &#8211; Zuhal Kol[\/vc_column_text][vc_empty_space][\/vc_column][vc_column width=&#8221;2\/3&#8243;][vc_column_text] Suyun Yolculu\u011fu [\/vc_column_text][vc_column_text]Bu \u00e7al\u0131\u015fma temel olarak, \u0130stanbul tarihi [&hellip;]<\/p>\n","protected":false},"author":7,"featured_media":0,"parent":0,"menu_order":0,"comment_status":"closed","ping_status":"closed","template":"","meta":{"_acf_changed":false,"_seopress_robots_primary_cat":"","_seopress_titles_title":"Suyun Yolculu\u011fu, \u0130remcan Oktay | %%sitetitle%%","_seopress_titles_desc":"Bu \u00e7al\u0131\u015fma temel olarak, \u0130stanbul tarihi yar\u0131madadaki Bizans D\u00f6nemi sarn\u0131\u00e7lar\u0131 21. y\u00fczy\u0131l\u0131n su altyap\u0131 sisteminin bir par\u00e7as\u0131 olarak yeniden kullan\u0131labilir mi sorusuna cevap aramay\u0131 ama\u00e7lar. \u0130stanbul\u2019un \u00fc\u00e7 yan\u0131 denizlerle \u00e7evrili olmas\u0131na ra\u011fmen ge\u00e7mi\u015ften g\u00fcn\u00fcm\u00fcze \u015fehre suyu getirmek ve \u015fehirde tutmak bir problemdir.","_seopress_robots_index":"","_price":"","_stock":"","_tribe_ticket_header":"","_tribe_default_ticket_provider":"","_tribe_ticket_capacity":"0","_ticket_start_date":"","_ticket_end_date":"","_tribe_ticket_show_description":"","_tribe_ticket_show_not_going":false,"_tribe_ticket_use_global_stock":"","_tribe_ticket_global_stock_level":"","_global_stock_mode":"","_global_stock_cap":"","_tribe_rsvp_for_event":"","_tribe_ticket_going_count":"","_tribe_ticket_not_going_count":"","_tribe_tickets_list":"[]","_tribe_ticket_has_attendee_info_fields":false,"_EventAllDay":false,"_EventTimezone":"","_EventStartDate":"","_EventEndDate":"","_EventStartDateUTC":"","_EventEndDateUTC":"","_EventShowMap":false,"_EventShowMapLink":false,"_EventURL":"","_EventCost":"","_EventCostDescription":"","_EventCurrencySymbol":"","_EventCurrencyCode":"","_EventCurrencyPosition":"","_EventDateTimeSeparator":"","_EventTimeRangeSeparator":"","_EventOrganizerID":[],"_EventVenueID":[],"_OrganizerEmail":"","_OrganizerPhone":"","_OrganizerWebsite":"","_VenueAddress":"","_VenueCity":"","_VenueCountry":"","_VenueProvince":"","_VenueState":"","_VenueZip":"","_VenuePhone":"","_VenueURL":"","_VenueStateProvince":"","_VenueLat":"","_VenueLng":"","_VenueShowMap":false,"_VenueShowMapLink":false,"footnotes":"","_tec_slr_enabled":"","_tec_slr_layout":""},"class_list":["post-9135","page","type-page","status-publish","hentry"],"acf":[],"ticketed":false,"_links":{"self":[{"href":"https:\/\/aura-istanbul.com\/index.php\/wp-json\/wp\/v2\/pages\/9135","targetHints":{"allow":["GET"]}}],"collection":[{"href":"https:\/\/aura-istanbul.com\/index.php\/wp-json\/wp\/v2\/pages"}],"about":[{"href":"https:\/\/aura-istanbul.com\/index.php\/wp-json\/wp\/v2\/types\/page"}],"author":[{"embeddable":true,"href":"https:\/\/aura-istanbul.com\/index.php\/wp-json\/wp\/v2\/users\/7"}],"replies":[{"embeddable":true,"href":"https:\/\/aura-istanbul.com\/index.php\/wp-json\/wp\/v2\/comments?post=9135"}],"version-history":[{"count":3,"href":"https:\/\/aura-istanbul.com\/index.php\/wp-json\/wp\/v2\/pages\/9135\/revisions"}],"predecessor-version":[{"id":15129,"href":"https:\/\/aura-istanbul.com\/index.php\/wp-json\/wp\/v2\/pages\/9135\/revisions\/15129"}],"wp:attachment":[{"href":"https:\/\/aura-istanbul.com\/index.php\/wp-json\/wp\/v2\/media?parent=9135"}],"curies":[{"name":"wp","href":"https:\/\/api.w.org\/{rel}","templated":true}]}}