{"id":9191,"date":"2021-08-16T11:46:13","date_gmt":"2021-08-16T08:46:13","guid":{"rendered":"https:\/\/aura-istanbul.com\/?page_id=9191"},"modified":"2025-09-23T20:16:36","modified_gmt":"2025-09-23T17:16:36","slug":"aura-alumni-sidar-alisik","status":"publish","type":"page","link":"https:\/\/aura-istanbul.com\/index.php\/aura-alumni-sidar-alisik\/","title":{"rendered":"AURA Alumni: Sidar Al\u0131\u015f\u0131k"},"content":{"rendered":"<div class=\"wpb-content-wrapper\"><p>[vc_section][vc_row][vc_column width=&#8221;1\/6&#8243;][vc_single_image image=&#8221;9192&#8243; img_size=&#8221;large&#8221; alignment=&#8221;center&#8221;][vc_empty_space][vc_column_text]<strong>Sidar Al\u0131\u015f\u0131k<\/strong>[\/vc_column_text][vc_empty_space height=&#8221;16px&#8221;][vc_column_text]Mimar<br \/>\nMardin Artuklu \u00dcniversitesi<\/p>\n<p>Bahar 2021<br \/>\nDan\u0131\u015fman: Tuna Han Ko\u00e7 &#8211; Zeynep Alt\u0131nba\u015fl\u0131[\/vc_column_text][vc_empty_space][\/vc_column][vc_column width=&#8221;2\/3&#8243;][vc_column_text]<\/p>\n<p style=\"text-align: left;\"><strong>Mek\u00e2n\u0131n Belle\u011fi: Tikelden T\u00fcmele Bir Bellek \u0130ncelemesi<\/strong><\/p>\n<p>[\/vc_column_text][vc_column_text]Mek\u00e2n\u0131n belle\u011fi ara\u015ft\u0131rma konusu olarak se\u00e7ilmi\u015f, bellek ile ilgili yap\u0131lan okumalar ve \u00e7\u0131kar\u0131mlardan sonra \u00fc\u00e7 farkl\u0131 rota \u00fczerinden bir ara\u015ft\u0131rma planlanm\u0131\u015ft\u0131r. Ara\u015ft\u0131rman\u0131n ba\u015fl\u0131\u011f\u0131nda bahsedilen tikel alan; mimari elementlerin par\u00e7a par\u00e7a g\u00f6r\u00fcn\u00fcr k\u0131l\u0131nd\u0131\u011f\u0131 bir alan\u0131 ifade eder. Burada bellek ara\u015ft\u0131rmas\u0131 mimari yap\u0131n\u0131n t\u00fcm\u00fcn\u00fc alan, genel hikayelere odaklanan bir anlat\u0131 de\u011fil de, par\u00e7alar\u0131n hikayesinden b\u00fct\u00fcne giden bir kurgu \u015feklinde olu\u015fturulmu\u015ftur. T\u00fcmel olarak kurgulanan alanda ise t\u00fcm bu mekan par\u00e7alar\u0131 farkl\u0131 bi\u00e7imlerde bir araya gelir. Rota kurgusundan yola \u00e7\u0131k\u0131larak, ara\u015ft\u0131rmac\u0131n\u0131n rotadaki deneyimleri ve ak\u0131lda kalan \u015feyler temsile d\u00f6k\u00fcl\u00fcr. T\u00fcm bu s\u00fcre\u00e7ler beyinde bellek mekanizmas\u0131na benzetilir. Beyinde alg\u0131lama s\u00fcrecinden sonra depolama alan\u0131na giden olgular, hat\u0131rlama eylemi oldu\u011fu zaman yeniden \u00e7a\u011f\u0131r\u0131l\u0131r. Hat\u0131rlama eylemi oldu\u011funda, unutulan detaylar belle\u011fe y\u00f6n verir. Unutulanlar\u0131n yeri bazen bo\u015f kal\u0131rken, bazen de yerlerine ba\u015fka imgeler gelir. Rota \u00fczerinden ak\u0131lda kalan yani hat\u0131rlanan imgeler, tikel alan\u0131 sembolize eder. Bu imgelerin tekrar bir araya gelmesi, yani bellek olu\u015fturma s\u00fcreci ise t\u00fcmel alandaki durumu simgeler. Mek\u00e2n\u0131n belle\u011finden, bellek mekanlar\u0131na bir ge\u00e7i\u015f ve bu ge\u00e7i\u015fte de bir kent okumas\u0131 denemesi yap\u0131l\u0131r.[\/vc_column_text][vc_empty_space][vc_gallery interval=&#8221;10&#8243; images=&#8221;9193,9194,9195,9196,9197&#8243; img_size=&#8221;full&#8221;][\/vc_column][vc_column width=&#8221;1\/6&#8243;][vc_single_image image=&#8221;9198&#8243; img_size=&#8221;full&#8221; alignment=&#8221;center&#8221; style=&#8221;vc_box_border&#8221; onclick=&#8221;custom_link&#8221; img_link_target=&#8221;_blank&#8221;][vc_empty_space height=&#8221;16px&#8221;][vc_row_inner][vc_column_inner][\/vc_column_inner][\/vc_row_inner][vc_row_inner][vc_column_inner width=&#8221;2\/3&#8243;][\/vc_column_inner][vc_column_inner width=&#8221;1\/3&#8243;][\/vc_column_inner][\/vc_row_inner][\/vc_column][\/vc_row][\/vc_section]<\/p>\n<\/div>","protected":false},"excerpt":{"rendered":"<p>[vc_section][vc_row][vc_column width=&#8221;1\/6&#8243;][vc_single_image image=&#8221;9192&#8243; img_size=&#8221;large&#8221; alignment=&#8221;center&#8221;][vc_empty_space][vc_column_text]Sidar Al\u0131\u015f\u0131k[\/vc_column_text][vc_empty_space height=&#8221;16px&#8221;][vc_column_text]Mimar Mardin Artuklu \u00dcniversitesi Bahar 2021 Dan\u0131\u015fman: Tuna Han Ko\u00e7 &#8211; Zeynep Alt\u0131nba\u015fl\u0131[\/vc_column_text][vc_empty_space][\/vc_column][vc_column width=&#8221;2\/3&#8243;][vc_column_text] Mek\u00e2n\u0131n Belle\u011fi: Tikelden T\u00fcmele Bir Bellek \u0130ncelemesi [\/vc_column_text][vc_column_text]Mek\u00e2n\u0131n belle\u011fi ara\u015ft\u0131rma [&hellip;]<\/p>\n","protected":false},"author":7,"featured_media":0,"parent":0,"menu_order":0,"comment_status":"closed","ping_status":"closed","template":"","meta":{"_acf_changed":false,"_seopress_robots_primary_cat":"","_seopress_titles_title":"Mek\u00e2n\u0131n Belle\u011fi: Tikelden T\u00fcmele Bir Bellek \u0130ncelemesi, Sidar Al\u0131\u015f\u0131k | %%sitetitle%%","_seopress_titles_desc":"Mek\u00e2n\u0131n belle\u011fi ara\u015ft\u0131rma konusu olarak se\u00e7ilmi\u015f, bellek ile ilgili yap\u0131lan okumalar ve \u00e7\u0131kar\u0131mlardan sonra \u00fc\u00e7 farkl\u0131 rota \u00fczerinden bir ara\u015ft\u0131rma planlanm\u0131\u015ft\u0131r. Ara\u015ft\u0131rman\u0131n ba\u015fl\u0131\u011f\u0131nda bahsedilen tikel alan; mimari elementlerin par\u00e7a par\u00e7a g\u00f6r\u00fcn\u00fcr k\u0131l\u0131nd\u0131\u011f\u0131 bir alan\u0131 ifade eder.","_seopress_robots_index":"","_price":"","_stock":"","_tribe_ticket_header":"","_tribe_default_ticket_provider":"","_tribe_ticket_capacity":"0","_ticket_start_date":"","_ticket_end_date":"","_tribe_ticket_show_description":"","_tribe_ticket_show_not_going":false,"_tribe_ticket_use_global_stock":"","_tribe_ticket_global_stock_level":"","_global_stock_mode":"","_global_stock_cap":"","_tribe_rsvp_for_event":"","_tribe_ticket_going_count":"","_tribe_ticket_not_going_count":"","_tribe_tickets_list":"[]","_tribe_ticket_has_attendee_info_fields":false,"_EventAllDay":false,"_EventTimezone":"","_EventStartDate":"","_EventEndDate":"","_EventStartDateUTC":"","_EventEndDateUTC":"","_EventShowMap":false,"_EventShowMapLink":false,"_EventURL":"","_EventCost":"","_EventCostDescription":"","_EventCurrencySymbol":"","_EventCurrencyCode":"","_EventCurrencyPosition":"","_EventDateTimeSeparator":"","_EventTimeRangeSeparator":"","_EventOrganizerID":[],"_EventVenueID":[],"_OrganizerEmail":"","_OrganizerPhone":"","_OrganizerWebsite":"","_VenueAddress":"","_VenueCity":"","_VenueCountry":"","_VenueProvince":"","_VenueState":"","_VenueZip":"","_VenuePhone":"","_VenueURL":"","_VenueStateProvince":"","_VenueLat":"","_VenueLng":"","_VenueShowMap":false,"_VenueShowMapLink":false,"footnotes":"","_tec_slr_enabled":"","_tec_slr_layout":""},"class_list":["post-9191","page","type-page","status-publish","hentry"],"acf":[],"ticketed":false,"_links":{"self":[{"href":"https:\/\/aura-istanbul.com\/index.php\/wp-json\/wp\/v2\/pages\/9191","targetHints":{"allow":["GET"]}}],"collection":[{"href":"https:\/\/aura-istanbul.com\/index.php\/wp-json\/wp\/v2\/pages"}],"about":[{"href":"https:\/\/aura-istanbul.com\/index.php\/wp-json\/wp\/v2\/types\/page"}],"author":[{"embeddable":true,"href":"https:\/\/aura-istanbul.com\/index.php\/wp-json\/wp\/v2\/users\/7"}],"replies":[{"embeddable":true,"href":"https:\/\/aura-istanbul.com\/index.php\/wp-json\/wp\/v2\/comments?post=9191"}],"version-history":[{"count":3,"href":"https:\/\/aura-istanbul.com\/index.php\/wp-json\/wp\/v2\/pages\/9191\/revisions"}],"predecessor-version":[{"id":15123,"href":"https:\/\/aura-istanbul.com\/index.php\/wp-json\/wp\/v2\/pages\/9191\/revisions\/15123"}],"wp:attachment":[{"href":"https:\/\/aura-istanbul.com\/index.php\/wp-json\/wp\/v2\/media?parent=9191"}],"curies":[{"name":"wp","href":"https:\/\/api.w.org\/{rel}","templated":true}]}}