{"id":9200,"date":"2021-08-16T11:48:18","date_gmt":"2021-08-16T08:48:18","guid":{"rendered":"https:\/\/aura-istanbul.com\/?page_id=9200"},"modified":"2025-09-23T20:16:17","modified_gmt":"2025-09-23T17:16:17","slug":"aura-alumni-tugba-tekben","status":"publish","type":"page","link":"https:\/\/aura-istanbul.com\/index.php\/aura-alumni-tugba-tekben\/","title":{"rendered":"AURA Alumni: Tu\u011fba Tekben"},"content":{"rendered":"<div class=\"wpb-content-wrapper\"><p>[vc_section][vc_row][vc_column width=&#8221;1\/6&#8243;][vc_single_image image=&#8221;9201&#8243; img_size=&#8221;large&#8221; alignment=&#8221;center&#8221;][vc_empty_space][vc_column_text]<strong>Tu\u011fba Tekben<\/strong>[\/vc_column_text][vc_empty_space height=&#8221;16px&#8221;][vc_column_text]Mimar<br \/>\nYeditepe \u00dcniversitesi<\/p>\n<p>Bahar 2021<br \/>\nDan\u0131\u015fman: Carlos Zarco Sanz &#8211; Zuhal Kol[\/vc_column_text][vc_empty_space][\/vc_column][vc_column width=&#8221;2\/3&#8243;][vc_column_text]<\/p>\n<p style=\"text-align: left;\"><strong>\u0130stanbul\u2019un Savunmas\u0131: Eko-Politik Bir Rota Olarak \u00c7akmak Hatt\u0131<\/strong><\/p>\n<p>[\/vc_column_text][vc_column_text]B\u00fcy\u00fck\u00e7ekmece ile Durusu G\u00f6lleri aras\u0131nda \u0130kinci D\u00fcnya Sava\u015f\u0131 y\u0131llar\u0131nda in\u015fa edilen, \u00c7akmak Askeri Savunma Hatt\u0131\u2019n\u0131n kal\u0131nt\u0131lar\u0131 da\u011f\u0131n\u0131k bir \u015fekilde bulunmaktad\u0131r. \u00c7o\u011funlukla g\u00f6rmezden gelinseler de, sava\u015f\u0131n bir hat\u0131rlat\u0131c\u0131s\u0131 olarak hala ayaktad\u0131r. Bu a\u011f\u0131r gri k\u00fctleler, zaman katmanlar\u0131n\u0131n nas\u0131l birbirine ba\u011fland\u0131\u011f\u0131n\u0131, ge\u00e7ersiz k\u0131l\u0131nd\u0131\u011f\u0131n\u0131 ortaya koyar. Savunma hatlar\u0131n\u0131n amac\u0131, kendi i\u00e7inde bir s\u0131n\u0131r tan\u0131mlayan kesintisiz bir kenar olu\u015fturmakt\u0131r. \u00c7akmak Hatt\u0131\u2019n\u0131n s\u0131n\u0131r\u0131 art\u0131k \u00e7o\u011fu yerde g\u00f6r\u00fcnmese de; yeni yap\u0131lm\u0131\u015f yollar ve tar\u0131m yollar\u0131 ile s\u0131\u011f\u0131naklar\u0131n izini s\u00fcrmek m\u00fcmk\u00fcnd\u00fcr. Hatt\u0131n konumu, b\u00f6lgenin ekolojik ve k\u00fclt\u00fcrel k\u0131r\u0131lganl\u0131\u011f\u0131, 10 kilometre do\u011fusunda yer alan ve \u00e7evredeki de\u011fi\u015fimi her ge\u00e7en g\u00fcn artt\u0131ran \u201cKanal \u0130stanbul Projesi\u201d bir kar\u015f\u0131 k\u00fclt\u00fcr olgusu uyand\u0131rmaktad\u0131r. \u00c7akmak Hatt\u0131\u2019n\u0131n alt\u0131nda yatan ekolojik potansiyel, bu sorunlara y\u00fczle\u015ferek fark\u0131ndal\u0131k yaratmak, eko-politik direni\u015f i\u00e7in bir platform olu\u015fturmak, olumlu \u00e7evresel m\u00fcdahaleleri tan\u0131tmak ve y\u00fcr\u00fctmek, mevcut sorunlar\u0131 \u00e7\u00f6zmek ve uygun olmayan yapt\u0131r\u0131mlara kar\u015f\u0131 direnmektir. Bu projenin ana hat olarak ele ald\u0131\u011f\u0131 rota, 58 kilometre uzunlu\u011fundad\u0131r. \u00c7akmak Hatt\u0131\u2019n\u0131n dokuz y\u00fcz yirmi \u00fc\u00e7 s\u0131\u011f\u0131na\u011f\u0131 ve rota \u00fczerinde yap\u0131lan k\u00fc\u00e7\u00fck \u00f6l\u00e7ekli m\u00fcdahaleler \u00c7akmak Hatt\u0131 Eko-Politik Rota haritas\u0131nda i\u015faretlenmi\u015ftir.[\/vc_column_text][vc_empty_space][vc_gallery interval=&#8221;10&#8243; images=&#8221;9202,9203,9204,9205,9206&#8243; img_size=&#8221;full&#8221;][\/vc_column][vc_column width=&#8221;1\/6&#8243;][vc_single_image image=&#8221;9207&#8243; img_size=&#8221;full&#8221; alignment=&#8221;center&#8221; style=&#8221;vc_box_border&#8221; onclick=&#8221;custom_link&#8221; img_link_target=&#8221;_blank&#8221;][vc_empty_space height=&#8221;16px&#8221;][vc_row_inner][vc_column_inner][\/vc_column_inner][\/vc_row_inner][vc_row_inner][vc_column_inner width=&#8221;2\/3&#8243;][\/vc_column_inner][vc_column_inner width=&#8221;1\/3&#8243;][\/vc_column_inner][\/vc_row_inner][\/vc_column][\/vc_row][\/vc_section]<\/p>\n<\/div>","protected":false},"excerpt":{"rendered":"<p>[vc_section][vc_row][vc_column width=&#8221;1\/6&#8243;][vc_single_image image=&#8221;9201&#8243; img_size=&#8221;large&#8221; alignment=&#8221;center&#8221;][vc_empty_space][vc_column_text]Tu\u011fba Tekben[\/vc_column_text][vc_empty_space height=&#8221;16px&#8221;][vc_column_text]Mimar Yeditepe \u00dcniversitesi Bahar 2021 Dan\u0131\u015fman: Carlos Zarco Sanz &#8211; Zuhal Kol[\/vc_column_text][vc_empty_space][\/vc_column][vc_column width=&#8221;2\/3&#8243;][vc_column_text] \u0130stanbul\u2019un Savunmas\u0131: Eko-Politik Bir Rota Olarak \u00c7akmak Hatt\u0131 [\/vc_column_text][vc_column_text]B\u00fcy\u00fck\u00e7ekmece ile Durusu [&hellip;]<\/p>\n","protected":false},"author":7,"featured_media":0,"parent":0,"menu_order":0,"comment_status":"closed","ping_status":"closed","template":"","meta":{"_acf_changed":false,"_seopress_robots_primary_cat":"","_seopress_titles_title":"\u0130stanbul\u2019un Savunmas\u0131: Eko-Politik Bir Rota Olarak \u00c7akmak Hatt\u0131, Tu\u011fba Tekben | %%sitetitle%%","_seopress_titles_desc":"Bu projenin ana hat olarak ele ald\u0131\u011f\u0131 rota, 58 kilometre uzunlu\u011fundad\u0131r. \u00c7akmak Hatt\u0131\u2019n\u0131n dokuz y\u00fcz yirmi \u00fc\u00e7 s\u0131\u011f\u0131na\u011f\u0131 ve rota \u00fczerinde yap\u0131lan k\u00fc\u00e7\u00fck \u00f6l\u00e7ekli m\u00fcdahaleler \u00c7akmak Hatt\u0131 Eko-Politik Rota haritas\u0131nda i\u015faretlenmi\u015ftir.","_seopress_robots_index":"","_price":"","_stock":"","_tribe_ticket_header":"","_tribe_default_ticket_provider":"","_tribe_ticket_capacity":"0","_ticket_start_date":"","_ticket_end_date":"","_tribe_ticket_show_description":"","_tribe_ticket_show_not_going":false,"_tribe_ticket_use_global_stock":"","_tribe_ticket_global_stock_level":"","_global_stock_mode":"","_global_stock_cap":"","_tribe_rsvp_for_event":"","_tribe_ticket_going_count":"","_tribe_ticket_not_going_count":"","_tribe_tickets_list":"[]","_tribe_ticket_has_attendee_info_fields":false,"_EventAllDay":false,"_EventTimezone":"","_EventStartDate":"","_EventEndDate":"","_EventStartDateUTC":"","_EventEndDateUTC":"","_EventShowMap":false,"_EventShowMapLink":false,"_EventURL":"","_EventCost":"","_EventCostDescription":"","_EventCurrencySymbol":"","_EventCurrencyCode":"","_EventCurrencyPosition":"","_EventDateTimeSeparator":"","_EventTimeRangeSeparator":"","_EventOrganizerID":[],"_EventVenueID":[],"_OrganizerEmail":"","_OrganizerPhone":"","_OrganizerWebsite":"","_VenueAddress":"","_VenueCity":"","_VenueCountry":"","_VenueProvince":"","_VenueState":"","_VenueZip":"","_VenuePhone":"","_VenueURL":"","_VenueStateProvince":"","_VenueLat":"","_VenueLng":"","_VenueShowMap":false,"_VenueShowMapLink":false,"footnotes":"","_tec_slr_enabled":"","_tec_slr_layout":""},"class_list":["post-9200","page","type-page","status-publish","hentry"],"acf":[],"ticketed":false,"_links":{"self":[{"href":"https:\/\/aura-istanbul.com\/index.php\/wp-json\/wp\/v2\/pages\/9200","targetHints":{"allow":["GET"]}}],"collection":[{"href":"https:\/\/aura-istanbul.com\/index.php\/wp-json\/wp\/v2\/pages"}],"about":[{"href":"https:\/\/aura-istanbul.com\/index.php\/wp-json\/wp\/v2\/types\/page"}],"author":[{"embeddable":true,"href":"https:\/\/aura-istanbul.com\/index.php\/wp-json\/wp\/v2\/users\/7"}],"replies":[{"embeddable":true,"href":"https:\/\/aura-istanbul.com\/index.php\/wp-json\/wp\/v2\/comments?post=9200"}],"version-history":[{"count":3,"href":"https:\/\/aura-istanbul.com\/index.php\/wp-json\/wp\/v2\/pages\/9200\/revisions"}],"predecessor-version":[{"id":15122,"href":"https:\/\/aura-istanbul.com\/index.php\/wp-json\/wp\/v2\/pages\/9200\/revisions\/15122"}],"wp:attachment":[{"href":"https:\/\/aura-istanbul.com\/index.php\/wp-json\/wp\/v2\/media?parent=9200"}],"curies":[{"name":"wp","href":"https:\/\/api.w.org\/{rel}","templated":true}]}}