{"id":9237,"date":"2021-08-16T11:28:22","date_gmt":"2021-08-16T08:28:22","guid":{"rendered":"https:\/\/aura-istanbul.com\/?page_id=9237"},"modified":"2025-09-23T20:17:58","modified_gmt":"2025-09-23T17:17:58","slug":"aura-alumni-nazli-mutlu","status":"publish","type":"page","link":"https:\/\/aura-istanbul.com\/index.php\/aura-alumni-nazli-mutlu\/","title":{"rendered":"AURA Alumni: Nazl\u0131 Mutlu"},"content":{"rendered":"<div class=\"wpb-content-wrapper\"><p>[vc_section][vc_row][vc_column width=&#8221;1\/6&#8243;][vc_single_image image=&#8221;9146&#8243; img_size=&#8221;large&#8221; alignment=&#8221;center&#8221;][vc_empty_space][vc_column_text]<strong>Nazl\u0131 Mutlu<\/strong>[\/vc_column_text][vc_empty_space height=&#8221;16px&#8221;][vc_column_text]\u0130\u00e7 Mimar<br \/>\n\u0130stanbul Teknik \u00dcniversitesi<\/p>\n<p>Bahar 2021<br \/>\nDan\u0131\u015fman: Carlos Zarco Sanz &#8211; Zuhal Kol[\/vc_column_text][vc_empty_space][\/vc_column][vc_column width=&#8221;2\/3&#8243;][vc_column_text]<\/p>\n<p style=\"text-align: left;\"><strong>Kamu Spotu<\/strong><\/p>\n<p>[\/vc_column_text][vc_column_text]Kamusal mekan olarak tan\u0131mlanan sokak g\u00fcndelik hayat ile ge\u00e7ici olarak yer haline gelir. Bir mekan k\u0131s\u0131tl\u0131 bir tan\u0131ma sahip de\u011fildir ve bir\u00e7ok anlam y\u00fcklenmeye a\u00e7\u0131kt\u0131r. Bir yer ise bireyler taraf\u0131ndan belli anlamlar y\u00fcklenmi\u015f mekand\u0131r. Bireylerin ortak de\u011ferleri ve yarg\u0131lar\u0131yla payla\u015f\u0131lan deneyimler soka\u011f\u0131n da mekan ve yer tan\u0131m\u0131 aras\u0131nda bir d\u00f6ng\u00fcde olmas\u0131n\u0131 sa\u011flar. Bu da soka\u011f\u0131n bir\u00e7ok yer olma imkan\u0131na a\u00e7\u0131k olmas\u0131n\u0131 sa\u011flar. \u00d6rne\u011fin bir apartman bah\u00e7e duvar\u0131n\u0131n bir s\u00fcreli\u011fine insanlar\u0131n kahve i\u00e7ip muhabbet ettikleri bir yere d\u00f6n\u00fc\u015fmesi ya da bir manav kamyonunun bir k\u00f6\u015fede durup g\u00fcn\u00fcn belli bir zaman\u0131nda servis yapmas\u0131 soka\u011f\u0131n potansiyel yer senaryolar\u0131ndan biridir. Eylemlerden \u00f6nce ki\u015fiselle\u015ftirilecek olan mekan faydac\u0131 ve\/veya i\u00e7g\u00fcd\u00fcsel sebeplerle se\u00e7ilir, daha sonra bu eylem bir\u00e7oklar\u0131 taraf\u0131ndan payla\u015f\u0131lan bir deneyime d\u00f6n\u00fc\u015f\u00fcr ve eylem mekandan ayr\u0131ld\u0131ktan sonra mekan, mekan tan\u0131m\u0131na geri d\u00f6ner. Proje bu yer olu\u015fturma s\u00fcre\u00e7lerini hem bireyin kimlik d\u00f6ng\u00fcs\u00fcnde hem de mek\u00e2nsal d\u00f6ng\u00fcde inceler ve \u00f6r\u00fcnt\u00fcleri okumaya \u00e7al\u0131\u015f\u0131r. Proje \u00fcretimlerinin payla\u015f\u0131lmas\u0131yla kamu mekansal alg\u0131s\u0131nda farkl\u0131 bir alg\u0131 katman\u0131 olu\u015fturulmak istendi\u011finden proje Kamu Spotu ad\u0131n\u0131 alm\u0131\u015ft\u0131r ve b\u00fct\u00fcn \u00fcretimlerin sergilendi\u011fi internet sitesi herkese a\u00e7\u0131kt\u0131r.[\/vc_column_text][vc_empty_space][vc_gallery interval=&#8221;10&#8243; images=&#8221;9147,9148,9151,9149,9150&#8243; img_size=&#8221;full&#8221;][\/vc_column][vc_column width=&#8221;1\/6&#8243;][vc_single_image image=&#8221;9145&#8243; img_size=&#8221;full&#8221; alignment=&#8221;center&#8221; style=&#8221;vc_box_border&#8221; onclick=&#8221;custom_link&#8221; img_link_target=&#8221;_blank&#8221;][vc_empty_space height=&#8221;16px&#8221;][vc_row_inner][vc_column_inner][\/vc_column_inner][\/vc_row_inner][vc_row_inner][vc_column_inner width=&#8221;2\/3&#8243;][\/vc_column_inner][vc_column_inner width=&#8221;1\/3&#8243;][\/vc_column_inner][\/vc_row_inner][\/vc_column][\/vc_row][\/vc_section]<\/p>\n<\/div>","protected":false},"excerpt":{"rendered":"<p>[vc_section][vc_row][vc_column width=&#8221;1\/6&#8243;][vc_single_image image=&#8221;9146&#8243; img_size=&#8221;large&#8221; alignment=&#8221;center&#8221;][vc_empty_space][vc_column_text]Nazl\u0131 Mutlu[\/vc_column_text][vc_empty_space height=&#8221;16px&#8221;][vc_column_text]\u0130\u00e7 Mimar \u0130stanbul Teknik \u00dcniversitesi Bahar 2021 Dan\u0131\u015fman: Carlos Zarco Sanz &#8211; Zuhal Kol[\/vc_column_text][vc_empty_space][\/vc_column][vc_column width=&#8221;2\/3&#8243;][vc_column_text] Kamu Spotu [\/vc_column_text][vc_column_text]Kamusal mekan olarak tan\u0131mlanan sokak g\u00fcndelik hayat [&hellip;]<\/p>\n","protected":false},"author":7,"featured_media":0,"parent":0,"menu_order":0,"comment_status":"closed","ping_status":"closed","template":"","meta":{"_acf_changed":false,"_seopress_robots_primary_cat":"","_seopress_titles_title":"Kamu Spotu, Nazl\u0131 Mutlu | %%sitetitle%%","_seopress_titles_desc":"Kamusal mekan olarak tan\u0131mlanan sokak g\u00fcndelik hayat ile ge\u00e7ici olarak yer haline gelir. Bir mekan k\u0131s\u0131tl\u0131 bir tan\u0131ma sahip de\u011fildir ve bir\u00e7ok anlam y\u00fcklenmeye a\u00e7\u0131kt\u0131r. Bir yer ise bireyler taraf\u0131ndan belli anlamlar y\u00fcklenmi\u015f mekand\u0131r.","_seopress_robots_index":"","_price":"","_stock":"","_tribe_ticket_header":"","_tribe_default_ticket_provider":"","_tribe_ticket_capacity":"0","_ticket_start_date":"","_ticket_end_date":"","_tribe_ticket_show_description":"","_tribe_ticket_show_not_going":false,"_tribe_ticket_use_global_stock":"","_tribe_ticket_global_stock_level":"","_global_stock_mode":"","_global_stock_cap":"","_tribe_rsvp_for_event":"","_tribe_ticket_going_count":"","_tribe_ticket_not_going_count":"","_tribe_tickets_list":"[]","_tribe_ticket_has_attendee_info_fields":false,"_EventAllDay":false,"_EventTimezone":"","_EventStartDate":"","_EventEndDate":"","_EventStartDateUTC":"","_EventEndDateUTC":"","_EventShowMap":false,"_EventShowMapLink":false,"_EventURL":"","_EventCost":"","_EventCostDescription":"","_EventCurrencySymbol":"","_EventCurrencyCode":"","_EventCurrencyPosition":"","_EventDateTimeSeparator":"","_EventTimeRangeSeparator":"","_EventOrganizerID":[],"_EventVenueID":[],"_OrganizerEmail":"","_OrganizerPhone":"","_OrganizerWebsite":"","_VenueAddress":"","_VenueCity":"","_VenueCountry":"","_VenueProvince":"","_VenueState":"","_VenueZip":"","_VenuePhone":"","_VenueURL":"","_VenueStateProvince":"","_VenueLat":"","_VenueLng":"","_VenueShowMap":false,"_VenueShowMapLink":false,"footnotes":"","_tec_slr_enabled":"","_tec_slr_layout":""},"class_list":["post-9237","page","type-page","status-publish","hentry"],"acf":[],"ticketed":false,"_links":{"self":[{"href":"https:\/\/aura-istanbul.com\/index.php\/wp-json\/wp\/v2\/pages\/9237","targetHints":{"allow":["GET"]}}],"collection":[{"href":"https:\/\/aura-istanbul.com\/index.php\/wp-json\/wp\/v2\/pages"}],"about":[{"href":"https:\/\/aura-istanbul.com\/index.php\/wp-json\/wp\/v2\/types\/page"}],"author":[{"embeddable":true,"href":"https:\/\/aura-istanbul.com\/index.php\/wp-json\/wp\/v2\/users\/7"}],"replies":[{"embeddable":true,"href":"https:\/\/aura-istanbul.com\/index.php\/wp-json\/wp\/v2\/comments?post=9237"}],"version-history":[{"count":2,"href":"https:\/\/aura-istanbul.com\/index.php\/wp-json\/wp\/v2\/pages\/9237\/revisions"}],"predecessor-version":[{"id":15128,"href":"https:\/\/aura-istanbul.com\/index.php\/wp-json\/wp\/v2\/pages\/9237\/revisions\/15128"}],"wp:attachment":[{"href":"https:\/\/aura-istanbul.com\/index.php\/wp-json\/wp\/v2\/media?parent=9237"}],"curies":[{"name":"wp","href":"https:\/\/api.w.org\/{rel}","templated":true}]}}