{"id":9887,"date":"2022-02-15T16:03:31","date_gmt":"2022-02-15T13:03:31","guid":{"rendered":"https:\/\/aura-istanbul.com\/?page_id=9887"},"modified":"2025-09-23T20:43:55","modified_gmt":"2025-09-23T17:43:55","slug":"aura-alumni-manas-demirkasimoglu","status":"publish","type":"page","link":"https:\/\/aura-istanbul.com\/index.php\/aura-alumni-manas-demirkasimoglu\/","title":{"rendered":"AURA Alumni: Manas Demirkas\u0131mo\u011flu"},"content":{"rendered":"<div class=\"wpb-content-wrapper\"><p>[vc_section][vc_row][vc_column width=&#8221;1\/6&#8243;][vc_single_image image=&#8221;9893&#8243; img_size=&#8221;large&#8221; alignment=&#8221;center&#8221;][vc_empty_space][vc_column_text]<strong>Manas Demirkas\u0131mo\u011flu<\/strong>[\/vc_column_text][vc_empty_space height=&#8221;16px&#8221;][vc_column_text]Mimar<br \/>\nTED \u00dcniversitesi<\/p>\n<p>G\u00fcz 2021<br \/>\nDan\u0131\u015fman: Carlos Zarco Sanz &#8211; Zuhal Kol[\/vc_column_text][vc_empty_space][\/vc_column][vc_column width=&#8221;2\/3&#8243;][vc_column_text]<\/p>\n<p style=\"text-align: left;\"><strong>Firuza\u011fa\u2019da Heterotopik Bir Y\u00fcr\u00fcy\u00fc\u015f<\/strong><\/p>\n<p>[\/vc_column_text][vc_column_text]Bu \u00e7al\u0131\u015fma, g\u00fcndelik hayat pratiklerini ve kentsel ya\u015fam\u0131 inceleyerek i\u00e7inde bulundu\u011fumuz ayn\u0131la\u015fma ve rutinin y\u00fckseli\u015fi durumunu anlamak, sorular sormak ve cevaplamaya \u00e7al\u0131\u015fmak amac\u0131yla haz\u0131rlanm\u0131\u015ft\u0131r. K\u00fcresel bir s\u00fcre\u00e7 olan homojenle\u015fmenin getirdi\u011fi \u201cayn\u0131la\u015fma\u201dya kar\u015f\u0131 farkl\u0131 kimlikler ve seslerle ortaya \u00e7\u0131kan kent mekan\u0131n\u0131 payla\u015fma\/ kullan\u0131m \u00e7at\u0131\u015fmalar\u0131 incelenmeye \u00e7al\u0131\u015f\u0131lm\u0131\u015ft\u0131r. \u00c7al\u0131\u015fma alan\u0131 olarak \u0130stanbul\u2019un kozmopolit \u00e7ekirde\u011fi olan Beyo\u011flu\u2019nun Tophane semtindeki Firuza\u011fa Mahallesi se\u00e7ilmi\u015ftir.<\/p>\n<p>Foucault\u2019un \u201c\u00d6teki Mekanlara Dair\u201d makalesinde kavramsalla\u015ft\u0131rd\u0131\u011f\u0131 heterotopya kavram\u0131 temel al\u0131narak mahalle \u00f6l\u00e7e\u011finde teorik bilginin kar\u015f\u0131l\u0131\u011f\u0131 aranmaya ve \u00e7at\u0131\u015fma dinamikleri ile ili\u015fkilendirilmeye \u00e7al\u0131\u015f\u0131lm\u0131\u015ft\u0131r. Heterotopyalar, \u201c\u00f6teki\u201d olma olas\u0131l\u0131klar\u0131n\u0131n \u00f6n\u00fcn\u00fc a\u00e7ar. Farkl\u0131 olas\u0131l\u0131klara, seslere, insanlara yer a\u00e7mas\u0131yla temsil alternatifleri artt\u0131k\u00e7a bu alanlarda \u00e7at\u0131\u015fma artar. Farkl\u0131la\u015fma aray\u0131\u015ft\u0131r, dengenin bulunmas\u0131 i\u00e7in \u00f6nemli ad\u0131md\u0131r. Bu noktada da heterotopyalar\u0131n toplumsal dinamiklerin olu\u015fmas\u0131ndaki yeri farkl\u0131l\u0131\u011f\u0131n \u00e7arpt\u0131\u011f\u0131 zihnin veya duygunun tetikledi\u011fi yarat\u0131m zorunlulu\u011funun \u00e7\u0131kt\u0131lar\u0131 ile artan sesliliklerden nedenli \u00f6nemlidir.<\/p>\n<p>\u015eehirler ya\u015fayan organizmalar gibidir, ya\u015fam\u0131n\u0131 s\u00fcrd\u00fcrebilmesi i\u00e7in baz\u0131 metabolik s\u00fcre\u00e7lerden ge\u00e7erler. Bu nokta da ana tema olarak belirlenmi\u015f metabolik ke\u015fifler \u00e7al\u0131\u015fmaya genel bir \u00e7er\u00e7eve \u00e7izmi\u015ftir. \u015eehirde bulunan sosyal, k\u00fclt\u00fcrel ve politik d\u00f6ng\u00fcler incelenerek berlirlenmi\u015f alandaki g\u00f6r\u00fcnen ve g\u00f6r\u00fcnmeyen dinamikler incelenmeye \u00e7al\u0131\u015f\u0131lm\u0131\u015ft\u0131r.[\/vc_column_text][vc_empty_space][vc_gallery interval=&#8221;10&#8243; images=&#8221;9888,9889,9890,9891,9892&#8243; img_size=&#8221;full&#8221;][\/vc_column][vc_column width=&#8221;1\/6&#8243;][vc_single_image image=&#8221;9894&#8243; img_size=&#8221;full&#8221; alignment=&#8221;center&#8221; style=&#8221;vc_box_border&#8221; onclick=&#8221;custom_link&#8221; img_link_target=&#8221;_blank&#8221;][vc_empty_space height=&#8221;16px&#8221;][vc_row_inner][vc_column_inner][\/vc_column_inner][\/vc_row_inner][vc_row_inner][vc_column_inner width=&#8221;2\/3&#8243;][\/vc_column_inner][vc_column_inner width=&#8221;1\/3&#8243;][\/vc_column_inner][\/vc_row_inner][\/vc_column][\/vc_row][\/vc_section]<\/p>\n<\/div>","protected":false},"excerpt":{"rendered":"<p>[vc_section][vc_row][vc_column width=&#8221;1\/6&#8243;][vc_single_image image=&#8221;9893&#8243; img_size=&#8221;large&#8221; alignment=&#8221;center&#8221;][vc_empty_space][vc_column_text]Manas Demirkas\u0131mo\u011flu[\/vc_column_text][vc_empty_space height=&#8221;16px&#8221;][vc_column_text]Mimar TED \u00dcniversitesi G\u00fcz 2021 Dan\u0131\u015fman: Carlos Zarco Sanz &#8211; Zuhal Kol[\/vc_column_text][vc_empty_space][\/vc_column][vc_column width=&#8221;2\/3&#8243;][vc_column_text] Firuza\u011fa\u2019da Heterotopik Bir Y\u00fcr\u00fcy\u00fc\u015f [\/vc_column_text][vc_column_text]Bu \u00e7al\u0131\u015fma, g\u00fcndelik hayat pratiklerini ve kentsel [&hellip;]<\/p>\n","protected":false},"author":7,"featured_media":0,"parent":0,"menu_order":0,"comment_status":"closed","ping_status":"closed","template":"","meta":{"_acf_changed":false,"_seopress_robots_primary_cat":"","_seopress_titles_title":"Firuza\u011fa\u2019da Heterotopik Bir Y\u00fcr\u00fcy\u00fc\u015f, Manas Demirkas\u0131mo\u011flu | %%sitetitle%%","_seopress_titles_desc":"Bu \u00e7al\u0131\u015fma, g\u00fcndelik hayat pratiklerini ve kentsel ya\u015fam\u0131 inceleyerek i\u00e7inde bulundu\u011fumuz ayn\u0131la\u015fma ve rutinin y\u00fckseli\u015fi durumunu anlamak, sorular sormak ve cevaplamaya \u00e7al\u0131\u015fmak amac\u0131yla haz\u0131rlanm\u0131\u015ft\u0131r.","_seopress_robots_index":"","_price":"","_stock":"","_tribe_ticket_header":"","_tribe_default_ticket_provider":"","_tribe_ticket_capacity":"0","_ticket_start_date":"","_ticket_end_date":"","_tribe_ticket_show_description":"","_tribe_ticket_show_not_going":false,"_tribe_ticket_use_global_stock":"","_tribe_ticket_global_stock_level":"","_global_stock_mode":"","_global_stock_cap":"","_tribe_rsvp_for_event":"","_tribe_ticket_going_count":"","_tribe_ticket_not_going_count":"","_tribe_tickets_list":"[]","_tribe_ticket_has_attendee_info_fields":false,"_EventAllDay":false,"_EventTimezone":"","_EventStartDate":"","_EventEndDate":"","_EventStartDateUTC":"","_EventEndDateUTC":"","_EventShowMap":false,"_EventShowMapLink":false,"_EventURL":"","_EventCost":"","_EventCostDescription":"","_EventCurrencySymbol":"","_EventCurrencyCode":"","_EventCurrencyPosition":"","_EventDateTimeSeparator":"","_EventTimeRangeSeparator":"","_EventOrganizerID":[],"_EventVenueID":[],"_OrganizerEmail":"","_OrganizerPhone":"","_OrganizerWebsite":"","_VenueAddress":"","_VenueCity":"","_VenueCountry":"","_VenueProvince":"","_VenueState":"","_VenueZip":"","_VenuePhone":"","_VenueURL":"","_VenueStateProvince":"","_VenueLat":"","_VenueLng":"","_VenueShowMap":false,"_VenueShowMapLink":false,"footnotes":"","_tec_slr_enabled":"","_tec_slr_layout":""},"class_list":["post-9887","page","type-page","status-publish","hentry"],"acf":[],"ticketed":false,"_links":{"self":[{"href":"https:\/\/aura-istanbul.com\/index.php\/wp-json\/wp\/v2\/pages\/9887","targetHints":{"allow":["GET"]}}],"collection":[{"href":"https:\/\/aura-istanbul.com\/index.php\/wp-json\/wp\/v2\/pages"}],"about":[{"href":"https:\/\/aura-istanbul.com\/index.php\/wp-json\/wp\/v2\/types\/page"}],"author":[{"embeddable":true,"href":"https:\/\/aura-istanbul.com\/index.php\/wp-json\/wp\/v2\/users\/7"}],"replies":[{"embeddable":true,"href":"https:\/\/aura-istanbul.com\/index.php\/wp-json\/wp\/v2\/comments?post=9887"}],"version-history":[{"count":2,"href":"https:\/\/aura-istanbul.com\/index.php\/wp-json\/wp\/v2\/pages\/9887\/revisions"}],"predecessor-version":[{"id":15170,"href":"https:\/\/aura-istanbul.com\/index.php\/wp-json\/wp\/v2\/pages\/9887\/revisions\/15170"}],"wp:attachment":[{"href":"https:\/\/aura-istanbul.com\/index.php\/wp-json\/wp\/v2\/media?parent=9887"}],"curies":[{"name":"wp","href":"https:\/\/api.w.org\/{rel}","templated":true}]}}